-- Table structure for table `mdl_mnet_service`
--

CREATE TABLE `mdl_mnet_service` (
  `id` bigint(10) NOT NULL AUTO_INCREMENT,
  `name` varchar(40) NOT NULL DEFAULT '',
  `description` varchar(40) NOT NULL DEFAULT '',
  `apiversion` varchar(10) NOT NULL DEFAULT '',
  `offer` tinyint(1) NOT NULL DEFAULT '0',
  PRIMARY KEY (`id`)
) ENGINE=InnoDB AUTO_INCREMENT=5 DEFAULT CHARSET=utf8 COMMENT='A service is a group of functions';

--
-- Dumping data for table `mdl_mnet_service`
--

INSERT INTO `mdl_mnet_service` VALUES (1,'sso_idp','','1',1),(2,'sso_sp','','1',1),(3,'mnet_enrol','','1',1),(4,'pf','','1',1);

--
-- Table structure for table `mdl_mnet_service2rpc`
--

CREATE TABLE `mdl_mnet_service2rpc` (
  `id` bigint(10) NOT NULL AUTO_INCREMENT,
  `serviceid` bigint(10) NOT NULL DEFAULT '0',
  `rpcid` bigint(10) NOT NULL DEFAULT '0',
  PRIMARY KEY (`id`),
  UNIQUE KEY `mdl_mnetserv_rpcser_uix` (`rpcid`,`serviceid`)
) ENGINE=InnoDB AUTO_INCREMENT=16 DEFAULT CHARSET=utf8 COMMENT='Group functions or methods under a service';

--
-- Dumping data for table `mdl_mnet_service2rpc`
--

INSERT INTO `mdl_mnet_service2rpc` VALUES (1,1,1),(2,1,2),(3,1,3),(4,1,4),(5,1,5),(6,1,6),(7,1,7),(8,2,8),(9,2,9),(10,3,10),(11,3,11),(12,3,12),(13,3,13),(14,3,14),(15,4,15);

--
-- Table structure for table `mdl_mnet_session`
--

CREATE TABLE `mdl_mnet_session` (
  `id` bigint(10) NOT NULL AUTO_INCREMENT,
  `userid` bigint(10) NOT NULL DEFAULT '0',
  `username` varchar(100) NOT NULL DEFAULT '',
  `token` varchar(40) NOT NULL DEFAULT '',
  `mnethostid` bigint(10) NOT NULL DEFAULT '0',
  `useragent` varchar(40) NOT NULL DEFAULT '',
  `confirm_timeout` bigint(10) NOT NULL DEFAULT '0',
  `session_id` varchar(40) NOT NULL DEFAULT '',
  `expires` bigint(10) NOT NULL DEFAULT '0',
  PRIMARY KEY (`id`),
  UNIQUE KEY `mdl_mnetsess_tok_uix` (`token`)
) ENGINE=InnoDB DEFAULT CHARSET=utf8 COMMENT='Store session data from users migrating to other sites';

--
-- Dumping data for table `mdl_mnet_session`
--


--
-- Table structure for table `mdl_mnet_sso_access_control`
--

CREATE TABLE `mdl_mnet_sso_access_control` (
  `id` bigint(10) NOT NULL AUTO_INCREMENT,
  `username` varchar(100) NOT NULL DEFAULT '',
  `mnet_host_id` bigint(10) NOT NULL DEFAULT '0',
  `accessctrl` varchar(20) NOT NULL DEFAULT 'allow',
  PRIMARY KEY (`id`),
  UNIQUE KEY `mdl_mnetssoaccecont_mneuse_uix` (`mnet_host_id`,`username`)
) ENGINE=InnoDB DEFAULT CHARSET=utf8 COMMENT='Users by host permitted (or not) to login from a remote prov';

--
-- Dumping data for table `mdl_mnet_sso_access_control`
--


--
-- Table structure for table `mdl_mnetservice_enrol_courses`
--

CREATE TABLE `mdl_mnetservice_enrol_courses` (
  `id` bigint(10) NOT NULL AUTO_INCREMENT,
  `hostid` bigint(10) NOT NULL,
  `remoteid` bigint(10) NOT NULL,
  `categoryid` bigint(10) NOT NULL,
  `categoryname` varchar(255) NOT NULL DEFAULT '',
  `sortorder` bigint(10) NOT NULL DEFAULT '0',
  `fullname` varchar(254) NOT NULL DEFAULT '',
  `shortname` varchar(100) NOT NULL DEFAULT '',
  `idnumber` varchar(100) NOT NULL DEFAULT '',
  `summary` longtext NOT NULL,
  `summaryformat` smallint(3) DEFAULT '0',
  `startdate` bigint(10) NOT NULL,
  `roleid` bigint(10) NOT NULL,
  `rolename` varchar(255) NOT NULL DEFAULT '',
  PRIMARY KEY (`id`),
  UNIQUE KEY `mdl_mnetenrocour_hosrem_uix` (`hostid`,`remoteid`)
) ENGINE=InnoDB DEFAULT CHARSET=utf8 COMMENT='Caches the information fetched via XML-RPC about courses on ';

--
-- Dumping data for table `mdl_mnetservice_enrol_courses`
--


--
-- Table structure for table `mdl_mnetservice_enrol_enrolments`
--

CREATE TABLE `mdl_mnetservice_enrol_enrolments` (
  `id` bigint(10) NOT NULL AUTO_INCREMENT,
  `hostid` bigint(10) NOT NULL,
  `userid` bigint(10) NOT NULL,
  `remotecourseid` bigint(10) NOT NULL,
  `rolename` varchar(255) NOT NULL DEFAULT '',
  `enroltime` bigint(10) NOT NULL DEFAULT '0',
  `enroltype` varchar(20) NOT NULL DEFAULT '',
  PRIMARY KEY (`id`),
  KEY `mdl_mnetenroenro_use_ix` (`userid`),
  KEY `mdl_mnetenroenro_hos_ix` (`hostid`)
) ENGINE=InnoDB DEFAULT CHARSET=utf8 COMMENT='Caches the information about enrolments of our local users i';

--
-- Dumping data for table `mdl_mnetservice_enrol_enrolments`
--


--
-- Table structure for table `mdl_modules`
--

CREATE TABLE `mdl_modules` (
  `id` bigint(10) NOT NULL AUTO_INCREMENT,
  `name` varchar(20) NOT NULL DEFAULT '',
  `cron` bigint(10) NOT NULL DEFAULT '0',
  `lastcron` bigint(10) NOT NULL DEFAULT '0',
  `search` varchar(255) NOT NULL DEFAULT '',
  `visible` tinyint(1) NOT NULL DEFAULT '1',
  PRIMARY KEY (`id`),
  KEY `mdl_modu_nam_ix` (`name`)
) ENGINE=InnoDB AUTO_INCREMENT=26 DEFAULT CHARSET=utf8 COMMENT='modules available in the site';

--
-- Dumping data for table `mdl_modules`
--

INSERT INTO `mdl_modules` VALUES (1,'assign',60,1449708542,'',1),(2,'assignment',60,0,'',0),(3,'book',0,0,'',1),(4,'chat',300,1449708482,'',1),(5,'choice',0,0,'',1),(6,'data',0,0,'',1),(7,'feedback',0,0,'',0),(8,'folder',0,0,'',1),(9,'forum',0,0,'',1),(10,'glossary',0,0,'',1),(11,'imscp',0,0,'',1),(12,'label',0,0,'',1),(13,'lesson',0,0,'',1),(14,'lti',0,0,'',1),(15,'page',0,0,'',1),(16,'quiz',60,1449708542,'',1),(17,'resource',0,0,'',1),(18,'scorm',300,1449708482,'',1),(19,'survey',0,0,'',1),(20,'url',0,0,'',1),(21,'wiki',0,0,'',1),(22,'workshop',60,1449708542,'',1),(23,'socialwiki',0,0,'',1),(24,'certificate',0,0,'',1),(25,'checklist',60,1449708542,'',1);

--
-- Table structure for table `mdl_my_pages`
--

CREATE TABLE `mdl_my_pages` (
  `id` bigint(10) NOT NULL AUTO_INCREMENT,
  `userid` bigint(10) DEFAULT '0',
  `name` varchar(200) NOT NULL DEFAULT '',
  `private` tinyint(1) NOT NULL DEFAULT '1',
  `sortorder` mediumint(6) NOT NULL DEFAULT '0',
  PRIMARY KEY (`id`),
  KEY `mdl_mypage_usepri_ix` (`userid`,`private`)
) ENGINE=InnoDB AUTO_INCREMENT=12 DEFAULT CHARSET=utf8 COMMENT='Extra user pages for the My Moodle system';

--
-- Dumping data for table `mdl_my_pages`
--

INSERT INTO `mdl_my_pages` VALUES (1,NULL,'__default',0,0),(2,NULL,'__default',1,0),(3,2,'__default',1,0),(4,3,'__default',1,0),(5,4,'__default',0,0),(6,5,'__default',1,0),(7,5,'__default',0,0),(8,6,'__default',1,0),(9,6,'__default',0,0),(10,8,'__default',1,0),(11,10,'__default',1,0);

--
-- Table structure for table `mdl_page`
--

CREATE TABLE `mdl_page` (
  `id` bigint(10) NOT NULL AUTO_INCREMENT,
  `course` bigint(10) NOT NULL DEFAULT '0',
  `name` varchar(255) NOT NULL DEFAULT '',
  `intro` longtext,
  `introformat` smallint(4) NOT NULL DEFAULT '0',
  `content` longtext,
  `contentformat` smallint(4) NOT NULL DEFAULT '0',
  `legacyfiles` smallint(4) NOT NULL DEFAULT '0',
  `legacyfileslast` bigint(10) DEFAULT NULL,
  `display` smallint(4) NOT NULL DEFAULT '0',
  `displayoptions` longtext,
  `revision` bigint(10) NOT NULL DEFAULT '0',
  `timemodified` bigint(10) NOT NULL DEFAULT '0',
  PRIMARY KEY (`id`),
  KEY `mdl_page_cou_ix` (`course`)
) ENGINE=InnoDB DEFAULT CHARSET=utf8 COMMENT='Each record is one page and its config data';

--
-- Dumping data for table `mdl_page`
--


--
-- Table structure for table `mdl_portfolio_instance`
--

CREATE TABLE `mdl_portfolio_instance` (
  `id` bigint(10) NOT NULL AUTO_INCREMENT,
  `plugin` varchar(50) NOT NULL DEFAULT '',
  `name` varchar(255) NOT NULL DEFAULT '',
  `visible` tinyint(1) NOT NULL DEFAULT '1',
  PRIMARY KEY (`id`)
) ENGINE=InnoDB DEFAULT CHARSET=utf8 COMMENT='base table (not including config data) for instances of port';

--
-- Dumping data for table `mdl_portfolio_instance`
--


--
-- Table structure for table `mdl_portfolio_instance_config`
--

CREATE TABLE `mdl_portfolio_instance_config` (
  `id` bigint(10) NOT NULL AUTO_INCREMENT,
  `instance` bigint(10) NOT NULL,
  `name` varchar(255) NOT NULL DEFAULT '',
  `value` longtext,
  PRIMARY KEY (`id`),
  KEY `mdl_portinstconf_nam_ix` (`name`),
  KEY `mdl_portinstconf_ins_ix` (`instance`)
) ENGINE=InnoDB DEFAULT CHARSET=utf8 COMMENT='config for portfolio plugin instances';

--
-- Dumping data for table `mdl_portfolio_instance_config`
--


--
-- Table structure for table `mdl_portfolio_instance_user`
--

CREATE TABLE `mdl_portfolio_instance_user` (
  `id` bigint(10) NOT NULL AUTO_INCREMENT,
  `instance` bigint(10) NOT NULL,
  `userid` bigint(10) NOT NULL,
  `name` varchar(255) NOT NULL DEFAULT '',
  `value` longtext,
  PRIMARY KEY (`id`),
  KEY `mdl_portinstuser_ins_ix` (`instance`),
  KEY `mdl_portinstuser_use_ix` (`userid`)
) ENGINE=InnoDB DEFAULT CHARSET=utf8 COMMENT='user data for portfolio instances.';

--
-- Dumping data for table `mdl_portfolio_instance_user`
--


--
-- Table structure for table `mdl_portfolio_log`
--

CREATE TABLE `mdl_portfolio_log` (
  `id` bigint(10) NOT NULL AUTO_INCREMENT,
  `userid` bigint(10) NOT NULL,
  `time` bigint(10) NOT NULL,
  `portfolio` bigint(10) NOT NULL,
  `caller_class` varchar(150) NOT NULL DEFAULT '',
  `caller_file` varchar(255) NOT NULL DEFAULT '',
  `caller_component` varchar(255) DEFAULT NULL,
  `caller_sha1` varchar(255) NOT NULL DEFAULT '',
  `tempdataid` bigint(10) NOT NULL DEFAULT '0',
  `returnurl` varchar(255) NOT NULL DEFAULT '',
  `continueurl` varchar(255) NOT NULL DEFAULT '',
  PRIMARY KEY (`id`),
  KEY `mdl_portlog_use_ix` (`userid`),
  KEY `mdl_portlog_por_ix` (`portfolio`)
) ENGINE=InnoDB DEFAULT CHARSET=utf8 COMMENT='log of portfolio transfers (used to later check for duplicat';

--
-- Dumping data for table `mdl_portfolio_log`
--


--
-- Table structure for table `mdl_portfolio_mahara_queue`
--

CREATE TABLE `mdl_portfolio_mahara_queue` (
  `id` bigint(10) NOT NULL AUTO_INCREMENT,
  `transferid` bigint(10) NOT NULL,
  `token` varchar(50) NOT NULL DEFAULT '',
  PRIMARY KEY (`id`),
  KEY `mdl_portmahaqueu_tok_ix` (`token`),
  KEY `mdl_portmahaqueu_tra_ix` (`transferid`)
) ENGINE=InnoDB DEFAULT CHARSET=utf8 COMMENT='maps mahara tokens to transfer ids';

--
-- Dumping data for table `mdl_portfolio_mahara_queue`
--


--
-- Table structure for table `mdl_portfolio_tempdata`
--

CREATE TABLE `mdl_portfolio_tempdata` (
  `id` bigint(10) NOT NULL AUTO_INCREMENT,
  `data` longtext,
  `expirytime` bigint(10) NOT NULL,
  `userid` bigint(10) NOT NULL,
  `instance` bigint(10) DEFAULT '0',
  `queued` tinyint(1) NOT NULL DEFAULT '0',
  PRIMARY KEY (`id`),
  KEY `mdl_porttemp_use_ix` (`userid`),
  KEY `mdl_porttemp_ins_ix` (`instance`)
) ENGINE=InnoDB DEFAULT CHARSET=utf8 COMMENT='stores temporary data for portfolio exports. the id of this ';

--
-- Dumping data for table `mdl_portfolio_tempdata`
--


--
-- Table structure for table `mdl_post`
--

CREATE TABLE `mdl_post` (
  `id` bigint(10) NOT NULL AUTO_INCREMENT,
  `module` varchar(20) NOT NULL DEFAULT '',
  `userid` bigint(10) NOT NULL DEFAULT '0',
  `courseid` bigint(10) NOT NULL DEFAULT '0',
  `groupid` bigint(10) NOT NULL DEFAULT '0',
  `moduleid` bigint(10) NOT NULL DEFAULT '0',
  `coursemoduleid` bigint(10) NOT NULL DEFAULT '0',
  `subject` varchar(128) NOT NULL DEFAULT '',
  `summary` longtext,
  `content` longtext,
  `uniquehash` varchar(255) NOT NULL DEFAULT '',
  `rating` bigint(10) NOT NULL DEFAULT '0',
  `format` bigint(10) NOT NULL DEFAULT '0',
  `summaryformat` tinyint(2) NOT NULL DEFAULT '0',
  `attachment` varchar(100) DEFAULT NULL,
  `publishstate` varchar(20) NOT NULL DEFAULT 'draft',
  `lastmodified` bigint(10) NOT NULL DEFAULT '0',
  `created` bigint(10) NOT NULL DEFAULT '0',
  `usermodified` bigint(10) DEFAULT NULL,
  PRIMARY KEY (`id`),
  UNIQUE KEY `mdl_post_iduse_uix` (`id`,`userid`),
  KEY `mdl_post_las_ix` (`lastmodified`),
  KEY `mdl_post_mod_ix` (`module`),
  KEY `mdl_post_sub_ix` (`subject`),
  KEY `mdl_post_use_ix` (`usermodified`)
) ENGINE=InnoDB DEFAULT CHARSET=utf8 COMMENT='Generic post table to hold data blog entries etc in differen';

--
-- Dumping data for table `mdl_post`
--


--
-- Table structure for table `mdl_profiling`
--

CREATE TABLE `mdl_profiling` (
  `id` bigint(10) NOT NULL AUTO_INCREMENT,
  `runid` varchar(32) NOT NULL DEFAULT '',
  `url` varchar(255) NOT NULL DEFAULT '',
  `data` longtext NOT NULL,
  `totalexecutiontime` bigint(10) NOT NULL,
  `totalcputime` bigint(10) NOT NULL,
  `totalcalls` bigint(10) NOT NULL,
  `totalmemory` bigint(10) NOT NULL,
  `runreference` tinyint(2) NOT NULL DEFAULT '0',
  `runcomment` varchar(255) NOT NULL DEFAULT '',
  `timecreated` bigint(10) NOT NULL,
  PRIMARY KEY (`id`),
  UNIQUE KEY `mdl_prof_run_uix` (`runid`),
  KEY `mdl_prof_urlrun_ix` (`url`,`runreference`),
  KEY `mdl_prof_timrun_ix` (`timecreated`,`runreference`)
) ENGINE=InnoDB DEFAULT CHARSET=utf8 COMMENT='Stores the results of all the profiling runs';

--
-- Dumping data for table `mdl_profiling`
--


--
-- Table structure for table `mdl_qtype_essay_options`
--

CREATE TABLE `mdl_qtype_essay_options` (
  `id` bigint(10) NOT NULL AUTO_INCREMENT,
  `questionid` bigint(10) NOT NULL,
  `responseformat` varchar(16) NOT NULL DEFAULT 'editor',
  `responserequired` tinyint(2) NOT NULL DEFAULT '1',
  `responsefieldlines` smallint(4) NOT NULL DEFAULT '15',
  `attachments` smallint(4) NOT NULL DEFAULT '0',
  `attachmentsrequired` smallint(4) NOT NULL DEFAULT '0',
  `graderinfo` longtext,
  `graderinfoformat` smallint(4) NOT NULL DEFAULT '0',
  `responsetemplate` longtext,
  `responsetemplateformat` smallint(4) NOT NULL DEFAULT '0',
  PRIMARY KEY (`id`),
  UNIQUE KEY `mdl_qtypessaopti_que_uix` (`questionid`)
) ENGINE=InnoDB DEFAULT CHARSET=utf8 COMMENT='Extra options for essay questions.';

--
-- Dumping data for table `mdl_qtype_essay_options`
--


--
-- Table structure for table `mdl_qtype_match_options`
--

CREATE TABLE `mdl_qtype_match_options` (
  `id` bigint(10) NOT NULL AUTO_INCREMENT,
  `questionid` bigint(10) NOT NULL DEFAULT '0',
  `shuffleanswers` smallint(4) NOT NULL DEFAULT '1',
  `correctfeedback` longtext NOT NULL,
  `correctfeedbackformat` tinyint(2) NOT NULL DEFAULT '0',
  `partiallycorrectfeedback` longtext NOT NULL,
  `partiallycorrectfeedbackformat` tinyint(2) NOT NULL DEFAULT '0',
  `incorrectfeedback` longtext NOT NULL,
  `incorrectfeedbackformat` tinyint(2) NOT NULL DEFAULT '0',
  `shownumcorrect` tinyint(2) NOT NULL DEFAULT '0',
  PRIMARY KEY (`id`),
  UNIQUE KEY `mdl_qtypmatcopti_que_uix` (`questionid`)
) ENGINE=InnoDB DEFAULT CHARSET=utf8 COMMENT='Defines the question-type specific options for matching ques';

--
-- Dumping data for table `mdl_qtype_match_options`
--


--
-- Table structure for table `mdl_qtype_match_subquestions`
--

CREATE TABLE `mdl_qtype_match_subquestions` (
  `id` bigint(10) NOT NULL AUTO_INCREMENT,
  `questionid` bigint(10) NOT NULL DEFAULT '0',
  `questiontext` longtext NOT NULL,
  `questiontextformat` tinyint(2) NOT NULL DEFAULT '0',
  `answertext` varchar(255) NOT NULL DEFAULT '',
  PRIMARY KEY (`id`),
  KEY `mdl_qtypmatcsubq_que_ix` (`questionid`)
) ENGINE=InnoDB DEFAULT CHARSET=utf8 COMMENT='The subquestions that make up a matching question';

--
-- Dumping data for table `mdl_qtype_match_subquestions`
--


--
-- Table structure for table `mdl_qtype_multichoice_options`
--

CREATE TABLE `mdl_qtype_multichoice_options` (
  `id` bigint(10) NOT NULL AUTO_INCREMENT,
  `questionid` bigint(10) NOT NULL DEFAULT '0',
  `layout` smallint(4) NOT NULL DEFAULT '0',
  `single` smallint(4) NOT NULL DEFAULT '0',
  `shuffleanswers` smallint(4) NOT NULL DEFAULT '1',
  `correctfeedback` longtext NOT NULL,
  `correctfeedbackformat` tinyint(2) NOT NULL DEFAULT '0',
  `partiallycorrectfeedback` longtext NOT NULL,
  `partiallycorrectfeedbackformat` tinyint(2) NOT NULL DEFAULT '0',
  `incorrectfeedback` longtext NOT NULL,
  `incorrectfeedbackformat` tinyint(2) NOT NULL DEFAULT '0',
  `answernumbering` varchar(10) NOT NULL DEFAULT 'abc',
  `shownumcorrect` tinyint(2) NOT NULL DEFAULT '0',
  PRIMARY KEY (`id`),
  UNIQUE KEY `mdl_qtypmultopti_que_uix` (`questionid`)
) ENGINE=InnoDB DEFAULT CHARSET=utf8 COMMENT='Options for multiple choice questions';

--
-- Dumping data for table `mdl_qtype_multichoice_options`
--


--
-- Table structure for table `mdl_qtype_randomsamatch_options`
--

CREATE TABLE `mdl_qtype_randomsamatch_options` (
  `id` bigint(10) NOT NULL AUTO_INCREMENT,
  `questionid` bigint(10) NOT NULL DEFAULT '0',
  `choose` bigint(10) NOT NULL DEFAULT '4',
  `subcats` tinyint(2) NOT NULL DEFAULT '1',
  `correctfeedback` longtext NOT NULL,
  `correctfeedbackformat` tinyint(2) NOT NULL DEFAULT '0',
  `partiallycorrectfeedback` longtext NOT NULL,
  `partiallycorrectfeedbackformat` tinyint(2) NOT NULL DEFAULT '0',
  `incorrectfeedback` longtext NOT NULL,
  `incorrectfeedbackformat` tinyint(2) NOT NULL DEFAULT '0',
  `shownumcorrect` tinyint(2) NOT NULL DEFAULT '0',
  PRIMARY KEY (`id`),
  UNIQUE KEY `mdl_qtyprandopti_que_uix` (`questionid`)
) ENGINE=InnoDB DEFAULT CHARSET=utf8 COMMENT='Info about a random short-answer matching question';

--
-- Dumping data for table `mdl_qtype_randomsamatch_options`
--


--
-- Table structure for table `mdl_qtype_shortanswer_options`
--

CREATE TABLE `mdl_qtype_shortanswer_options` (
  `id` bigint(10) NOT NULL AUTO_INCREMENT,
  `questionid` bigint(10) NOT NULL DEFAULT '0',
  `usecase` tinyint(2) NOT NULL DEFAULT '0',
  PRIMARY KEY (`id`),
  UNIQUE KEY `mdl_qtypshoropti_que_uix` (`questionid`)
) ENGINE=InnoDB DEFAULT CHARSET=utf8 COMMENT='Options for short answer questions';

--
-- Dumping data for table `mdl_qtype_shortanswer_options`
--


--
-- Table structure for table `mdl_question`
--

CREATE TABLE `mdl_question` (
  `id` bigint(10) NOT NULL AUTO_INCREMENT,
  `category` bigint(10) NOT NULL DEFAULT '0',
  `parent` bigint(10) NOT NULL DEFAULT '0',
  `name` varchar(255) NOT NULL DEFAULT '',
  `questiontext` longtext NOT NULL,
  `questiontextformat` tinyint(2) NOT NULL DEFAULT '0',
  `generalfeedback` longtext NOT NULL,
  `generalfeedbackformat` tinyint(2) NOT NULL DEFAULT '0',
  `defaultmark` decimal(12,7) NOT NULL DEFAULT '1.0000000',
  `penalty` decimal(12,7) NOT NULL DEFAULT '0.3333333',
  `qtype` varchar(20) NOT NULL DEFAULT '',
  `length` bigint(10) NOT NULL DEFAULT '1',
  `stamp` varchar(255) NOT NULL DEFAULT '',
  `version` varchar(255) NOT NULL DEFAULT '',
  `hidden` tinyint(1) NOT NULL DEFAULT '0',
  `timecreated` bigint(10) NOT NULL DEFAULT '0',
  `timemodified` bigint(10) NOT NULL DEFAULT '0',
  `createdby` bigint(10) DEFAULT NULL,
  `modifiedby` bigint(10) DEFAULT NULL,
  PRIMARY KEY (`id`),
  KEY `mdl_ques_cat_ix` (`category`),
  KEY `mdl_ques_par_ix` (`parent`),
  KEY `mdl_ques_cre_ix` (`createdby`),
  KEY `mdl_ques_mod_ix` (`modifiedby`)
) ENGINE=InnoDB DEFAULT CHARSET=utf8 COMMENT='The questions themselves';

--
-- Dumping data for table `mdl_question`
--


--
-- Table structure for table `mdl_question_answers`
--

CREATE TABLE `mdl_question_answers` (
  `id` bigint(10) NOT NULL AUTO_INCREMENT,
  `question` bigint(10) NOT NULL DEFAULT '0',
  `answer` longtext NOT NULL,
  `answerformat` tinyint(2) NOT NULL DEFAULT '0',
  `fraction` decimal(12,7) NOT NULL DEFAULT '0.0000000',
  `feedback` longtext NOT NULL,
  `feedbackformat` tinyint(2) NOT NULL DEFAULT '0',
  PRIMARY KEY (`id`),
  KEY `mdl_quesansw_que_ix` (`question`)
) ENGINE=InnoDB DEFAULT CHARSET=utf8 COMMENT='Answers, with a fractional grade (0-1) and feedback';

--
-- Dumping data for table `mdl_question_answers`
--


--
-- Table structure for table `mdl_question_attempt_step_data`
--

CREATE TABLE `mdl_question_attempt_step_data` (
  `id` bigint(10) NOT NULL AUTO_INCREMENT,
  `attemptstepid` bigint(10) NOT NULL,
  `name` varchar(32) NOT NULL DEFAULT '',
  `value` longtext,
  PRIMARY KEY (`id`),
  UNIQUE KEY `mdl_quesattestepdata_attna_uix` (`attemptstepid`,`name`),
  KEY `mdl_quesattestepdata_att_ix` (`attemptstepid`)
) ENGINE=InnoDB DEFAULT CHARSET=utf8 COMMENT='Each question_attempt_step has an associative array of the d';

--
-- Dumping data for table `mdl_question_attempt_step_data`
--


--
-- Table structure for table `mdl_question_attempt_steps`
--

CREATE TABLE `mdl_question_attempt_steps` (
  `id` bigint(10) NOT NULL AUTO_INCREMENT,
  `questionattemptid` bigint(10) NOT NULL,
  `sequencenumber` bigint(10) NOT NULL,
  `state` varchar(13) NOT NULL DEFAULT '',
  `fraction` decimal(12,7) DEFAULT NULL,
  `timecreated` bigint(10) NOT NULL,
  `userid` bigint(10) DEFAULT NULL,
  PRIMARY KEY (`id`),
  UNIQUE KEY `mdl_quesattestep_queseq_uix` (`questionattemptid`,`sequencenumber`),
  KEY `mdl_quesattestep_que_ix` (`questionattemptid`),
  KEY `mdl_quesattestep_use_ix` (`userid`)
) ENGINE=InnoDB DEFAULT CHARSET=utf8 COMMENT='Stores one step in in a question attempt. As well as the dat';

--
-- Dumping data for table `mdl_question_attempt_steps`
--


--
-- Table structure for table `mdl_question_attempts`
--

CREATE TABLE `mdl_question_attempts` (
  `id` bigint(10) NOT NULL AUTO_INCREMENT,
  `questionusageid` bigint(10) NOT NULL,
  `slot` bigint(10) NOT NULL,
  `behaviour` varchar(32) NOT NULL DEFAULT '',
  `questionid` bigint(10) NOT NULL,
  `variant` bigint(10) NOT NULL DEFAULT '1',
  `maxmark` decimal(12,7) NOT NULL,
  `minfraction` decimal(12,7) NOT NULL,
  `maxfraction` decimal(12,7) NOT NULL DEFAULT '1.0000000',
  `flagged` tinyint(1) NOT NULL DEFAULT '0',
  `questionsummary` longtext,
  `rightanswer` longtext,
  `responsesummary` longtext,
  `timemodified` bigint(10) NOT NULL,
  PRIMARY KEY (`id`),
  UNIQUE KEY `mdl_quesatte_queslo_uix` (`questionusageid`,`slot`),
  KEY `mdl_quesatte_beh_ix` (`behaviour`),
  KEY `mdl_quesatte_que_ix` (`questionid`),
  KEY `mdl_quesatte_que2_ix` (`questionusageid`)
) ENGINE=InnoDB DEFAULT CHARSET=utf8 COMMENT='Each row here corresponds to an attempt at one question, as ';

--
-- Dumping data for table `mdl_question_attempts`
--


--
-- Table structure for table `mdl_question_calculated`
--

CREATE TABLE `mdl_question_calculated` (
  `id` bigint(10) NOT NULL AUTO_INCREMENT,
  `question` bigint(10) NOT NULL DEFAULT '0',
  `answer` bigint(10) NOT NULL DEFAULT '0',
  `tolerance` varchar(20) NOT NULL DEFAULT '0.0',
  `tolerancetype` bigint(10) NOT NULL DEFAULT '1',
  `correctanswerlength` bigint(10) NOT NULL DEFAULT '2',
  `correctanswerformat` bigint(10) NOT NULL DEFAULT '2',
  PRIMARY KEY (`id`),
  KEY `mdl_quescalc_ans_ix` (`answer`),
  KEY `mdl_quescalc_que_ix` (`question`)
) ENGINE=InnoDB DEFAULT CHARSET=utf8 COMMENT='Options for questions of type calculated';

--
-- Dumping data for table `mdl_question_calculated`
--


--
-- Table structure for table `mdl_question_calculated_options`
--

CREATE TABLE `mdl_question_calculated_options` (
  `id` bigint(10) NOT NULL AUTO_INCREMENT,
  `question` bigint(10) NOT NULL DEFAULT '0',
  `synchronize` tinyint(2) NOT NULL DEFAULT '0',
  `single` smallint(4) NOT NULL DEFAULT '0',
  `shuffleanswers` smallint(4) NOT NULL DEFAULT '0',
  `correctfeedback` longtext,
  `correctfeedbackformat` tinyint(2) NOT NULL DEFAULT '0',
  `partiallycorrectfeedback` longtext,
  `partiallycorrectfeedbackformat` tinyint(2) NOT NULL DEFAULT '0',
  `incorrectfeedback` longtext,
  `incorrectfeedbackformat` tinyint(2) NOT NULL DEFAULT '0',
  `answernumbering` varchar(10) NOT NULL DEFAULT 'abc',
  `shownumcorrect` tinyint(2) NOT NULL DEFAULT '0',
  PRIMARY KEY (`id`),
  KEY `mdl_quescalcopti_que_ix` (`question`)
) ENGINE=InnoDB DEFAULT CHARSET=utf8 COMMENT='Options for questions of type calculated';

--
-- Dumping data for table `mdl_question_calculated_options`
--


--
-- Table structure for table `mdl_question_categories`
--

CREATE TABLE `mdl_question_categories` (
  `id` bigint(10) NOT NULL AUTO_INCREMENT,
  `name` varchar(255) NOT NULL DEFAULT '',
  `contextid` bigint(10) NOT NULL DEFAULT '0',
  `info` longtext NOT NULL,
  `infoformat` tinyint(2) NOT NULL DEFAULT '0',
  `stamp` varchar(255) NOT NULL DEFAULT '',
  `parent` bigint(10) NOT NULL DEFAULT '0',
  `sortorder` bigint(10) NOT NULL DEFAULT '999',
  PRIMARY KEY (`id`),
  KEY `mdl_quescate_con_ix` (`contextid`),
  KEY `mdl_quescate_par_ix` (`parent`)
) ENGINE=InnoDB DEFAULT CHARSET=utf8 COMMENT='Categories are for grouping questions';

--
-- Dumping data for table `mdl_question_categories`
--


--
-- Table structure for table `mdl_question_dataset_definitions`
--

CREATE TABLE `mdl_question_dataset_definitions` (
  `id` bigint(10) NOT NULL AUTO_INCREMENT,
  `category` bigint(10) NOT NULL DEFAULT '0',
  `name` varchar(255) NOT NULL DEFAULT '',
  `type` bigint(10) NOT NULL DEFAULT '0',
  `options` varchar(255) NOT NULL DEFAULT '',
  `itemcount` bigint(10) NOT NULL DEFAULT '0',
  PRIMARY KEY (`id`),
  KEY `mdl_quesdatadefi_cat_ix` (`category`)
) ENGINE=InnoDB DEFAULT CHARSET=utf8 COMMENT='Organises and stores properties for dataset items';

--
-- Dumping data for table `mdl_question_dataset_definitions`
--


--
-- Table structure for table `mdl_question_dataset_items`
--

CREATE TABLE `mdl_question_dataset_items` (
  `id` bigint(10) NOT NULL AUTO_INCREMENT,
  `definition` bigint(10) NOT NULL DEFAULT '0',
  `itemnumber` bigint(10) NOT NULL DEFAULT '0',
  `value` varchar(255) NOT NULL DEFAULT '',
  PRIMARY KEY (`id`),
  KEY `mdl_quesdataitem_def_ix` (`definition`)
) ENGINE=InnoDB DEFAULT CHARSET=utf8 COMMENT='Individual dataset items';

--
-- Dumping data for table `mdl_question_dataset_items`
--


--
-- Table structure for table `mdl_question_datasets`
--

CREATE TABLE `mdl_question_datasets` (
  `id` bigint(10) NOT NULL AUTO_INCREMENT,
  `question` bigint(10) NOT NULL DEFAULT '0',
  `datasetdefinition` bigint(10) NOT NULL DEFAULT '0',
  PRIMARY KEY (`id`),
  KEY `mdl_quesdata_quedat_ix` (`question`,`datasetdefinition`),
  KEY `mdl_quesdata_que_ix` (`question`),
  KEY `mdl_quesdata_dat_ix` (`datasetdefinition`)
) ENGINE=InnoDB DEFAULT CHARSET=utf8 COMMENT='Many-many relation between questions and dataset definitions';

--
-- Dumping data for table `mdl_question_datasets`
--


--
-- Table structure for table `mdl_question_hints`
--

CREATE TABLE `mdl_question_hints` (
  `id` bigint(10) NOT NULL AUTO_INCREMENT,
  `questionid` bigint(10) NOT NULL,
  `hint` longtext NOT NULL,
  `hintformat` smallint(4) NOT NULL DEFAULT '0',
  `shownumcorrect` tinyint(1) DEFAULT NULL,
  `clearwrong` tinyint(1) DEFAULT NULL,
  `options` varchar(255) DEFAULT NULL,
  PRIMARY KEY (`id`),
  KEY `mdl_queshint_que_ix` (`questionid`)
) ENGINE=InnoDB DEFAULT CHARSET=utf8 COMMENT='Stores the the part of the question definition that gives di';

--
-- Dumping data for table `mdl_question_hints`
--


--
-- Table structure for table `mdl_question_multianswer`
--

CREATE TABLE `mdl_question_multianswer` (
  `id` bigint(10) NOT NULL AUTO_INCREMENT,
  `question` bigint(10) NOT NULL DEFAULT '0',
  `sequence` longtext NOT NULL,
  PRIMARY KEY (`id`),
  KEY `mdl_quesmult_que_ix` (`question`)
) ENGINE=InnoDB DEFAULT CHARSET=utf8 COMMENT='Options for multianswer questions';

--
-- Dumping data for table `mdl_question_multianswer`
--


--
-- Table structure for table `mdl_question_numerical`
--

CREATE TABLE `mdl_question_numerical` (
  `id` bigint(10) NOT NULL AUTO_INCREMENT,
  `question` bigint(10) NOT NULL DEFAULT '0',
  `answer` bigint(10) NOT NULL DEFAULT '0',
  `tolerance` varchar(255) NOT NULL DEFAULT '0.0',
  PRIMARY KEY (`id`),
  KEY `mdl_quesnume_ans_ix` (`answer`),
  KEY `mdl_quesnume_que_ix` (`question`)
) ENGINE=InnoDB DEFAULT CHARSET=utf8 COMMENT='Options for numerical questions.';

--
-- Dumping data for table `mdl_question_numerical`
--


--
-- Table structure for table `mdl_question_numerical_options`
--

CREATE TABLE `mdl_question_numerical_options` (
  `id` bigint(10) NOT NULL AUTO_INCREMENT,
  `question` bigint(10) NOT NULL DEFAULT '0',
  `showunits` smallint(4) NOT NULL DEFAULT '0',
  `unitsleft` smallint(4) NOT NULL DEFAULT '0',
  `unitgradingtype` smallint(4) NOT NULL DEFAULT '0',
  `unitpenalty` decimal(12,7) NOT NULL DEFAULT '0.1000000',
  PRIMARY KEY (`id`),
  KEY `mdl_quesnumeopti_que_ix` (`question`)
) ENGINE=InnoDB DEFAULT CHARSET=utf8 COMMENT='Options for questions of type numerical This table is also u';

--
-- Dumping data for table `mdl_question_numerical_options`
--


--
-- Table structure for table `mdl_question_numerical_units`
--

CREATE TABLE `mdl_question_numerical_units` (
  `id` bigint(10) NOT NULL AUTO_INCREMENT,
  `question` bigint(10) NOT NULL DEFAULT '0',
  `multiplier` decimal(40,20) NOT NULL DEFAULT '1.00000000000000000000',
  `unit` varchar(50) NOT NULL DEFAULT '',
  PRIMARY KEY (`id`),
  UNIQUE KEY `mdl_quesnumeunit_queuni_uix` (`question`,`unit`),
  KEY `mdl_quesnumeunit_que_ix` (`question`)
) ENGINE=InnoDB DEFAULT CHARSET=utf8 COMMENT='Optional unit options for numerical questions. This table is';

--
-- Dumping data for table `mdl_question_numerical_units`
--


--
-- Table structure for table `mdl_question_response_analysis`
--

CREATE TABLE `mdl_question_response_analysis` (
  `id` bigint(10) NOT NULL AUTO_INCREMENT,
  `hashcode` varchar(40) NOT NULL DEFAULT '',
  `whichtries` varchar(255) NOT NULL DEFAULT '',
  `timemodified` bigint(10) NOT NULL,
  `questionid` bigint(10) NOT NULL,
  `variant` bigint(10) DEFAULT NULL,
  `subqid` varchar(100) NOT NULL DEFAULT '',
  `aid` varchar(100) DEFAULT NULL,
  `response` longtext,
  `credit` decimal(15,5) NOT NULL,
  PRIMARY KEY (`id`)
) ENGINE=InnoDB DEFAULT CHARSET=utf8 COMMENT='Analysis of student responses given to questions.';

--
-- Dumping data for table `mdl_question_response_analysis`
--


--
-- Table structure for table `mdl_question_response_count`
--

CREATE TABLE `mdl_question_response_count` (
  `id` bigint(10) NOT NULL AUTO_INCREMENT,
  `analysisid` bigint(10) NOT NULL,
  `try` bigint(10) NOT NULL,
  `rcount` bigint(10) NOT NULL,
  PRIMARY KEY (`id`),
  KEY `mdl_quesrespcoun_ana_ix` (`analysisid`)
) ENGINE=InnoDB DEFAULT CHARSET=utf8 COMMENT='Count for each responses for each try at a question.';

--
-- Dumping data for table `mdl_question_response_count`
--


--
-- Table structure for table `mdl_question_statistics`
--

CREATE TABLE `mdl_question_statistics` (
  `id` bigint(10) NOT NULL AUTO_INCREMENT,
  `hashcode` varchar(40) NOT NULL DEFAULT '',
  `timemodified` bigint(10) NOT NULL,
  `questionid` bigint(10) NOT NULL,
  `slot` bigint(10) DEFAULT NULL,
  `subquestion` smallint(4) NOT NULL,
  `variant` bigint(10) DEFAULT NULL,
  `s` bigint(10) NOT NULL DEFAULT '0',
  `effectiveweight` decimal(15,5) DEFAULT NULL,
  `negcovar` tinyint(2) NOT NULL DEFAULT '0',
  `discriminationindex` decimal(15,5) DEFAULT NULL,
  `discriminativeefficiency` decimal(15,5) DEFAULT NULL,
  `sd` decimal(15,10) DEFAULT NULL,
  `facility` decimal(15,10) DEFAULT NULL,
  `subquestions` longtext,
  `maxmark` decimal(12,7) DEFAULT NULL,
  `positions` longtext,
  `randomguessscore` decimal(12,7) DEFAULT NULL,
  PRIMARY KEY (`id`)
) ENGINE=InnoDB DEFAULT CHARSET=utf8 COMMENT='Statistics for individual questions used in an activity.';

--
-- Dumping data for table `mdl_question_statistics`
--


--
-- Table structure for table `mdl_question_truefalse`
--

CREATE TABLE `mdl_question_truefalse` (
  `id` bigint(10) NOT NULL AUTO_INCREMENT,
  `question` bigint(10) NOT NULL DEFAULT '0',
  `trueanswer` bigint(10) NOT NULL DEFAULT '0',
  `falseanswer` bigint(10) NOT NULL DEFAULT '0',
  PRIMARY KEY (`id`),
  KEY `mdl_questrue_que_ix` (`question`)
) ENGINE=InnoDB DEFAULT CHARSET=utf8 COMMENT='Options for True-False questions';

--
-- Dumping data for table `mdl_question_truefalse`
--


--
-- Table structure for table `mdl_question_usages`
--

CREATE TABLE `mdl_question_usages` (
  `id` bigint(10) NOT NULL AUTO_INCREMENT,
  `contextid` bigint(10) NOT NULL,
  `component` varchar(255) NOT NULL DEFAULT '',
  `preferredbehaviour` varchar(32) NOT NULL DEFAULT '',
  PRIMARY KEY (`id`),
  KEY `mdl_quesusag_con_ix` (`contextid`)
) ENGINE=InnoDB DEFAULT CHARSET=utf8 COMMENT='This table''s main purpose it to assign a unique id to each a';

--
-- Dumping data for table `mdl_question_usages`
--


--
-- Table structure for table `mdl_quiz`
--

CREATE TABLE `mdl_quiz` (
  `id` bigint(10) NOT NULL AUTO_INCREMENT,
  `course` bigint(10) NOT NULL DEFAULT '0',
  `name` varchar(255) NOT NULL DEFAULT '',
  `intro` longtext NOT NULL,
  `introformat` smallint(4) NOT NULL DEFAULT '0',
  `timeopen` bigint(10) NOT NULL DEFAULT '0',
  `timeclose` bigint(10) NOT NULL DEFAULT '0',
  `timelimit` bigint(10) NOT NULL DEFAULT '0',
  `overduehandling` varchar(16) NOT NULL DEFAULT 'autoabandon',
  `graceperiod` bigint(10) NOT NULL DEFAULT '0',
  `preferredbehaviour` varchar(32) NOT NULL DEFAULT '',
  `canredoquestions` smallint(4) NOT NULL DEFAULT '0',
  `attempts` mediumint(6) NOT NULL DEFAULT '0',
  `attemptonlast` smallint(4) NOT NULL DEFAULT '0',
  `grademethod` smallint(4) NOT NULL DEFAULT '1',
  `decimalpoints` smallint(4) NOT NULL DEFAULT '2',
  `questiondecimalpoints` smallint(4) NOT NULL DEFAULT '-1',
  `reviewattempt` mediumint(6) NOT NULL DEFAULT '0',
  `reviewcorrectness` mediumint(6) NOT NULL DEFAULT '0',
  `reviewmarks` mediumint(6) NOT NULL DEFAULT '0',
  `reviewspecificfeedback` mediumint(6) NOT NULL DEFAULT '0',
  `reviewgeneralfeedback` mediumint(6) NOT NULL DEFAULT '0',
  `reviewrightanswer` mediumint(6) NOT NULL DEFAULT '0',
  `reviewoverallfeedback` mediumint(6) NOT NULL DEFAULT '0',
  `questionsperpage` bigint(10) NOT NULL DEFAULT '0',
  `navmethod` varchar(16) NOT NULL DEFAULT 'free',
  `shuffleanswers` smallint(4) NOT NULL DEFAULT '0',
  `sumgrades` decimal(10,5) NOT NULL DEFAULT '0.00000',
  `grade` decimal(10,5) NOT NULL DEFAULT '0.00000',
  `timecreated` bigint(10) NOT NULL DEFAULT '0',
  `timemodified` bigint(10) NOT NULL DEFAULT '0',
  `password` varchar(255) NOT NULL DEFAULT '',
  `subnet` varchar(255) NOT NULL DEFAULT '',
  `browsersecurity` varchar(32) NOT NULL DEFAULT '',
  `delay1` bigint(10) NOT NULL DEFAULT '0',
  `delay2` bigint(10) NOT NULL DEFAULT '0',
  `showuserpicture` smallint(4) NOT NULL DEFAULT '0',
  `showblocks` smallint(4) NOT NULL DEFAULT '0',
  `completionattemptsexhausted` tinyint(1) DEFAULT '0',
  `completionpass` tinyint(1) DEFAULT '0',
  PRIMARY KEY (`id`),
  KEY `mdl_quiz_cou_ix` (`course`)
) ENGINE=InnoDB DEFAULT CHARSET=utf8 COMMENT='The settings for each quiz.';

--
-- Dumping data for table `mdl_quiz`
--


--
-- Table structure for table `mdl_quiz_attempts`
--

CREATE TABLE `mdl_quiz_attempts` (
  `id` bigint(10) NOT NULL AUTO_INCREMENT,
  `quiz` bigint(10) NOT NULL DEFAULT '0',
  `userid` bigint(10) NOT NULL DEFAULT '0',
  `attempt` mediumint(6) NOT NULL DEFAULT '0',
  `uniqueid` bigint(10) NOT NULL DEFAULT '0',
  `layout` longtext NOT NULL,
  `currentpage` bigint(10) NOT NULL DEFAULT '0',
  `preview` smallint(3) NOT NULL DEFAULT '0',
  `state` varchar(16) NOT NULL DEFAULT 'inprogress',
  `timestart` bigint(10) NOT NULL DEFAULT '0',
  `timefinish` bigint(10) NOT NULL DEFAULT '0',
  `timemodified` bigint(10) NOT NULL DEFAULT '0',
  `timecheckstate` bigint(10) DEFAULT '0',
  `sumgrades` decimal(10,5) DEFAULT NULL,
  PRIMARY KEY (`id`),
  UNIQUE KEY `mdl_quizatte_quiuseatt_uix` (`quiz`,`userid`,`attempt`),
  UNIQUE KEY `mdl_quizatte_uni_uix` (`uniqueid`),
  KEY `mdl_quizatte_statim_ix` (`state`,`timecheckstate`),
  KEY `mdl_quizatte_qui_ix` (`quiz`),
  KEY `mdl_quizatte_use_ix` (`userid`)
) ENGINE=InnoDB DEFAULT CHARSET=utf8 COMMENT='Stores users attempts at quizzes.';

--
-- Dumping data for table `mdl_quiz_attempts`
--


--
-- Table structure for table `mdl_quiz_feedback`
--

CREATE TABLE `mdl_quiz_feedback` (
  `id` bigint(10) NOT NULL AUTO_INCREMENT,
  `quizid` bigint(10) NOT NULL DEFAULT '0',
  `feedbacktext` longtext NOT NULL,
  `feedbacktextformat` tinyint(2) NOT NULL DEFAULT '0',
  `mingrade` decimal(10,5) NOT NULL DEFAULT '0.00000',
  `maxgrade` decimal(10,5) NOT NULL DEFAULT '0.00000',
  PRIMARY KEY (`id`),
  KEY `mdl_quizfeed_qui_ix` (`quizid`)
) ENGINE=InnoDB DEFAULT CHARSET=utf8 COMMENT='Feedback given to students based on which grade band their o';

--
-- Dumping data for table `mdl_quiz_feedback`
--


--
-- Table structure for table `mdl_quiz_grades`
--

CREATE TABLE `mdl_quiz_grades` (
  `id` bigint(10) NOT NULL AUTO_INCREMENT,
  `quiz` bigint(10) NOT NULL DEFAULT '0',
  `userid` bigint(10) NOT NULL DEFAULT '0',
  `grade` decimal(10,5) NOT NULL DEFAULT '0.00000',
  `timemodified` bigint(10) NOT NULL DEFAULT '0',
  PRIMARY KEY (`id`),
  KEY `mdl_quizgrad_use_ix` (`userid`),
  KEY `mdl_quizgrad_qui_ix` (`quiz`)
) ENGINE=InnoDB DEFAULT CHARSET=utf8 COMMENT='Stores the overall grade for each user on the quiz, based on';

--
-- Dumping data for table `mdl_quiz_grades`
--


--
-- Table structure for table `mdl_quiz_overrides`
--

CREATE TABLE `mdl_quiz_overrides` (
  `id` bigint(10) NOT NULL AUTO_INCREMENT,
  `quiz` bigint(10) NOT NULL DEFAULT '0',
  `groupid` bigint(10) DEFAULT NULL,
  `userid` bigint(10) DEFAULT NULL,
  `timeopen` bigint(10) DEFAULT NULL,
  `timeclose` bigint(10) DEFAULT NULL,
  `timelimit` bigint(10) DEFAULT NULL,
  `attempts` mediumint(6) DEFAULT NULL,
  `password` varchar(255) DEFAULT NULL,
  PRIMARY KEY (`id`),
  KEY `mdl_quizover_qui_ix` (`quiz`),
  KEY `mdl_quizover_gro_ix` (`groupid`),
  KEY `mdl_quizover_use_ix` (`userid`)
) ENGINE=InnoDB DEFAULT CHARSET=utf8 COMMENT='The overrides to quiz settings on a per-user and per-group b';

--
-- Dumping data for table `mdl_quiz_overrides`
--


--
-- Table structure for table `mdl_quiz_overview_regrades`
--

CREATE TABLE `mdl_quiz_overview_regrades` (
  `id` bigint(10) NOT NULL AUTO_INCREMENT,
  `questionusageid` bigint(10) NOT NULL,
  `slot` bigint(10) NOT NULL,
  `newfraction` decimal(12,7) DEFAULT NULL,
  `oldfraction` decimal(12,7) DEFAULT NULL,
  `regraded` smallint(4) NOT NULL,
  `timemodified` bigint(10) NOT NULL,
  PRIMARY KEY (`id`)
) ENGINE=InnoDB DEFAULT CHARSET=utf8 COMMENT='This table records which question attempts need regrading an';

--
-- Dumping data for table `mdl_quiz_overview_regrades`
--


--
-- Table structure for table `mdl_quiz_reports`
--

CREATE TABLE `mdl_quiz_reports` (
  `id` bigint(10) NOT NULL AUTO_INCREMENT,
  `name` varchar(255) DEFAULT NULL,
  `displayorder` bigint(10) NOT NULL,
  `capability` varchar(255) DEFAULT NULL,
  PRIMARY KEY (`id`),
  UNIQUE KEY `mdl_quizrepo_nam_uix` (`name`)
) ENGINE=InnoDB AUTO_INCREMENT=5 DEFAULT CHARSET=utf8 COMMENT='Lists all the installed quiz reports and their display order';

--
-- Dumping data for table `mdl_quiz_reports`
--

INSERT INTO `mdl_quiz_reports` VALUES (1,'grading',6000,'mod/quiz:grade'),(2,'overview',10000,NULL),(3,'responses',9000,NULL),(4,'statistics',8000,'quiz/statistics:view');

--
-- Table structure for table `mdl_quiz_sections`
--

CREATE TABLE `mdl_quiz_sections` (
  `id` bigint(10) NOT NULL AUTO_INCREMENT,
  `quizid` bigint(10) NOT NULL,
  `firstslot` bigint(10) NOT NULL,
  `heading` varchar(1333) DEFAULT NULL,
  `shufflequestions` smallint(4) NOT NULL DEFAULT '0',
  PRIMARY KEY (`id`),
  UNIQUE KEY `mdl_quizsect_quifir_uix` (`quizid`,`firstslot`),
  KEY `mdl_quizsect_qui_ix` (`quizid`)
) ENGINE=InnoDB DEFAULT CHARSET=utf8 COMMENT='Stores sections of a quiz with section name (heading), from ';

--
-- Dumping data for table `mdl_quiz_sections`
--


--
-- Table structure for table `mdl_quiz_slots`
--

CREATE TABLE `mdl_quiz_slots` (
  `id` bigint(10) NOT NULL AUTO_INCREMENT,
  `slot` bigint(10) NOT NULL,
  `quizid` bigint(10) NOT NULL DEFAULT '0',
  `page` bigint(10) NOT NULL,
  `requireprevious` smallint(4) NOT NULL DEFAULT '0',
  `questionid` bigint(10) NOT NULL DEFAULT '0',
  `maxmark` decimal(12,7) NOT NULL DEFAULT '0.0000000',
  PRIMARY KEY (`id`),
  UNIQUE KEY `mdl_quizslot_quislo_uix` (`quizid`,`slot`),
  KEY `mdl_quizslot_qui_ix` (`quizid`),
  KEY `mdl_quizslot_que_ix` (`questionid`)
) ENGINE=InnoDB DEFAULT CHARSET=utf8 COMMENT='Stores the question used in a quiz, with the order, and for ';

--
-- Dumping data for table `mdl_quiz_slots`
--


--
-- Table structure for table `mdl_quiz_statistics`
--

CREATE TABLE `mdl_quiz_statistics` (
  `id` bigint(10) NOT NULL AUTO_INCREMENT,
  `hashcode` varchar(40) NOT NULL DEFAULT '',
  `whichattempts` smallint(4) NOT NULL,
  `timemodified` bigint(10) NOT NULL,
  `firstattemptscount` bigint(10) NOT NULL,
  `highestattemptscount` bigint(10) NOT NULL,
  `lastattemptscount` bigint(10) NOT NULL,
  `allattemptscount` bigint(10) NOT NULL,
  `firstattemptsavg` decimal(15,5) DEFAULT NULL,
  `highestattemptsavg` decimal(15,5) DEFAULT NULL,
  `lastattemptsavg` decimal(15,5) DEFAULT NULL,
  `allattemptsavg` decimal(15,5) DEFAULT NULL,
  `median` decimal(15,5) DEFAULT NULL,
  `standarddeviation` decimal(15,5) DEFAULT NULL,
  `skewness` decimal(15,10) DEFAULT NULL,
  `kurtosis` decimal(15,5) DEFAULT NULL,
  `cic` decimal(15,10) DEFAULT NULL,
  `errorratio` decimal(15,10) DEFAULT NULL,
  `standarderror` decimal(15,10) DEFAULT NULL,
  PRIMARY KEY (`id`)
) ENGINE=InnoDB DEFAULT CHARSET=utf8 COMMENT='table to cache results from analysis done in statistics repo';

--
-- Dumping data for table `mdl_quiz_statistics`
--


--
-- Table structure for table `mdl_rating`
--

CREATE TABLE `mdl_rating` (
  `id` bigint(10) NOT NULL AUTO_INCREMENT,
  `contextid` bigint(10) NOT NULL,
  `component` varchar(100) NOT NULL DEFAULT '',
  `ratingarea` varchar(50) NOT NULL DEFAULT '',
  `itemid` bigint(10) NOT NULL,
  `scaleid` bigint(10) NOT NULL,
  `rating` bigint(10) NOT NULL,
  `userid` bigint(10) NOT NULL,
  `timecreated` bigint(10) NOT NULL,
  `timemodified` bigint(10) NOT NULL,
  PRIMARY KEY (`id`),
  KEY `mdl_rati_comratconite_ix` (`component`,`ratingarea`,`contextid`,`itemid`),
  KEY `mdl_rati_con_ix` (`contextid`),
  KEY `mdl_rati_use_ix` (`userid`)
) ENGINE=InnoDB DEFAULT CHARSET=utf8 COMMENT='moodle ratings';

--
-- Dumping data for table `mdl_rating`
--


--
-- Table structure for table `mdl_registration_hubs`
--

CREATE TABLE `mdl_registration_hubs` (
  `id` bigint(10) NOT NULL AUTO_INCREMENT,
  `token` varchar(255) NOT NULL DEFAULT '',
  `hubname` varchar(255) NOT NULL DEFAULT '',
  `huburl` varchar(255) NOT NULL DEFAULT '',
  `confirmed` tinyint(1) NOT NULL DEFAULT '0',
  `secret` varchar(255) DEFAULT NULL,
  `timemodified` bigint(10) NOT NULL DEFAULT '0',
  PRIMARY KEY (`id`)
) ENGINE=InnoDB DEFAULT CHARSET=utf8 COMMENT='hub where the site is registered on with their associated to';

--
-- Dumping data for table `mdl_registration_hubs`
--


--
-- Table structure for table `mdl_repository`
--

CREATE TABLE `mdl_repository` (
  `id` bigint(10) NOT NULL AUTO_INCREMENT,
  `type` varchar(255) NOT NULL DEFAULT '',
  `visible` tinyint(1) DEFAULT '1',
  `sortorder` bigint(10) NOT NULL DEFAULT '0',
  PRIMARY KEY (`id`)
) ENGINE=InnoDB AUTO_INCREMENT=9 DEFAULT CHARSET=utf8 COMMENT='This table contains one entry for every configured external ';

--
-- Dumping data for table `mdl_repository`
--

INSERT INTO `mdl_repository` VALUES (1,'areafiles',1,1),(2,'local',1,2),(3,'recent',1,3),(4,'upload',1,4),(5,'url',1,5),(6,'user',1,6),(7,'wikimedia',1,7),(8,'youtube',1,8);

--
-- Table structure for table `mdl_repository_instance_config`
--

CREATE TABLE `mdl_repository_instance_config` (
  `id` bigint(10) NOT NULL AUTO_INCREMENT,
  `instanceid` bigint(10) NOT NULL,
  `name` varchar(255) NOT NULL DEFAULT '',
  `value` longtext,
  PRIMARY KEY (`id`)
) ENGINE=InnoDB DEFAULT CHARSET=utf8 COMMENT='The config for intances';

--
-- Dumping data for table `mdl_repository_instance_config`
--


--
-- Table structure for table `mdl_repository_instances`
--

CREATE TABLE `mdl_repository_instances` (
  `id` bigint(10) NOT NULL AUTO_INCREMENT,
  `name` varchar(255) NOT NULL DEFAULT '',
  `typeid` bigint(10) NOT NULL,
  `userid` bigint(10) NOT NULL DEFAULT '0',
  `contextid` bigint(10) NOT NULL,
  `username` varchar(255) DEFAULT NULL,
  `password` varchar(255) DEFAULT NULL,
  `timecreated` bigint(10) DEFAULT NULL,
  `timemodified` bigint(10) DEFAULT NULL,
  `readonly` tinyint(1) NOT NULL DEFAULT '0',
  PRIMARY KEY (`id`)
) ENGINE=InnoDB AUTO_INCREMENT=9 DEFAULT CHARSET=utf8 COMMENT='This table contains one entry for every configured external ';

--
-- Dumping data for table `mdl_repository_instances`
--

INSERT INTO `mdl_repository_instances` VALUES (1,'',1,0,1,NULL,NULL,1445488880,1445488880,0),(2,'',2,0,1,NULL,NULL,1445488883,1445488883,0),(3,'',3,0,1,NULL,NULL,1445488885,1445488885,0),(4,'',4,0,1,NULL,NULL,1445488886,1445488886,0),(5,'',5,0,1,NULL,NULL,1445488887,1445488887,0),(6,'',6,0,1,NULL,NULL,1445488888,1445488888,0),(7,'',7,0,1,NULL,NULL,1445488888,1445488888,0),(8,'',8,0,1,NULL,NULL,1445488889,1445488889,0);

--
-- Table structure for table `mdl_resource`
--

CREATE TABLE `mdl_resource` (
  `id` bigint(10) NOT NULL AUTO_INCREMENT,
  `course` bigint(10) NOT NULL DEFAULT '0',
  `name` varchar(255) NOT NULL DEFAULT '',
  `intro` longtext,
  `introformat` smallint(4) NOT NULL DEFAULT '0',
  `tobemigrated` smallint(4) NOT NULL DEFAULT '0',
  `legacyfiles` smallint(4) NOT NULL DEFAULT '0',
  `legacyfileslast` bigint(10) DEFAULT NULL,
  `display` smallint(4) NOT NULL DEFAULT '0',
  `displayoptions` longtext,
  `filterfiles` smallint(4) NOT NULL DEFAULT '0',
  `revision` bigint(10) NOT NULL DEFAULT '0',
  `timemodified` bigint(10) NOT NULL DEFAULT '0',
  PRIMARY KEY (`id`),
  KEY `mdl_reso_cou_ix` (`course`)
) ENGINE=InnoDB DEFAULT CHARSET=utf8 COMMENT='Each record is one resource and its config data';

--
-- Dumping data for table `mdl_resource`
--


--
-- Table structure for table `mdl_resource_old`
--

CREATE TABLE `mdl_resource_old` (
  `id` bigint(10) NOT NULL AUTO_INCREMENT,
  `course` bigint(10) NOT NULL DEFAULT '0',
  `name` varchar(255) NOT NULL DEFAULT '',
  `type` varchar(30) NOT NULL DEFAULT '',
  `reference` varchar(255) NOT NULL DEFAULT '',
  `intro` longtext,
  `introformat` smallint(4) NOT NULL DEFAULT '0',
  `alltext` longtext NOT NULL,
  `popup` longtext NOT NULL,
  `options` varchar(255) NOT NULL DEFAULT '',
  `timemodified` bigint(10) NOT NULL DEFAULT '0',
  `oldid` bigint(10) NOT NULL,
  `cmid` bigint(10) DEFAULT NULL,
  `newmodule` varchar(50) DEFAULT NULL,
  `newid` bigint(10) DEFAULT NULL,
  `migrated` bigint(10) NOT NULL DEFAULT '0',
  PRIMARY KEY (`id`),
  UNIQUE KEY `mdl_resoold_old_uix` (`oldid`),
  KEY `mdl_resoold_cmi_ix` (`cmid`)
) ENGINE=InnoDB DEFAULT CHARSET=utf8 COMMENT='backup of all old resource instances from 1.9';

--
-- Dumping data for table `mdl_resource_old`
--


--
-- Table structure for table `mdl_role`
--

CREATE TABLE `mdl_role` (
  `id` bigint(10) NOT NULL AUTO_INCREMENT,
  `name` varchar(255) NOT NULL DEFAULT '',
  `shortname` varchar(100) NOT NULL DEFAULT '',
  `description` longtext NOT NULL,
  `sortorder` bigint(10) NOT NULL DEFAULT '0',
  `archetype` varchar(30) NOT NULL DEFAULT '',
  PRIMARY KEY (`id`),
  UNIQUE KEY `mdl_role_sor_uix` (`sortorder`),
  UNIQUE KEY `mdl_role_sho_uix` (`shortname`)
) ENGINE=InnoDB AUTO_INCREMENT=9 DEFAULT CHARSET=utf8 COMMENT='moodle roles';

--
-- Dumping data for table `mdl_role`
--

INSERT INTO `mdl_role` VALUES (1,'','manager','',1,'manager'),(2,'','coursecreator','',2,'coursecreator'),(3,'','editingteacher','',3,'editingteacher'),(4,'','teacher','',4,'teacher'),(5,'','student','',5,'student'),(6,'','guest','',6,'guest'),(7,'','user','',7,'user'),(8,'','frontpage','',8,'frontpage');

--
-- Table structure for table `mdl_role_allow_assign`
--

CREATE TABLE `mdl_role_allow_assign` (
  `id` bigint(10) NOT NULL AUTO_INCREMENT,
  `roleid` bigint(10) NOT NULL DEFAULT '0',
  `allowassign` bigint(10) NOT NULL DEFAULT '0',
  PRIMARY KEY (`id`),
  UNIQUE KEY `mdl_rolealloassi_rolall_uix` (`roleid`,`allowassign`),
  KEY `mdl_rolealloassi_rol_ix` (`roleid`),
  KEY `mdl_rolealloassi_all_ix` (`allowassign`)
) ENGINE=InnoDB AUTO_INCREMENT=8 DEFAULT CHARSET=utf8 COMMENT='this defines what role can assign what role';

--
-- Dumping data for table `mdl_role_allow_assign`
--

INSERT INTO `mdl_role_allow_assign` VALUES (1,1,1),(2,1,2),(3,1,3),(4,1,4),(5,1,5),(6,3,4),(7,3,5);

--
-- Table structure for table `mdl_role_allow_override`
--

CREATE TABLE `mdl_role_allow_override` (
  `id` bigint(10) NOT NULL AUTO_INCREMENT,
  `roleid` bigint(10) NOT NULL DEFAULT '0',
  `allowoverride` bigint(10) NOT NULL DEFAULT '0',
  PRIMARY KEY (`id`),
  UNIQUE KEY `mdl_rolealloover_rolall_uix` (`roleid`,`allowoverride`),
  KEY `mdl_rolealloover_rol_ix` (`roleid`),
  KEY `mdl_rolealloover_all_ix` (`allowoverride`)
) ENGINE=InnoDB AUTO_INCREMENT=12 DEFAULT CHARSET=utf8 COMMENT='this defines what role can override what role';

--
-- Dumping data for table `mdl_role_allow_override`
--

INSERT INTO `mdl_role_allow_override` VALUES (1,1,1),(2,1,2),(3,1,3),(4,1,4),(5,1,5),(6,1,6),(7,1,7),(8,1,8),(9,3,4),(10,3,5),(11,3,6);

--
-- Table structure for table `mdl_role_allow_switch`
--

CREATE TABLE `mdl_role_allow_switch` (
  `id` bigint(10) NOT NULL AUTO_INCREMENT,
  `roleid` bigint(10) NOT NULL,
  `allowswitch` bigint(10) NOT NULL,
  PRIMARY KEY (`id`),
  UNIQUE KEY `mdl_rolealloswit_rolall_uix` (`roleid`,`allowswitch`),
  KEY `mdl_rolealloswit_rol_ix` (`roleid`),
  KEY `mdl_rolealloswit_all_ix` (`allowswitch`)
) ENGINE=InnoDB AUTO_INCREMENT=10 DEFAULT CHARSET=utf8 COMMENT='This table stores which which other roles a user is allowed ';

--
-- Dumping data for table `mdl_role_allow_switch`
--

INSERT INTO `mdl_role_allow_switch` VALUES (1,1,3),(2,1,4),(3,1,5),(4,1,6),(5,3,4),(6,3,5),(7,3,6),(8,4,5),(9,4,6);

--
-- Table structure for table `mdl_role_assignments`
--

CREATE TABLE `mdl_role_assignments` (
  `id` bigint(10) NOT NULL AUTO_INCREMENT,
  `roleid` bigint(10) NOT NULL DEFAULT '0',
  `contextid` bigint(10) NOT NULL DEFAULT '0',
  `userid` bigint(10) NOT NULL DEFAULT '0',
  `timemodified` bigint(10) NOT NULL DEFAULT '0',
  `modifierid` bigint(10) NOT NULL DEFAULT '0',
  `component` varchar(100) NOT NULL DEFAULT '',
  `itemid` bigint(10) NOT NULL DEFAULT '0',
  `sortorder` bigint(10) NOT NULL DEFAULT '0',
  PRIMARY KEY (`id`),
  KEY `mdl_roleassi_sor_ix` (`sortorder`),
  KEY `mdl_roleassi_rolcon_ix` (`roleid`,`contextid`),
  KEY `mdl_roleassi_useconrol_ix` (`userid`,`contextid`,`roleid`),
  KEY `mdl_roleassi_comiteuse_ix` (`component`,`itemid`,`userid`),
  KEY `mdl_roleassi_rol_ix` (`roleid`),
  KEY `mdl_roleassi_con_ix` (`contextid`),
  KEY `mdl_roleassi_use_ix` (`userid`)
) ENGINE=InnoDB AUTO_INCREMENT=6 DEFAULT CHARSET=utf8 COMMENT='assigning roles in different context';

--
-- Dumping data for table `mdl_role_assignments`
--

INSERT INTO `mdl_role_assignments` VALUES (1,5,405,2,1448336004,2,'',0,0),(2,5,405,5,1448336006,2,'',0,0),(3,5,405,6,1448336006,2,'',0,0),(4,5,405,7,1448336008,2,'',0,0),(5,5,405,3,1448336009,2,'',0,0);

--
-- Table structure for table `mdl_role_capabilities`
--

CREATE TABLE `mdl_role_capabilities` (
  `id` bigint(10) NOT NULL AUTO_INCREMENT,
  `contextid` bigint(10) NOT NULL DEFAULT '0',
  `roleid` bigint(10) NOT NULL DEFAULT '0',
  `capability` varchar(255) NOT NULL DEFAULT '',
  `permission` bigint(10) NOT NULL DEFAULT '0',
  `timemodified` bigint(10) NOT NULL DEFAULT '0',
  `modifierid` bigint(10) NOT NULL DEFAULT '0',
  PRIMARY KEY (`id`),
  UNIQUE KEY `mdl_rolecapa_rolconcap_uix` (`roleid`,`contextid`,`capability`),
  KEY `mdl_rolecapa_rol_ix` (`roleid`),
  KEY `mdl_rolecapa_con_ix` (`contextid`),
  KEY `mdl_rolecapa_mod_ix` (`modifierid`),
  KEY `mdl_rolecapa_cap_ix` (`capability`)
) ENGINE=InnoDB AUTO_INCREMENT=1353 DEFAULT CHARSET=utf8 COMMENT='permission has to be signed, overriding a capability for a p';

--
-- Dumping data for table `mdl_role_capabilities`
--

INSERT INTO `mdl_role_capabilities` VALUES (1,1,1,'moodle/site:readallmessages',1,1445488656,0),(2,1,3,'moodle/site:readallmessages',1,1445488656,0),(3,1,1,'moodle/site:sendmessage',1,1445488657,0),(4,1,7,'moodle/site:sendmessage',1,1445488657,0),(5,1,1,'moodle/site:approvecourse',1,1445488657,0),(6,1,3,'moodle/backup:backupcourse',1,1445488657,0),(7,1,1,'moodle/backup:backupcourse',1,1445488657,0),(8,1,3,'moodle/backup:backupsection',1,1445488657,0),(9,1,1,'moodle/backup:backupsection',1,1445488657,0),(10,1,3,'moodle/backup:backupactivity',1,1445488657,0),(11,1,1,'moodle/backup:backupactivity',1,1445488657,0),(12,1,3,'moodle/backup:backuptargethub',1,1445488657,0),(13,1,1,'moodle/backup:backuptargethub',1,1445488657,0),(14,1,3,'moodle/backup:backuptargetimport',1,1445488657,0),(15,1,1,'moodle/backup:backuptargetimport',1,1445488657,0),(16,1,3,'moodle/backup:downloadfile',1,1445488657,0),(17,1,1,'moodle/backup:downloadfile',1,1445488657,0),(18,1,3,'moodle/backup:configure',1,1445488658,0),(19,1,1,'moodle/backup:configure',1,1445488658,0),(20,1,1,'moodle/backup:userinfo',1,1445488658,0),(21,1,1,'moodle/backup:anonymise',1,1445488658,0),(22,1,3,'moodle/restore:restorecourse',1,1445488658,0),(23,1,1,'moodle/restore:restorecourse',1,1445488658,0),(24,1,3,'moodle/restore:restoresection',1,1445488658,0),(25,1,1,'moodle/restore:restoresection',1,1445488658,0),(26,1,3,'moodle/restore:restoreactivity',1,1445488658,0),(27,1,1,'moodle/restore:restoreactivity',1,1445488658,0),(28,1,3,'moodle/restore:restoretargethub',1,1445488658,0),(29,1,1,'moodle/restore:restoretargethub',1,1445488658,0),(30,1,3,'moodle/restore:restoretargetimport',1,1445488658,0),(31,1,1,'moodle/restore:restoretargetimport',1,1445488658,0),(32,1,3,'moodle/restore:uploadfile',1,1445488659,0),(33,1,1,'moodle/restore:uploadfile',1,1445488659,0),(34,1,3,'moodle/restore:configure',1,1445488659,0),(35,1,1,'moodle/restore:configure',1,1445488659,0),(36,1,2,'moodle/restore:rolldates',1,1445488659,0),(37,1,1,'moodle/restore:rolldates',1,1445488659,0),(38,1,1,'moodle/restore:userinfo',1,1445488659,0),(39,1,1,'moodle/restore:createuser',1,1445488659,0),(40,1,3,'moodle/site:manageblocks',1,1445488659,0),(41,1,1,'moodle/site:manageblocks',1,1445488659,0),(42,1,4,'moodle/site:accessallgroups',1,1445488659,0),(43,1,3,'moodle/site:accessallgroups',1,1445488659,0),(44,1,1,'moodle/site:accessallgroups',1,1445488659,0),(45,1,4,'moodle/site:viewfullnames',1,1445488660,0),(46,1,3,'moodle/site:viewfullnames',1,1445488660,0),(47,1,1,'moodle/site:viewfullnames',1,1445488660,0),(48,1,4,'moodle/site:viewuseridentity',1,1445488660,0),(49,1,3,'moodle/site:viewuseridentity',1,1445488660,0),(50,1,1,'moodle/site:viewuseridentity',1,1445488660,0),(51,1,4,'moodle/site:viewreports',1,1445488660,0),(52,1,3,'moodle/site:viewreports',1,1445488660,0),(53,1,1,'moodle/site:viewreports',1,1445488660,0),(54,1,3,'moodle/site:trustcontent',1,1445488660,0),(55,1,1,'moodle/site:trustcontent',1,1445488660,0),(56,1,1,'moodle/site:uploadusers',1,1445488660,0),(57,1,3,'moodle/filter:manage',1,1445488660,0),(58,1,1,'moodle/filter:manage',1,1445488660,0),(59,1,1,'moodle/user:create',1,1445488661,0),(60,1,1,'moodle/user:delete',1,1445488661,0),(61,1,1,'moodle/user:update',1,1445488661,0),(62,1,6,'moodle/user:viewdetails',1,1445488661,0),(63,1,5,'moodle/user:viewdetails',1,1445488661,0),(64,1,4,'moodle/user:viewdetails',1,1445488661,0),(65,1,3,'moodle/user:viewdetails',1,1445488661,0),(66,1,1,'moodle/user:viewdetails',1,1445488661,0),(67,1,1,'moodle/user:viewalldetails',1,1445488661,0),(68,1,1,'moodle/user:viewlastip',1,1445488661,0),(69,1,4,'moodle/user:viewhiddendetails',1,1445488661,0),(70,1,3,'moodle/user:viewhiddendetails',1,1445488662,0),(71,1,1,'moodle/user:viewhiddendetails',1,1445488662,0),(72,1,1,'moodle/user:loginas',1,1445488662,0),(73,1,1,'moodle/user:managesyspages',1,1445488662,0),(74,1,7,'moodle/user:manageownblocks',1,1445488663,0),(75,1,7,'moodle/user:manageownfiles',1,1445488663,0),(76,1,1,'moodle/my:configsyspages',1,1445488663,0),(77,1,3,'moodle/role:assign',1,1445488663,0),(78,1,1,'moodle/role:assign',1,1445488663,0),(79,1,4,'moodle/role:review',1,1445488663,0),(80,1,3,'moodle/role:review',1,1445488663,0),(81,1,1,'moodle/role:review',1,1445488663,0),(82,1,1,'moodle/role:override',1,1445488664,0),(83,1,3,'moodle/role:safeoverride',1,1445488664,0),(84,1,1,'moodle/role:manage',1,1445488664,0),(85,1,3,'moodle/role:switchroles',1,1445488664,0),(86,1,1,'moodle/role:switchroles',1,1445488664,0),(87,1,1,'moodle/category:manage',1,1445488664,0),(88,1,2,'moodle/category:viewhiddencategories',1,1445488664,0),(89,1,1,'moodle/category:viewhiddencategories',1,1445488664,0),(90,1,1,'moodle/cohort:manage',1,1445488664,0),(91,1,1,'moodle/cohort:assign',1,1445488664,0),(92,1,3,'moodle/cohort:view',1,1445488664,0),(93,1,1,'moodle/cohort:view',1,1445488664,0),(94,1,2,'moodle/course:create',1,1445488664,0),(95,1,1,'moodle/course:create',1,1445488664,0),(96,1,7,'moodle/course:request',1,1445488664,0),(97,1,1,'moodle/course:delete',1,1445488664,0),(98,1,3,'moodle/course:update',1,1445488665,0),(99,1,1,'moodle/course:update',1,1445488665,0),(100,1,1,'moodle/course:view',1,1445488665,0),(101,1,3,'moodle/course:enrolreview',1,1445488665,0),(102,1,1,'moodle/course:enrolreview',1,1445488665,0),(103,1,3,'moodle/course:enrolconfig',1,1445488665,0),(104,1,1,'moodle/course:enrolconfig',1,1445488665,0),(105,1,3,'moodle/course:reviewotherusers',1,1445488665,0),(106,1,1,'moodle/course:reviewotherusers',1,1445488665,0),(107,1,4,'moodle/course:bulkmessaging',1,1445488665,0),(108,1,3,'moodle/course:bulkmessaging',1,1445488665,0),(109,1,1,'moodle/course:bulkmessaging',1,1445488665,0),(110,1,4,'moodle/course:viewhiddenuserfields',1,1445488665,0),(111,1,3,'moodle/course:viewhiddenuserfields',1,1445488665,0),(112,1,1,'moodle/course:viewhiddenuserfields',1,1445488665,0),(113,1,2,'moodle/course:viewhiddencourses',1,1445488665,0),(114,1,4,'moodle/course:viewhiddencourses',1,1445488665,0),(115,1,3,'moodle/course:viewhiddencourses',1,1445488665,0),(116,1,1,'moodle/course:viewhiddencourses',1,1445488665,0),(117,1,3,'moodle/course:visibility',1,1445488665,0),(118,1,1,'moodle/course:visibility',1,1445488665,0),(119,1,3,'moodle/course:managefiles',1,1445488665,0),(120,1,1,'moodle/course:managefiles',1,1445488665,0),(121,1,3,'moodle/course:manageactivities',1,1445488666,0),(122,1,1,'moodle/course:manageactivities',1,1445488666,0),(123,1,3,'moodle/course:activityvisibility',1,1445488666,0),(124,1,1,'moodle/course:activityvisibility',1,1445488666,0),(125,1,4,'moodle/course:viewhiddenactivities',1,1445488666,0),(126,1,3,'moodle/course:viewhiddenactivities',1,1445488666,0),(127,1,1,'moodle/course:viewhiddenactivities',1,1445488666,0),(128,1,5,'moodle/course:viewparticipants',1,1445488666,0),(129,1,4,'moodle/course:viewparticipants',1,1445488666,0),(130,1,3,'moodle/course:viewparticipants',1,1445488666,0),(131,1,1,'moodle/course:viewparticipants',1,1445488666,0),(132,1,3,'moodle/course:changefullname',1,1445488666,0),(133,1,1,'moodle/course:changefullname',1,1445488666,0),(134,1,3,'moodle/course:changeshortname',1,1445488666,0),(135,1,1,'moodle/course:changeshortname',1,1445488666,0),(136,1,3,'moodle/course:changeidnumber',1,1445488666,0),(137,1,1,'moodle/course:changeidnumber',1,1445488666,0),(138,1,3,'moodle/course:changecategory',1,1445488667,0),(139,1,1,'moodle/course:changecategory',1,1445488667,0),(140,1,3,'moodle/course:changesummary',1,1445488667,0),(141,1,1,'moodle/course:changesummary',1,1445488667,0),(142,1,1,'moodle/site:viewparticipants',1,1445488667,0),(143,1,5,'moodle/course:isincompletionreports',1,1445488667,0),(144,1,5,'moodle/course:viewscales',1,1445488667,0),(145,1,4,'moodle/course:viewscales',1,1445488667,0),(146,1,3,'moodle/course:viewscales',1,1445488667,0),(147,1,1,'moodle/course:viewscales',1,1445488667,0),(148,1,3,'moodle/course:managescales',1,1445488667,0),(149,1,1,'moodle/course:managescales',1,1445488667,0),(150,1,3,'moodle/course:managegroups',1,1445488667,0),(151,1,1,'moodle/course:managegroups',1,1445488667,0),(152,1,3,'moodle/course:reset',1,1445488667,0),(153,1,1,'moodle/course:reset',1,1445488667,0),(154,1,3,'moodle/course:viewsuspendedusers',1,1445488668,0),(155,1,1,'moodle/course:viewsuspendedusers',1,1445488668,0),(156,1,6,'moodle/blog:view',1,1445488668,0),(157,1,7,'moodle/blog:view',1,1445488668,0),(158,1,5,'moodle/blog:view',1,1445488668,0),(159,1,4,'moodle/blog:view',1,1445488668,0),(160,1,3,'moodle/blog:view',1,1445488668,0),(161,1,1,'moodle/blog:view',1,1445488668,0),(162,1,6,'moodle/blog:search',1,1445488668,0),(163,1,7,'moodle/blog:search',1,1445488668,0),(164,1,5,'moodle/blog:search',1,1445488668,0),(165,1,4,'moodle/blog:search',1,1445488668,0),(166,1,3,'moodle/blog:search',1,1445488668,0),(167,1,1,'moodle/blog:search',1,1445488668,0),(168,1,1,'moodle/blog:viewdrafts',1,1445488668,0),(169,1,7,'moodle/blog:create',1,1445488668,0),(170,1,1,'moodle/blog:create',1,1445488668,0),(171,1,4,'moodle/blog:manageentries',1,1445488668,0),(172,1,3,'moodle/blog:manageentries',1,1445488668,0),(173,1,1,'moodle/blog:manageentries',1,1445488668,0),(174,1,5,'moodle/blog:manageexternal',1,1445488668,0),(175,1,7,'moodle/blog:manageexternal',1,1445488668,0),(176,1,4,'moodle/blog:manageexternal',1,1445488669,0),(177,1,3,'moodle/blog:manageexternal',1,1445488669,0),(178,1,1,'moodle/blog:manageexternal',1,1445488669,0),(179,1,7,'moodle/calendar:manageownentries',1,1445488669,0),(180,1,1,'moodle/calendar:manageownentries',1,1445488669,0),(181,1,4,'moodle/calendar:managegroupentries',1,1445488669,0),(182,1,3,'moodle/calendar:managegroupentries',1,1445488669,0),(183,1,1,'moodle/calendar:managegroupentries',1,1445488669,0),(184,1,4,'moodle/calendar:manageentries',1,1445488669,0),(185,1,3,'moodle/calendar:manageentries',1,1445488669,0),(186,1,1,'moodle/calendar:manageentries',1,1445488669,0),(187,1,1,'moodle/user:editprofile',1,1445488670,0),(188,1,6,'moodle/user:editownprofile',-1000,1445488670,0),(189,1,7,'moodle/user:editownprofile',1,1445488670,0),(190,1,1,'moodle/user:editownprofile',1,1445488670,0),(191,1,6,'moodle/user:changeownpassword',-1000,1445488670,0),(192,1,7,'moodle/user:changeownpassword',1,1445488670,0),(193,1,1,'moodle/user:changeownpassword',1,1445488670,0),(194,1,5,'moodle/user:readuserposts',1,1445488670,0),(195,1,4,'moodle/user:readuserposts',1,1445488670,0),(196,1,3,'moodle/user:readuserposts',1,1445488670,0),(197,1,1,'moodle/user:readuserposts',1,1445488670,0),(198,1,5,'moodle/user:readuserblogs',1,1445488670,0),(199,1,4,'moodle/user:readuserblogs',1,1445488670,0),(200,1,3,'moodle/user:readuserblogs',1,1445488670,0),(201,1,1,'moodle/user:readuserblogs',1,1445488670,0),(202,1,1,'moodle/user:editmessageprofile',1,1445488670,0),(203,1,6,'moodle/user:editownmessageprofile',-1000,1445488670,0),(204,1,7,'moodle/user:editownmessageprofile',1,1445488671,0),(205,1,1,'moodle/user:editownmessageprofile',1,1445488671,0),(206,1,3,'moodle/question:managecategory',1,1445488671,0),(207,1,1,'moodle/question:managecategory',1,1445488671,0),(208,1,3,'moodle/question:add',1,1445488671,0),(209,1,1,'moodle/question:add',1,1445488671,0),(210,1,3,'moodle/question:editmine',1,1445488671,0),(211,1,1,'moodle/question:editmine',1,1445488671,0),(212,1,3,'moodle/question:editall',1,1445488671,0),(213,1,1,'moodle/question:editall',1,1445488671,0),(214,1,3,'moodle/question:viewmine',1,1445488671,0),(215,1,1,'moodle/question:viewmine',1,1445488671,0),(216,1,3,'moodle/question:viewall',1,1445488671,0),(217,1,1,'moodle/question:viewall',1,1445488671,0),(218,1,3,'moodle/question:usemine',1,1445488672,0),(219,1,1,'moodle/question:usemine',1,1445488672,0),(220,1,3,'moodle/question:useall',1,1445488672,0),(221,1,1,'moodle/question:useall',1,1445488672,0),(222,1,3,'moodle/question:movemine',1,1445488672,0),(223,1,1,'moodle/question:movemine',1,1445488672,0),(224,1,3,'moodle/question:moveall',1,1445488672,0),(225,1,1,'moodle/question:moveall',1,1445488672,0),(226,1,1,'moodle/question:config',1,1445488672,0),(227,1,5,'moodle/question:flag',1,1445488672,0),(228,1,4,'moodle/question:flag',1,1445488672,0),(229,1,3,'moodle/question:flag',1,1445488672,0),(230,1,1,'moodle/question:flag',1,1445488672,0),(231,1,4,'moodle/site:doclinks',1,1445488672,0),(232,1,3,'moodle/site:doclinks',1,1445488672,0),(233,1,1,'moodle/site:doclinks',1,1445488672,0),(234,1,3,'moodle/course:sectionvisibility',1,1445488672,0),(235,1,1,'moodle/course:sectionvisibility',1,1445488672,0),(236,1,3,'moodle/course:useremail',1,1445488672,0),(237,1,1,'moodle/course:useremail',1,1445488672,0),(238,1,3,'moodle/course:viewhiddensections',1,1445488672,0),(239,1,1,'moodle/course:viewhiddensections',1,1445488672,0),(240,1,3,'moodle/course:setcurrentsection',1,1445488673,0),(241,1,1,'moodle/course:setcurrentsection',1,1445488673,0),(242,1,3,'moodle/course:movesections',1,1445488673,0),(243,1,1,'moodle/course:movesections',1,1445488673,0),(244,1,4,'moodle/grade:viewall',1,1445488673,0),(245,1,3,'moodle/grade:viewall',1,1445488673,0),(246,1,1,'moodle/grade:viewall',1,1445488673,0),(247,1,5,'moodle/grade:view',1,1445488673,0),(248,1,4,'moodle/grade:viewhidden',1,1445488673,0),(249,1,3,'moodle/grade:viewhidden',1,1445488673,0),(250,1,1,'moodle/grade:viewhidden',1,1445488673,0),(251,1,3,'moodle/grade:import',1,1445488673,0),(252,1,1,'moodle/grade:import',1,1445488673,0),(253,1,4,'moodle/grade:export',1,1445488673,0),(254,1,3,'moodle/grade:export',1,1445488673,0),(255,1,1,'moodle/grade:export',1,1445488673,0),(256,1,3,'moodle/grade:manage',1,1445488673,0),(257,1,1,'moodle/grade:manage',1,1445488673,0),(258,1,3,'moodle/grade:edit',1,1445488673,0),(259,1,1,'moodle/grade:edit',1,1445488673,0),(260,1,3,'moodle/grade:managegradingforms',1,1445488673,0),(261,1,1,'moodle/grade:managegradingforms',1,1445488673,0),(262,1,1,'moodle/grade:sharegradingforms',1,1445488673,0),(263,1,1,'moodle/grade:managesharedforms',1,1445488673,0),(264,1,3,'moodle/grade:manageoutcomes',1,1445488674,0),(265,1,1,'moodle/grade:manageoutcomes',1,1445488674,0),(266,1,3,'moodle/grade:manageletters',1,1445488674,0),(267,1,1,'moodle/grade:manageletters',1,1445488674,0),(268,1,3,'moodle/grade:hide',1,1445488674,0),(269,1,1,'moodle/grade:hide',1,1445488674,0),(270,1,3,'moodle/grade:lock',1,1445488674,0),(271,1,1,'moodle/grade:lock',1,1445488674,0),(272,1,3,'moodle/grade:unlock',1,1445488674,0),(273,1,1,'moodle/grade:unlock',1,1445488674,0),(274,1,7,'moodle/my:manageblocks',1,1445488674,0),(275,1,4,'moodle/notes:view',1,1445488674,0),(276,1,3,'moodle/notes:view',1,1445488674,0),(277,1,1,'moodle/notes:view',1,1445488674,0),(278,1,4,'moodle/notes:manage',1,1445488674,0),(279,1,3,'moodle/notes:manage',1,1445488674,0),(280,1,1,'moodle/notes:manage',1,1445488674,0),(281,1,4,'moodle/tag:manage',1,1445488674,0),(282,1,3,'moodle/tag:manage',1,1445488674,0),(283,1,1,'moodle/tag:manage',1,1445488674,0),(284,1,1,'moodle/tag:create',1,1445488674,0),(285,1,7,'moodle/tag:create',1,1445488674,0),(286,1,1,'moodle/tag:edit',1,1445488675,0),(287,1,7,'moodle/tag:edit',1,1445488675,0),(288,1,1,'moodle/tag:flag',1,1445488675,0),(289,1,7,'moodle/tag:flag',1,1445488675,0),(290,1,4,'moodle/tag:editblocks',1,1445488675,0),(291,1,3,'moodle/tag:editblocks',1,1445488675,0),(292,1,1,'moodle/tag:editblocks',1,1445488675,0),(293,1,6,'moodle/block:view',1,1445488675,0),(294,1,7,'moodle/block:view',1,1445488675,0),(295,1,5,'moodle/block:view',1,1445488675,0),(296,1,4,'moodle/block:view',1,1445488675,0),(297,1,3,'moodle/block:view',1,1445488675,0),(298,1,3,'moodle/block:edit',1,1445488675,0),(299,1,1,'moodle/block:edit',1,1445488675,0),(300,1,7,'moodle/portfolio:export',1,1445488675,0),(301,1,5,'moodle/portfolio:export',1,1445488675,0),(302,1,4,'moodle/portfolio:export',1,1445488675,0),(303,1,3,'moodle/portfolio:export',1,1445488675,0),(304,1,8,'moodle/comment:view',1,1445488675,0),(305,1,6,'moodle/comment:view',1,1445488676,0),(306,1,7,'moodle/comment:view',1,1445488676,0),(307,1,5,'moodle/comment:view',1,1445488676,0),(308,1,4,'moodle/comment:view',1,1445488676,0),(309,1,3,'moodle/comment:view',1,1445488676,0),(310,1,1,'moodle/comment:view',1,1445488676,0),(311,1,7,'moodle/comment:post',1,1445488676,0),(312,1,5,'moodle/comment:post',1,1445488676,0),(313,1,4,'moodle/comment:post',1,1445488676,0),(314,1,3,'moodle/comment:post',1,1445488676,0),(315,1,1,'moodle/comment:post',1,1445488676,0),(316,1,3,'moodle/comment:delete',1,1445488676,0),(317,1,1,'moodle/comment:delete',1,1445488676,0),(318,1,1,'moodle/webservice:createtoken',1,1445488676,0),(319,1,7,'moodle/webservice:createmobiletoken',1,1445488676,0),(320,1,7,'moodle/rating:view',1,1445488676,0),(321,1,5,'moodle/rating:view',1,1445488676,0),(322,1,4,'moodle/rating:view',1,1445488676,0),(323,1,3,'moodle/rating:view',1,1445488676,0),(324,1,1,'moodle/rating:view',1,1445488676,0),(325,1,7,'moodle/rating:viewany',1,1445488676,0),(326,1,5,'moodle/rating:viewany',1,1445488677,0),(327,1,4,'moodle/rating:viewany',1,1445488677,0),(328,1,3,'moodle/rating:viewany',1,1445488677,0),(329,1,1,'moodle/rating:viewany',1,1445488677,0),(330,1,7,'moodle/rating:viewall',1,1445488677,0),(331,1,5,'moodle/rating:viewall',1,1445488677,0),(332,1,4,'moodle/rating:viewall',1,1445488677,0),(333,1,3,'moodle/rating:viewall',1,1445488677,0),(334,1,1,'moodle/rating:viewall',1,1445488677,0),(335,1,7,'moodle/rating:rate',1,1445488677,0),(336,1,5,'moodle/rating:rate',1,1445488677,0),(337,1,4,'moodle/rating:rate',1,1445488677,0),(338,1,3,'moodle/rating:rate',1,1445488677,0),(339,1,1,'moodle/rating:rate',1,1445488677,0),(340,1,1,'moodle/course:publish',1,1445488677,0),(341,1,4,'moodle/course:markcomplete',1,1445488677,0),(342,1,3,'moodle/course:markcomplete',1,1445488677,0),(343,1,1,'moodle/course:markcomplete',1,1445488677,0),(344,1,1,'moodle/community:add',1,1445488677,0),(345,1,4,'moodle/community:add',1,1445488677,0),(346,1,3,'moodle/community:add',1,1445488677,0),(347,1,1,'moodle/community:download',1,1445488677,0),(348,1,3,'moodle/community:download',1,1445488677,0),(349,1,1,'moodle/badges:manageglobalsettings',1,1445488677,0),(350,1,7,'moodle/badges:viewbadges',1,1445488678,0),(351,1,7,'moodle/badges:manageownbadges',1,1445488678,0),(352,1,7,'moodle/badges:viewotherbadges',1,1445488678,0),(353,1,7,'moodle/badges:earnbadge',1,1445488678,0),(354,1,1,'moodle/badges:createbadge',1,1445488678,0),(355,1,3,'moodle/badges:createbadge',1,1445488678,0),(356,1,1,'moodle/badges:deletebadge',1,1445488678,0),(357,1,3,'moodle/badges:deletebadge',1,1445488678,0),(358,1,1,'moodle/badges:configuredetails',1,1445488678,0),(359,1,3,'moodle/badges:configuredetails',1,1445488678,0),(360,1,1,'moodle/badges:configurecriteria',1,1445488678,0),(361,1,3,'moodle/badges:configurecriteria',1,1445488678,0),(362,1,1,'moodle/badges:configuremessages',1,1445488678,0),(363,1,3,'moodle/badges:configuremessages',1,1445488678,0),(364,1,1,'moodle/badges:awardbadge',1,1445488678,0),(365,1,4,'moodle/badges:awardbadge',1,1445488678,0),(366,1,3,'moodle/badges:awardbadge',1,1445488678,0),(367,1,1,'moodle/badges:viewawarded',1,1445488678,0),(368,1,4,'moodle/badges:viewawarded',1,1445488678,0),(369,1,3,'moodle/badges:viewawarded',1,1445488678,0),(370,1,6,'mod/assign:view',1,1445488739,0),(371,1,5,'mod/assign:view',1,1445488739,0),(372,1,4,'mod/assign:view',1,1445488739,0),(373,1,3,'mod/assign:view',1,1445488739,0),(374,1,1,'mod/assign:view',1,1445488739,0),(375,1,5,'mod/assign:submit',1,1445488739,0),(376,1,4,'mod/assign:grade',1,1445488739,0),(377,1,3,'mod/assign:grade',1,1445488740,0),(378,1,1,'mod/assign:grade',1,1445488740,0),(379,1,4,'mod/assign:exportownsubmission',1,1445488740,0),(380,1,3,'mod/assign:exportownsubmission',1,1445488740,0),(381,1,1,'mod/assign:exportownsubmission',1,1445488740,0),(382,1,5,'mod/assign:exportownsubmission',1,1445488740,0),(383,1,3,'mod/assign:addinstance',1,1445488740,0),(384,1,1,'mod/assign:addinstance',1,1445488740,0),(385,1,4,'mod/assign:grantextension',1,1445488740,0),(386,1,3,'mod/assign:grantextension',1,1445488740,0),(387,1,1,'mod/assign:grantextension',1,1445488740,0),(388,1,3,'mod/assign:revealidentities',1,1445488740,0),(389,1,1,'mod/assign:revealidentities',1,1445488740,0),(390,1,3,'mod/assign:reviewgrades',1,1445488740,0),(391,1,1,'mod/assign:reviewgrades',1,1445488740,0),(392,1,3,'mod/assign:releasegrades',1,1445488740,0),(393,1,1,'mod/assign:releasegrades',1,1445488740,0),(394,1,3,'mod/assign:managegrades',1,1445488741,0),(395,1,1,'mod/assign:managegrades',1,1445488741,0),(396,1,3,'mod/assign:manageallocations',1,1445488741,0),(397,1,1,'mod/assign:manageallocations',1,1445488741,0),(398,1,3,'mod/assign:viewgrades',1,1445488741,0),(399,1,1,'mod/assign:viewgrades',1,1445488741,0),(400,1,4,'mod/assign:viewgrades',1,1445488741,0),(401,1,1,'mod/assign:viewblinddetails',1,1445488741,0),(402,1,4,'mod/assign:receivegradernotifications',1,1445488741,0),(403,1,3,'mod/assign:receivegradernotifications',1,1445488741,0),(404,1,1,'mod/assign:receivegradernotifications',1,1445488741,0),(405,1,6,'mod/assignment:view',1,1445488744,0),(406,1,5,'mod/assignment:view',1,1445488744,0),(407,1,4,'mod/assignment:view',1,1445488744,0),(408,1,3,'mod/assignment:view',1,1445488744,0),(409,1,1,'mod/assignment:view',1,1445488744,0),(410,1,3,'mod/assignment:addinstance',1,1445488744,0),(411,1,1,'mod/assignment:addinstance',1,1445488744,0),(412,1,5,'mod/assignment:submit',1,1445488744,0),(413,1,4,'mod/assignment:grade',1,1445488744,0),(414,1,3,'mod/assignment:grade',1,1445488745,0),(415,1,1,'mod/assignment:grade',1,1445488745,0),(416,1,4,'mod/assignment:exportownsubmission',1,1445488745,0),(417,1,3,'mod/assignment:exportownsubmission',1,1445488745,0),(418,1,1,'mod/assignment:exportownsubmission',1,1445488745,0),(419,1,5,'mod/assignment:exportownsubmission',1,1445488745,0),(420,1,3,'mod/book:addinstance',1,1445488746,0),(421,1,1,'mod/book:addinstance',1,1445488746,0),(422,1,6,'mod/book:read',1,1445488746,0),(423,1,8,'mod/book:read',1,1445488746,0),(424,1,5,'mod/book:read',1,1445488746,0),(425,1,4,'mod/book:read',1,1445488746,0),(426,1,3,'mod/book:read',1,1445488746,0),(427,1,1,'mod/book:read',1,1445488746,0),(428,1,4,'mod/book:viewhiddenchapters',1,1445488746,0),(429,1,3,'mod/book:viewhiddenchapters',1,1445488746,0),(430,1,1,'mod/book:viewhiddenchapters',1,1445488746,0),(431,1,3,'mod/book:edit',1,1445488746,0),(432,1,1,'mod/book:edit',1,1445488746,0),(433,1,3,'mod/chat:addinstance',1,1445488747,0),(434,1,1,'mod/chat:addinstance',1,1445488747,0),(435,1,5,'mod/chat:chat',1,1445488747,0),(436,1,4,'mod/chat:chat',1,1445488747,0),(437,1,3,'mod/chat:chat',1,1445488747,0),(438,1,1,'mod/chat:chat',1,1445488747,0),(439,1,5,'mod/chat:readlog',1,1445488747,0),(440,1,4,'mod/chat:readlog',1,1445488747,0),(441,1,3,'mod/chat:readlog',1,1445488747,0),(442,1,1,'mod/chat:readlog',1,1445488747,0),(443,1,4,'mod/chat:deletelog',1,1445488748,0),(444,1,3,'mod/chat:deletelog',1,1445488748,0),(445,1,1,'mod/chat:deletelog',1,1445488748,0),(446,1,4,'mod/chat:exportparticipatedsession',1,1445488748,0),(447,1,3,'mod/chat:exportparticipatedsession',1,1445488748,0),(448,1,1,'mod/chat:exportparticipatedsession',1,1445488748,0),(449,1,4,'mod/chat:exportsession',1,1445488748,0),(450,1,3,'mod/chat:exportsession',1,1445488748,0),(451,1,1,'mod/chat:exportsession',1,1445488748,0),(452,1,3,'mod/choice:addinstance',1,1445488749,0),(453,1,1,'mod/choice:addinstance',1,1445488749,0),(454,1,5,'mod/choice:choose',1,1445488750,0),(455,1,4,'mod/choice:choose',1,1445488750,0),(456,1,3,'mod/choice:choose',1,1445488750,0),(457,1,4,'mod/choice:readresponses',1,1445488750,0),(458,1,3,'mod/choice:readresponses',1,1445488750,0),(459,1,1,'mod/choice:readresponses',1,1445488750,0),(460,1,4,'mod/choice:deleteresponses',1,1445488750,0),(461,1,3,'mod/choice:deleteresponses',1,1445488750,0),(462,1,1,'mod/choice:deleteresponses',1,1445488750,0),(463,1,4,'mod/choice:downloadresponses',1,1445488751,0),(464,1,3,'mod/choice:downloadresponses',1,1445488751,0),(465,1,1,'mod/choice:downloadresponses',1,1445488751,0),(466,1,3,'mod/data:addinstance',1,1445488753,0),(467,1,1,'mod/data:addinstance',1,1445488753,0),(468,1,8,'mod/data:viewentry',1,1445488753,0),(469,1,6,'mod/data:viewentry',1,1445488754,0),(470,1,5,'mod/data:viewentry',1,1445488754,0),(471,1,4,'mod/data:viewentry',1,1445488754,0),(472,1,3,'mod/data:viewentry',1,1445488754,0),(473,1,1,'mod/data:viewentry',1,1445488754,0),(474,1,5,'mod/data:writeentry',1,1445488754,0),(475,1,4,'mod/data:writeentry',1,1445488754,0),(476,1,3,'mod/data:writeentry',1,1445488754,0),(477,1,1,'mod/data:writeentry',1,1445488754,0),(478,1,5,'mod/data:comment',1,1445488754,0),(479,1,4,'mod/data:comment',1,1445488754,0),(480,1,3,'mod/data:comment',1,1445488754,0),(481,1,1,'mod/data:comment',1,1445488754,0),(482,1,4,'mod/data:rate',1,1445488754,0),(483,1,3,'mod/data:rate',1,1445488755,0),(484,1,1,'mod/data:rate',1,1445488755,0),(485,1,4,'mod/data:viewrating',1,1445488755,0),(486,1,3,'mod/data:viewrating',1,1445488755,0),(487,1,1,'mod/data:viewrating',1,1445488755,0),(488,1,4,'mod/data:viewanyrating',1,1445488755,0),(489,1,3,'mod/data:viewanyrating',1,1445488755,0),(490,1,1,'mod/data:viewanyrating',1,1445488756,0),(491,1,4,'mod/data:viewallratings',1,1445488756,0),(492,1,3,'mod/data:viewallratings',1,1445488756,0),(493,1,1,'mod/data:viewallratings',1,1445488756,0),(494,1,4,'mod/data:approve',1,1445488756,0),(495,1,3,'mod/data:approve',1,1445488756,0),(496,1,1,'mod/data:approve',1,1445488756,0),(497,1,4,'mod/data:manageentries',1,1445488756,0),(498,1,3,'mod/data:manageentries',1,1445488756,0),(499,1,1,'mod/data:manageentries',1,1445488756,0),(500,1,4,'mod/data:managecomments',1,1445488756,0),(501,1,3,'mod/data:managecomments',1,1445488756,0),(502,1,1,'mod/data:managecomments',1,1445488756,0),(503,1,3,'mod/data:managetemplates',1,1445488756,0),(504,1,1,'mod/data:managetemplates',1,1445488756,0),(505,1,4,'mod/data:viewalluserpresets',1,1445488757,0),(506,1,3,'mod/data:viewalluserpresets',1,1445488757,0),(507,1,1,'mod/data:viewalluserpresets',1,1445488757,0),(508,1,1,'mod/data:manageuserpresets',1,1445488757,0),(509,1,1,'mod/data:exportentry',1,1445488757,0),(510,1,4,'mod/data:exportentry',1,1445488757,0),(511,1,3,'mod/data:exportentry',1,1445488757,0),(512,1,1,'mod/data:exportownentry',1,1445488757,0),(513,1,4,'mod/data:exportownentry',1,1445488757,0),(514,1,3,'mod/data:exportownentry',1,1445488757,0),(515,1,5,'mod/data:exportownentry',1,1445488757,0),(516,1,1,'mod/data:exportallentries',1,1445488757,0),(517,1,4,'mod/data:exportallentries',1,1445488757,0),(518,1,3,'mod/data:exportallentries',1,1445488757,0),(519,1,1,'mod/data:exportuserinfo',1,1445488757,0),(520,1,4,'mod/data:exportuserinfo',1,1445488757,0),(521,1,3,'mod/data:exportuserinfo',1,1445488757,0),(522,1,3,'mod/feedback:addinstance',1,1445488759,0),(523,1,1,'mod/feedback:addinstance',1,1445488760,0),(524,1,6,'mod/feedback:view',1,1445488760,0),(525,1,5,'mod/feedback:view',1,1445488760,0),(526,1,4,'mod/feedback:view',1,1445488760,0),(527,1,3,'mod/feedback:view',1,1445488760,0),(528,1,1,'mod/feedback:view',1,1445488760,0),(529,1,5,'mod/feedback:complete',1,1445488760,0),(530,1,5,'mod/feedback:viewanalysepage',1,1445488760,0),(531,1,3,'mod/feedback:viewanalysepage',1,1445488760,0),(532,1,1,'mod/feedback:viewanalysepage',1,1445488760,0),(533,1,3,'mod/feedback:deletesubmissions',1,1445488760,0),(534,1,1,'mod/feedback:deletesubmissions',1,1445488760,0),(535,1,1,'mod/feedback:mapcourse',1,1445488760,0),(536,1,3,'mod/feedback:edititems',1,1445488760,0),(537,1,1,'mod/feedback:edititems',1,1445488760,0),(538,1,3,'mod/feedback:createprivatetemplate',1,1445488761,0),(539,1,1,'mod/feedback:createprivatetemplate',1,1445488761,0),(540,1,3,'mod/feedback:createpublictemplate',1,1445488761,0),(541,1,1,'mod/feedback:createpublictemplate',1,1445488761,0),(542,1,3,'mod/feedback:deletetemplate',1,1445488761,0),(543,1,1,'mod/feedback:deletetemplate',1,1445488761,0),(544,1,4,'mod/feedback:viewreports',1,1445488761,0),(545,1,3,'mod/feedback:viewreports',1,1445488761,0),(546,1,1,'mod/feedback:viewreports',1,1445488761,0),(547,1,4,'mod/feedback:receivemail',1,1445488761,0),(548,1,3,'mod/feedback:receivemail',1,1445488761,0),(549,1,3,'mod/folder:addinstance',1,1445488762,0),(550,1,1,'mod/folder:addinstance',1,1445488762,0),(551,1,6,'mod/folder:view',1,1445488762,0),(552,1,7,'mod/folder:view',1,1445488762,0),(553,1,3,'mod/folder:managefiles',1,1445488762,0),(554,1,3,'mod/forum:addinstance',1,1445488764,0),(555,1,1,'mod/forum:addinstance',1,1445488764,0),(556,1,8,'mod/forum:viewdiscussion',1,1445488764,0),(557,1,6,'mod/forum:viewdiscussion',1,1445488764,0),(558,1,5,'mod/forum:viewdiscussion',1,1445488764,0),(559,1,4,'mod/forum:viewdiscussion',1,1445488764,0),(560,1,3,'mod/forum:viewdiscussion',1,1445488764,0),(561,1,1,'mod/forum:viewdiscussion',1,1445488764,0),(562,1,4,'mod/forum:viewhiddentimedposts',1,1445488764,0),(563,1,3,'mod/forum:viewhiddentimedposts',1,1445488764,0),(564,1,1,'mod/forum:viewhiddentimedposts',1,1445488764,0),(565,1,5,'mod/forum:startdiscussion',1,1445488764,0),(566,1,4,'mod/forum:startdiscussion',1,1445488765,0),(567,1,3,'mod/forum:startdiscussion',1,1445488765,0),(568,1,1,'mod/forum:startdiscussion',1,1445488765,0),(569,1,5,'mod/forum:replypost',1,1445488765,0),(570,1,4,'mod/forum:replypost',1,1445488765,0),(571,1,3,'mod/forum:replypost',1,1445488765,0),(572,1,1,'mod/forum:replypost',1,1445488765,0),(573,1,4,'mod/forum:addnews',1,1445488765,0),(574,1,3,'mod/forum:addnews',1,1445488765,0),(575,1,1,'mod/forum:addnews',1,1445488765,0),(576,1,4,'mod/forum:replynews',1,1445488765,0),(577,1,3,'mod/forum:replynews',1,1445488765,0),(578,1,1,'mod/forum:replynews',1,1445488765,0),(579,1,5,'mod/forum:viewrating',1,1445488765,0),(580,1,4,'mod/forum:viewrating',1,1445488765,0),(581,1,3,'mod/forum:viewrating',1,1445488765,0),(582,1,1,'mod/forum:viewrating',1,1445488765,0),(583,1,4,'mod/forum:viewanyrating',1,1445488766,0),(584,1,3,'mod/forum:viewanyrating',1,1445488766,0),(585,1,1,'mod/forum:viewanyrating',1,1445488766,0),(586,1,4,'mod/forum:viewallratings',1,1445488766,0),(587,1,3,'mod/forum:viewallratings',1,1445488766,0),(588,1,1,'mod/forum:viewallratings',1,1445488766,0),(589,1,4,'mod/forum:rate',1,1445488766,0),(590,1,3,'mod/forum:rate',1,1445488766,0),(591,1,1,'mod/forum:rate',1,1445488766,0),(592,1,5,'mod/forum:createattachment',1,1445488767,0),(593,1,4,'mod/forum:createattachment',1,1445488767,0),(594,1,3,'mod/forum:createattachment',1,1445488767,0),(595,1,1,'mod/forum:createattachment',1,1445488767,0),(596,1,5,'mod/forum:deleteownpost',1,1445488767,0),(597,1,4,'mod/forum:deleteownpost',1,1445488767,0),(598,1,3,'mod/forum:deleteownpost',1,1445488767,0),(599,1,1,'mod/forum:deleteownpost',1,1445488767,0),(600,1,4,'mod/forum:deleteanypost',1,1445488767,0),(601,1,3,'mod/forum:deleteanypost',1,1445488767,0),(602,1,1,'mod/forum:deleteanypost',1,1445488767,0),(603,1,4,'mod/forum:splitdiscussions',1,1445488767,0),(604,1,3,'mod/forum:splitdiscussions',1,1445488767,0),(605,1,1,'mod/forum:splitdiscussions',1,1445488767,0),(606,1,4,'mod/forum:movediscussions',1,1445488767,0),(607,1,3,'mod/forum:movediscussions',1,1445488767,0),(608,1,1,'mod/forum:movediscussions',1,1445488767,0),(609,1,4,'mod/forum:editanypost',1,1445488767,0),(610,1,3,'mod/forum:editanypost',1,1445488767,0),(611,1,1,'mod/forum:editanypost',1,1445488768,0),(612,1,4,'mod/forum:viewqandawithoutposting',1,1445488768,0),(613,1,3,'mod/forum:viewqandawithoutposting',1,1445488768,0),(614,1,1,'mod/forum:viewqandawithoutposting',1,1445488768,0),(615,1,4,'mod/forum:viewsubscribers',1,1445488768,0),(616,1,3,'mod/forum:viewsubscribers',1,1445488768,0),(617,1,1,'mod/forum:viewsubscribers',1,1445488768,0),(618,1,4,'mod/forum:managesubscriptions',1,1445488768,0),(619,1,3,'mod/forum:managesubscriptions',1,1445488768,0),(620,1,1,'mod/forum:managesubscriptions',1,1445488768,0),(621,1,4,'mod/forum:postwithoutthrottling',1,1445488768,0),(622,1,3,'mod/forum:postwithoutthrottling',1,1445488768,0),(623,1,1,'mod/forum:postwithoutthrottling',1,1445488768,0),(624,1,4,'mod/forum:exportdiscussion',1,1445488768,0),(625,1,3,'mod/forum:exportdiscussion',1,1445488768,0),(626,1,1,'mod/forum:exportdiscussion',1,1445488768,0),(627,1,4,'mod/forum:exportpost',1,1445488768,0),(628,1,3,'mod/forum:exportpost',1,1445488768,0),(629,1,1,'mod/forum:exportpost',1,1445488768,0),(630,1,4,'mod/forum:exportownpost',1,1445488768,0),(631,1,3,'mod/forum:exportownpost',1,1445488768,0),(632,1,1,'mod/forum:exportownpost',1,1445488768,0),(633,1,5,'mod/forum:exportownpost',1,1445488769,0),(634,1,4,'mod/forum:addquestion',1,1445488769,0),(635,1,3,'mod/forum:addquestion',1,1445488769,0),(636,1,1,'mod/forum:addquestion',1,1445488769,0),(637,1,5,'mod/forum:allowforcesubscribe',1,1445488769,0),(638,1,4,'mod/forum:allowforcesubscribe',1,1445488769,0),(639,1,3,'mod/forum:allowforcesubscribe',1,1445488769,0),(640,1,8,'mod/forum:allowforcesubscribe',1,1445488769,0),(641,1,4,'mod/forum:canposttomygroups',1,1445488769,0),(642,1,3,'mod/forum:canposttomygroups',1,1445488769,0),(643,1,1,'mod/forum:canposttomygroups',1,1445488769,0),(644,1,3,'mod/glossary:addinstance',1,1445488771,0),(645,1,1,'mod/glossary:addinstance',1,1445488771,0),(646,1,8,'mod/glossary:view',1,1445488771,0),(647,1,6,'mod/glossary:view',1,1445488771,0),(648,1,5,'mod/glossary:view',1,1445488771,0),(649,1,4,'mod/glossary:view',1,1445488771,0),(650,1,3,'mod/glossary:view',1,1445488771,0),(651,1,1,'mod/glossary:view',1,1445488771,0),(652,1,5,'mod/glossary:write',1,1445488771,0),(653,1,4,'mod/glossary:write',1,1445488771,0),(654,1,3,'mod/glossary:write',1,1445488772,0),(655,1,1,'mod/glossary:write',1,1445488772,0),(656,1,4,'mod/glossary:manageentries',1,1445488772,0),(657,1,3,'mod/glossary:manageentries',1,1445488772,0),(658,1,1,'mod/glossary:manageentries',1,1445488772,0),(659,1,4,'mod/glossary:managecategories',1,1445488772,0),(660,1,3,'mod/glossary:managecategories',1,1445488772,0),(661,1,1,'mod/glossary:managecategories',1,1445488772,0),(662,1,5,'mod/glossary:comment',1,1445488772,0),(663,1,4,'mod/glossary:comment',1,1445488772,0),(664,1,3,'mod/glossary:comment',1,1445488772,0),(665,1,1,'mod/glossary:comment',1,1445488772,0),(666,1,4,'mod/glossary:managecomments',1,1445488772,0),(667,1,3,'mod/glossary:managecomments',1,1445488772,0),(668,1,1,'mod/glossary:managecomments',1,1445488772,0),(669,1,4,'mod/glossary:import',1,1445488772,0),(670,1,3,'mod/glossary:import',1,1445488773,0),(671,1,1,'mod/glossary:import',1,1445488773,0),(672,1,4,'mod/glossary:export',1,1445488773,0),(673,1,3,'mod/glossary:export',1,1445488773,0),(674,1,1,'mod/glossary:export',1,1445488773,0),(675,1,4,'mod/glossary:approve',1,1445488773,0),(676,1,3,'mod/glossary:approve',1,1445488773,0),(677,1,1,'mod/glossary:approve',1,1445488773,0),(678,1,4,'mod/glossary:rate',1,1445488773,0),(679,1,3,'mod/glossary:rate',1,1445488773,0),(680,1,1,'mod/glossary:rate',1,1445488773,0),(681,1,4,'mod/glossary:viewrating',1,1445488773,0),(682,1,3,'mod/glossary:viewrating',1,1445488773,0),(683,1,1,'mod/glossary:viewrating',1,1445488773,0),(684,1,4,'mod/glossary:viewanyrating',1,1445488773,0),(685,1,3,'mod/glossary:viewanyrating',1,1445488773,0),(686,1,1,'mod/glossary:viewanyrating',1,1445488773,0),(687,1,4,'mod/glossary:viewallratings',1,1445488773,0),(688,1,3,'mod/glossary:viewallratings',1,1445488773,0),(689,1,1,'mod/glossary:viewallratings',1,1445488773,0),(690,1,4,'mod/glossary:exportentry',1,1445488773,0),(691,1,3,'mod/glossary:exportentry',1,1445488773,0),(692,1,1,'mod/glossary:exportentry',1,1445488773,0),(693,1,4,'mod/glossary:exportownentry',1,1445488773,0),(694,1,3,'mod/glossary:exportownentry',1,1445488773,0),(695,1,1,'mod/glossary:exportownentry',1,1445488774,0),(696,1,5,'mod/glossary:exportownentry',1,1445488774,0),(697,1,6,'mod/imscp:view',1,1445488774,0),(698,1,7,'mod/imscp:view',1,1445488774,0),(699,1,3,'mod/imscp:addinstance',1,1445488774,0),(700,1,1,'mod/imscp:addinstance',1,1445488774,0),(701,1,3,'mod/label:addinstance',1,1445488775,0),(702,1,1,'mod/label:addinstance',1,1445488775,0),(703,1,3,'mod/lesson:addinstance',1,1445488776,0),(704,1,1,'mod/lesson:addinstance',1,1445488776,0),(705,1,3,'mod/lesson:edit',1,1445488776,0),(706,1,1,'mod/lesson:edit',1,1445488776,0),(707,1,4,'mod/lesson:grade',1,1445488776,0),(708,1,3,'mod/lesson:grade',1,1445488776,0),(709,1,1,'mod/lesson:grade',1,1445488776,0),(710,1,4,'mod/lesson:viewreports',1,1445488776,0),(711,1,3,'mod/lesson:viewreports',1,1445488776,0),(712,1,1,'mod/lesson:viewreports',1,1445488776,0),(713,1,4,'mod/lesson:manage',1,1445488776,0),(714,1,3,'mod/lesson:manage',1,1445488776,0),(715,1,1,'mod/lesson:manage',1,1445488776,0),(716,1,3,'mod/lesson:manageoverrides',1,1445488776,0),(717,1,1,'mod/lesson:manageoverrides',1,1445488776,0),(718,1,5,'mod/lti:view',1,1445488778,0),(719,1,4,'mod/lti:view',1,1445488778,0),(720,1,3,'mod/lti:view',1,1445488778,0),(721,1,1,'mod/lti:view',1,1445488778,0),(722,1,3,'mod/lti:addinstance',1,1445488778,0),(723,1,1,'mod/lti:addinstance',1,1445488778,0),(724,1,4,'mod/lti:manage',1,1445488778,0),(725,1,3,'mod/lti:manage',1,1445488778,0),(726,1,1,'mod/lti:manage',1,1445488778,0),(727,1,3,'mod/lti:addcoursetool',1,1445488778,0),(728,1,1,'mod/lti:addcoursetool',1,1445488778,0),(729,1,3,'mod/lti:requesttooladd',1,1445488778,0),(730,1,1,'mod/lti:requesttooladd',1,1445488778,0),(731,1,6,'mod/page:view',1,1445488779,0),(732,1,7,'mod/page:view',1,1445488779,0),(733,1,3,'mod/page:addinstance',1,1445488779,0),(734,1,1,'mod/page:addinstance',1,1445488779,0),(735,1,6,'mod/quiz:view',1,1445488780,0),(736,1,5,'mod/quiz:view',1,1445488780,0),(737,1,4,'mod/quiz:view',1,1445488780,0),(738,1,3,'mod/quiz:view',1,1445488780,0),(739,1,1,'mod/quiz:view',1,1445488780,0),(740,1,3,'mod/quiz:addinstance',1,1445488780,0),(741,1,1,'mod/quiz:addinstance',1,1445488780,0),(742,1,5,'mod/quiz:attempt',1,1445488780,0),(743,1,5,'mod/quiz:reviewmyattempts',1,1445488780,0),(744,1,3,'mod/quiz:manage',1,1445488780,0),(745,1,1,'mod/quiz:manage',1,1445488780,0),(746,1,3,'mod/quiz:manageoverrides',1,1445488781,0),(747,1,1,'mod/quiz:manageoverrides',1,1445488781,0),(748,1,4,'mod/quiz:preview',1,1445488781,0),(749,1,3,'mod/quiz:preview',1,1445488781,0),(750,1,1,'mod/quiz:preview',1,1445488781,0),(751,1,4,'mod/quiz:grade',1,1445488781,0),(752,1,3,'mod/quiz:grade',1,1445488781,0),(753,1,1,'mod/quiz:grade',1,1445488781,0),(754,1,4,'mod/quiz:regrade',1,1445488781,0),(755,1,3,'mod/quiz:regrade',1,1445488781,0),(756,1,1,'mod/quiz:regrade',1,1445488781,0),(757,1,4,'mod/quiz:viewreports',1,1445488781,0),(758,1,3,'mod/quiz:viewreports',1,1445488781,0),(759,1,1,'mod/quiz:viewreports',1,1445488781,0),(760,1,3,'mod/quiz:deleteattempts',1,1445488781,0),(761,1,1,'mod/quiz:deleteattempts',1,1445488781,0),(762,1,6,'mod/resource:view',1,1445488783,0),(763,1,7,'mod/resource:view',1,1445488783,0),(764,1,3,'mod/resource:addinstance',1,1445488783,0),(765,1,1,'mod/resource:addinstance',1,1445488783,0),(766,1,3,'mod/scorm:addinstance',1,1445488785,0),(767,1,1,'mod/scorm:addinstance',1,1445488785,0),(768,1,4,'mod/scorm:viewreport',1,1445488785,0),(769,1,3,'mod/scorm:viewreport',1,1445488785,0),(770,1,1,'mod/scorm:viewreport',1,1445488785,0),(771,1,5,'mod/scorm:skipview',1,1445488785,0),(772,1,5,'mod/scorm:savetrack',1,1445488785,0),(773,1,4,'mod/scorm:savetrack',1,1445488785,0),(774,1,3,'mod/scorm:savetrack',1,1445488785,0),(775,1,1,'mod/scorm:savetrack',1,1445488785,0),(776,1,5,'mod/scorm:viewscores',1,1445488785,0),(777,1,4,'mod/scorm:viewscores',1,1445488785,0),(778,1,3,'mod/scorm:viewscores',1,1445488785,0),(779,1,1,'mod/scorm:viewscores',1,1445488785,0),(780,1,4,'mod/scorm:deleteresponses',1,1445488785,0),(781,1,3,'mod/scorm:deleteresponses',1,1445488785,0),(782,1,1,'mod/scorm:deleteresponses',1,1445488785,0),(783,1,3,'mod/survey:addinstance',1,1445488791,0),(784,1,1,'mod/survey:addinstance',1,1445488791,0),(785,1,5,'mod/survey:participate',1,1445488791,0),(786,1,4,'mod/survey:participate',1,1445488791,0),(787,1,3,'mod/survey:participate',1,1445488791,0),(788,1,1,'mod/survey:participate',1,1445488791,0),(789,1,4,'mod/survey:readresponses',1,1445488791,0),(790,1,3,'mod/survey:readresponses',1,1445488791,0),(791,1,1,'mod/survey:readresponses',1,1445488791,0),(792,1,4,'mod/survey:download',1,1445488791,0),(793,1,3,'mod/survey:download',1,1445488792,0),(794,1,1,'mod/survey:download',1,1445488792,0),(795,1,6,'mod/url:view',1,1445488792,0),(796,1,7,'mod/url:view',1,1445488792,0),(797,1,3,'mod/url:addinstance',1,1445488792,0),(798,1,1,'mod/url:addinstance',1,1445488792,0),(799,1,3,'mod/wiki:addinstance',1,1445488794,0),(800,1,1,'mod/wiki:addinstance',1,1445488794,0),(801,1,6,'mod/wiki:viewpage',1,1445488794,0),(802,1,5,'mod/wiki:viewpage',1,1445488794,0),(803,1,4,'mod/wiki:viewpage',1,1445488794,0),(804,1,3,'mod/wiki:viewpage',1,1445488794,0),(805,1,1,'mod/wiki:viewpage',1,1445488794,0),(806,1,5,'mod/wiki:editpage',1,1445488794,0),(807,1,4,'mod/wiki:editpage',1,1445488794,0),(808,1,3,'mod/wiki:editpage',1,1445488794,0),(809,1,1,'mod/wiki:editpage',1,1445488794,0),(810,1,5,'mod/wiki:createpage',1,1445488794,0),(811,1,4,'mod/wiki:createpage',1,1445488794,0),(812,1,3,'mod/wiki:createpage',1,1445488794,0),(813,1,1,'mod/wiki:createpage',1,1445488794,0),(814,1,5,'mod/wiki:viewcomment',1,1445488794,0),(815,1,4,'mod/wiki:viewcomment',1,1445488794,0),(816,1,3,'mod/wiki:viewcomment',1,1445488794,0),(817,1,1,'mod/wiki:viewcomment',1,1445488794,0),(818,1,5,'mod/wiki:editcomment',1,1445488794,0),(819,1,4,'mod/wiki:editcomment',1,1445488794,0),(820,1,3,'mod/wiki:editcomment',1,1445488795,0),(821,1,1,'mod/wiki:editcomment',1,1445488795,0),(822,1,4,'mod/wiki:managecomment',1,1445488795,0),(823,1,3,'mod/wiki:managecomment',1,1445488795,0),(824,1,1,'mod/wiki:managecomment',1,1445488795,0),(825,1,4,'mod/wiki:managefiles',1,1445488795,0),(826,1,3,'mod/wiki:managefiles',1,1445488795,0),(827,1,1,'mod/wiki:managefiles',1,1445488795,0),(828,1,4,'mod/wiki:overridelock',1,1445488795,0),(829,1,3,'mod/wiki:overridelock',1,1445488795,0),(830,1,1,'mod/wiki:overridelock',1,1445488795,0),(831,1,4,'mod/wiki:managewiki',1,1445488795,0),(832,1,3,'mod/wiki:managewiki',1,1445488795,0),(833,1,1,'mod/wiki:managewiki',1,1445488795,0),(834,1,6,'mod/workshop:view',1,1445488797,0),(835,1,5,'mod/workshop:view',1,1445488797,0),(836,1,4,'mod/workshop:view',1,1445488797,0),(837,1,3,'mod/workshop:view',1,1445488797,0),(838,1,1,'mod/workshop:view',1,1445488797,0),(839,1,3,'mod/workshop:addinstance',1,1445488797,0),(840,1,1,'mod/workshop:addinstance',1,1445488797,0),(841,1,4,'mod/workshop:switchphase',1,1445488797,0),(842,1,3,'mod/workshop:switchphase',1,1445488797,0),(843,1,1,'mod/workshop:switchphase',1,1445488797,0),(844,1,3,'mod/workshop:editdimensions',1,1445488797,0),(845,1,1,'mod/workshop:editdimensions',1,1445488797,0),(846,1,5,'mod/workshop:submit',1,1445488798,0),(847,1,5,'mod/workshop:peerassess',1,1445488798,0),(848,1,4,'mod/workshop:manageexamples',1,1445488798,0),(849,1,3,'mod/workshop:manageexamples',1,1445488798,0),(850,1,1,'mod/workshop:manageexamples',1,1445488798,0),(851,1,4,'mod/workshop:allocate',1,1445488798,0),(852,1,3,'mod/workshop:allocate',1,1445488798,0),(853,1,1,'mod/workshop:allocate',1,1445488798,0),(854,1,4,'mod/workshop:publishsubmissions',1,1445488798,0),(855,1,3,'mod/workshop:publishsubmissions',1,1445488798,0),(856,1,1,'mod/workshop:publishsubmissions',1,1445488798,0),(857,1,5,'mod/workshop:viewauthornames',1,1445488798,0),(858,1,4,'mod/workshop:viewauthornames',1,1445488798,0),(859,1,3,'mod/workshop:viewauthornames',1,1445488798,0),(860,1,1,'mod/workshop:viewauthornames',1,1445488798,0),(861,1,4,'mod/workshop:viewreviewernames',1,1445488798,0),(862,1,3,'mod/workshop:viewreviewernames',1,1445488798,0),(863,1,1,'mod/workshop:viewreviewernames',1,1445488798,0),(864,1,4,'mod/workshop:viewallsubmissions',1,1445488798,0),(865,1,3,'mod/workshop:viewallsubmissions',1,1445488799,0),(866,1,1,'mod/workshop:viewallsubmissions',1,1445488799,0),(867,1,5,'mod/workshop:viewpublishedsubmissions',1,1445488799,0),(868,1,4,'mod/workshop:viewpublishedsubmissions',1,1445488799,0),(869,1,3,'mod/workshop:viewpublishedsubmissions',1,1445488799,0),(870,1,1,'mod/workshop:viewpublishedsubmissions',1,1445488799,0),(871,1,5,'mod/workshop:viewauthorpublished',1,1445488799,0),(872,1,4,'mod/workshop:viewauthorpublished',1,1445488799,0),(873,1,3,'mod/workshop:viewauthorpublished',1,1445488799,0),(874,1,1,'mod/workshop:viewauthorpublished',1,1445488799,0),(875,1,4,'mod/workshop:viewallassessments',1,1445488799,0),(876,1,3,'mod/workshop:viewallassessments',1,1445488799,0),(877,1,1,'mod/workshop:viewallassessments',1,1445488799,0),(878,1,4,'mod/workshop:overridegrades',1,1445488799,0),(879,1,3,'mod/workshop:overridegrades',1,1445488800,0),(880,1,1,'mod/workshop:overridegrades',1,1445488800,0),(881,1,4,'mod/workshop:ignoredeadlines',1,1445488800,0),(882,1,3,'mod/workshop:ignoredeadlines',1,1445488800,0),(883,1,1,'mod/workshop:ignoredeadlines',1,1445488800,0),(884,1,1,'enrol/category:config',1,1445488811,0),(885,1,3,'enrol/category:config',1,1445488811,0),(886,1,3,'enrol/cohort:config',1,1445488812,0),(887,1,1,'enrol/cohort:config',1,1445488812,0),(888,1,1,'enrol/cohort:unenrol',1,1445488812,0),(889,1,1,'enrol/database:unenrol',1,1445488812,0),(890,1,1,'enrol/database:config',1,1445488812,0),(891,1,3,'enrol/database:config',1,1445488812,0),(892,1,1,'enrol/guest:config',1,1445488814,0),(893,1,3,'enrol/guest:config',1,1445488814,0),(894,1,1,'enrol/imsenterprise:config',1,1445488815,0),(895,1,3,'enrol/imsenterprise:config',1,1445488815,0),(896,1,1,'enrol/ldap:manage',1,1445488815,0),(897,1,1,'enrol/manual:config',1,1445488816,0),(898,1,1,'enrol/manual:enrol',1,1445488816,0),(899,1,3,'enrol/manual:enrol',1,1445488816,0),(900,1,1,'enrol/manual:manage',1,1445488816,0),(901,1,3,'enrol/manual:manage',1,1445488816,0),(902,1,1,'enrol/manual:unenrol',1,1445488816,0),(903,1,3,'enrol/manual:unenrol',1,1445488816,0),(904,1,1,'enrol/meta:config',1,1445488817,0),(905,1,3,'enrol/meta:config',1,1445488817,0),(906,1,1,'enrol/meta:selectaslinked',1,1445488817,0),(907,1,1,'enrol/meta:unenrol',1,1445488817,0),(908,1,1,'enrol/mnet:config',1,1445488818,0),(909,1,3,'enrol/mnet:config',1,1445488818,0),(910,1,1,'enrol/paypal:config',1,1445488822,0),(911,1,1,'enrol/paypal:manage',1,1445488822,0),(912,1,3,'enrol/paypal:manage',1,1445488822,0),(913,1,1,'enrol/paypal:unenrol',1,1445488822,0),(914,1,3,'enrol/self:config',1,1445488822,0),(915,1,1,'enrol/self:config',1,1445488822,0),(916,1,3,'enrol/self:manage',1,1445488822,0),(917,1,1,'enrol/self:manage',1,1445488822,0),(918,1,1,'enrol/self:holdkey',-1000,1445488823,0),(919,1,5,'enrol/self:unenrolself',1,1445488823,0),(920,1,3,'enrol/self:unenrol',1,1445488823,0),(921,1,1,'enrol/self:unenrol',1,1445488823,0),(922,1,7,'message/airnotifier:managedevice',1,1445488823,0),(923,1,3,'block/activity_modules:addinstance',1,1445488826,0),(924,1,1,'block/activity_modules:addinstance',1,1445488826,0),(925,1,3,'block/activity_results:addinstance',1,1445488826,0),(926,1,1,'block/activity_results:addinstance',1,1445488826,0),(927,1,7,'block/admin_bookmarks:myaddinstance',1,1445488827,0),(928,1,3,'block/admin_bookmarks:addinstance',1,1445488827,0),(929,1,1,'block/admin_bookmarks:addinstance',1,1445488827,0),(930,1,3,'block/badges:addinstance',1,1445488828,0),(931,1,1,'block/badges:addinstance',1,1445488828,0),(932,1,7,'block/badges:myaddinstance',1,1445488828,0),(933,1,3,'block/blog_menu:addinstance',1,1445488828,0),(934,1,1,'block/blog_menu:addinstance',1,1445488828,0),(935,1,3,'block/blog_recent:addinstance',1,1445488829,0),(936,1,1,'block/blog_recent:addinstance',1,1445488829,0),(937,1,3,'block/blog_tags:addinstance',1,1445488829,0),(938,1,1,'block/blog_tags:addinstance',1,1445488829,0),(939,1,7,'block/calendar_month:myaddinstance',1,1445488829,0),(940,1,3,'block/calendar_month:addinstance',1,1445488829,0),(941,1,1,'block/calendar_month:addinstance',1,1445488829,0),(942,1,7,'block/calendar_upcoming:myaddinstance',1,1445488830,0),(943,1,3,'block/calendar_upcoming:addinstance',1,1445488830,0),(944,1,1,'block/calendar_upcoming:addinstance',1,1445488830,0),(945,1,7,'block/comments:myaddinstance',1,1445488830,0),(946,1,3,'block/comments:addinstance',1,1445488830,0),(947,1,1,'block/comments:addinstance',1,1445488830,0),(948,1,7,'block/community:myaddinstance',1,1445488830,0),(949,1,3,'block/community:addinstance',1,1445488831,0),(950,1,1,'block/community:addinstance',1,1445488831,0),(951,1,3,'block/completionstatus:addinstance',1,1445488831,0),(952,1,1,'block/completionstatus:addinstance',1,1445488831,0),(953,1,7,'block/course_list:myaddinstance',1,1445488832,0),(954,1,3,'block/course_list:addinstance',1,1445488832,0),(955,1,1,'block/course_list:addinstance',1,1445488832,0),(956,1,7,'block/course_overview:myaddinstance',1,1445488832,0),(957,1,3,'block/course_overview:addinstance',1,1445488832,0),(958,1,1,'block/course_overview:addinstance',1,1445488832,0),(959,1,3,'block/course_summary:addinstance',1,1445488833,0),(960,1,1,'block/course_summary:addinstance',1,1445488833,0),(961,1,3,'block/feedback:addinstance',1,1445488833,0),(962,1,1,'block/feedback:addinstance',1,1445488833,0),(963,1,7,'block/glossary_random:myaddinstance',1,1445488834,0),(964,1,3,'block/glossary_random:addinstance',1,1445488834,0),(965,1,1,'block/glossary_random:addinstance',1,1445488834,0),(966,1,7,'block/html:myaddinstance',1,1445488834,0),(967,1,3,'block/html:addinstance',1,1445488835,0),(968,1,1,'block/html:addinstance',1,1445488835,0),(969,1,3,'block/login:addinstance',1,1445488835,0),(970,1,1,'block/login:addinstance',1,1445488835,0),(971,1,7,'block/mentees:myaddinstance',1,1445488836,0),(972,1,3,'block/mentees:addinstance',1,1445488836,0),(973,1,1,'block/mentees:addinstance',1,1445488836,0),(974,1,7,'block/messages:myaddinstance',1,1445488836,0),(975,1,3,'block/messages:addinstance',1,1445488836,0),(976,1,1,'block/messages:addinstance',1,1445488836,0),(977,1,7,'block/mnet_hosts:myaddinstance',1,1445488836,0),(978,1,3,'block/mnet_hosts:addinstance',1,1445488837,0),(979,1,1,'block/mnet_hosts:addinstance',1,1445488837,0),(980,1,7,'block/myprofile:myaddinstance',1,1445488837,0),(981,1,3,'block/myprofile:addinstance',1,1445488837,0),(982,1,1,'block/myprofile:addinstance',1,1445488837,0),(983,1,7,'block/navigation:myaddinstance',1,1445488838,0),(984,1,3,'block/navigation:addinstance',1,1445488838,0),(985,1,1,'block/navigation:addinstance',1,1445488838,0),(986,1,7,'block/news_items:myaddinstance',1,1445488839,0),(987,1,3,'block/news_items:addinstance',1,1445488839,0),(988,1,1,'block/news_items:addinstance',1,1445488839,0),(989,1,7,'block/online_users:myaddinstance',1,1445488840,0),(990,1,3,'block/online_users:addinstance',1,1445488840,0),(991,1,1,'block/online_users:addinstance',1,1445488840,0),(992,1,7,'block/online_users:viewlist',1,1445488840,0),(993,1,6,'block/online_users:viewlist',1,1445488840,0),(994,1,5,'block/online_users:viewlist',1,1445488840,0),(995,1,4,'block/online_users:viewlist',1,1445488840,0),(996,1,3,'block/online_users:viewlist',1,1445488840,0),(997,1,1,'block/online_users:viewlist',1,1445488840,0),(998,1,3,'block/participants:addinstance',1,1445488840,0),(999,1,1,'block/participants:addinstance',1,1445488840,0),(1000,1,7,'block/private_files:myaddinstance',1,1445488841,0),(1001,1,3,'block/private_files:addinstance',1,1445488841,0),(1002,1,1,'block/private_files:addinstance',1,1445488841,0),(1003,1,3,'block/quiz_results:addinstance',1,1445488841,0),(1004,1,1,'block/quiz_results:addinstance',1,1445488841,0),(1005,1,3,'block/recent_activity:addinstance',1,1445488842,0),(1006,1,1,'block/recent_activity:addinstance',1,1445488842,0),(1007,1,7,'block/recent_activity:viewaddupdatemodule',1,1445488843,0),(1008,1,7,'block/recent_activity:viewdeletemodule',1,1445488843,0),(1009,1,7,'block/rss_client:myaddinstance',1,1445488843,0),(1010,1,3,'block/rss_client:addinstance',1,1445488844,0),(1011,1,1,'block/rss_client:addinstance',1,1445488844,0),(1012,1,4,'block/rss_client:manageownfeeds',1,1445488844,0),(1013,1,3,'block/rss_client:manageownfeeds',1,1445488844,0),(1014,1,1,'block/rss_client:manageownfeeds',1,1445488844,0),(1015,1,1,'block/rss_client:manageanyfeeds',1,1445488844,0),(1016,1,3,'block/search_forums:addinstance',1,1445488844,0),(1017,1,1,'block/search_forums:addinstance',1,1445488844,0),(1018,1,3,'block/section_links:addinstance',1,1445488845,0),(1019,1,1,'block/section_links:addinstance',1,1445488845,0),(1020,1,3,'block/selfcompletion:addinstance',1,1445488846,0),(1021,1,1,'block/selfcompletion:addinstance',1,1445488846,0),(1022,1,7,'block/settings:myaddinstance',1,1445488846,0),(1023,1,3,'block/settings:addinstance',1,1445488846,0),(1024,1,1,'block/settings:addinstance',1,1445488846,0),(1025,1,3,'block/site_main_menu:addinstance',1,1445488847,0),(1026,1,1,'block/site_main_menu:addinstance',1,1445488847,0),(1027,1,3,'block/social_activities:addinstance',1,1445488847,0),(1028,1,1,'block/social_activities:addinstance',1,1445488847,0),(1029,1,3,'block/tag_flickr:addinstance',1,1445488848,0),(1030,1,1,'block/tag_flickr:addinstance',1,1445488848,0),(1031,1,3,'block/tag_youtube:addinstance',1,1445488848,0),(1032,1,1,'block/tag_youtube:addinstance',1,1445488848,0),(1033,1,7,'block/tags:myaddinstance',1,1445488849,0),(1034,1,3,'block/tags:addinstance',1,1445488849,0),(1035,1,1,'block/tags:addinstance',1,1445488849,0),(1036,1,4,'report/completion:view',1,1445488859,0),(1037,1,3,'report/completion:view',1,1445488859,0),(1038,1,1,'report/completion:view',1,1445488859,0),(1039,1,4,'report/courseoverview:view',1,1445488860,0),(1040,1,3,'report/courseoverview:view',1,1445488860,0),(1041,1,1,'report/courseoverview:view',1,1445488860,0),(1042,1,4,'report/log:view',1,1445488861,0),(1043,1,3,'report/log:view',1,1445488861,0),(1044,1,1,'report/log:view',1,1445488862,0),(1045,1,4,'report/log:viewtoday',1,1445488862,0),(1046,1,3,'report/log:viewtoday',1,1445488862,0),(1047,1,1,'report/log:viewtoday',1,1445488862,0),(1048,1,4,'report/loglive:view',1,1445488862,0),(1049,1,3,'report/loglive:view',1,1445488862,0),(1050,1,1,'report/loglive:view',1,1445488862,0),(1051,1,4,'report/outline:view',1,1445488863,0),(1052,1,3,'report/outline:view',1,1445488863,0),(1053,1,1,'report/outline:view',1,1445488863,0),(1054,1,4,'report/participation:view',1,1445488863,0),(1055,1,3,'report/participation:view',1,1445488864,0),(1056,1,1,'report/participation:view',1,1445488864,0),(1057,1,1,'report/performance:view',1,1445488864,0),(1058,1,4,'report/progress:view',1,1445488865,0),(1059,1,3,'report/progress:view',1,1445488865,0),(1060,1,1,'report/progress:view',1,1445488865,0),(1061,1,1,'report/security:view',1,1445488866,0),(1062,1,4,'report/stats:view',1,1445488866,0),(1063,1,3,'report/stats:view',1,1445488866,0),(1064,1,1,'report/stats:view',1,1445488866,0),(1065,1,6,'report/usersessions:manageownsessions',-1000,1445488867,0),(1066,1,7,'report/usersessions:manageownsessions',1,1445488867,0),(1067,1,1,'report/usersessions:manageownsessions',1,1445488867,0),(1068,1,4,'gradeexport/ods:view',1,1445488867,0),(1069,1,3,'gradeexport/ods:view',1,1445488867,0),(1070,1,1,'gradeexport/ods:view',1,1445488867,0),(1071,1,1,'gradeexport/ods:publish',1,1445488867,0),(1072,1,4,'gradeexport/txt:view',1,1445488868,0),(1073,1,3,'gradeexport/txt:view',1,1445488868,0),(1074,1,1,'gradeexport/txt:view',1,1445488868,0),(1075,1,1,'gradeexport/txt:publish',1,1445488868,0),(1076,1,4,'gradeexport/xls:view',1,1445488868,0),(1077,1,3,'gradeexport/xls:view',1,1445488868,0),(1078,1,1,'gradeexport/xls:view',1,1445488868,0),(1079,1,1,'gradeexport/xls:publish',1,1445488868,0),(1080,1,4,'gradeexport/xml:view',1,1445488868,0),(1081,1,3,'gradeexport/xml:view',1,1445488868,0),(1082,1,1,'gradeexport/xml:view',1,1445488868,0),(1083,1,1,'gradeexport/xml:publish',1,1445488869,0),(1084,1,3,'gradeimport/csv:view',1,1445488869,0),(1085,1,1,'gradeimport/csv:view',1,1445488869,0),(1086,1,3,'gradeimport/direct:view',1,1445488870,0),(1087,1,1,'gradeimport/direct:view',1,1445488870,0),(1088,1,3,'gradeimport/xml:view',1,1445488871,0),(1089,1,1,'gradeimport/xml:view',1,1445488871,0),(1090,1,1,'gradeimport/xml:publish',1,1445488871,0),(1091,1,4,'gradereport/grader:view',1,1445488872,0),(1092,1,3,'gradereport/grader:view',1,1445488872,0),(1093,1,1,'gradereport/grader:view',1,1445488872,0),(1094,1,4,'gradereport/history:view',1,1445488872,0),(1095,1,3,'gradereport/history:view',1,1445488872,0),(1096,1,1,'gradereport/history:view',1,1445488872,0),(1097,1,4,'gradereport/outcomes:view',1,1445488873,0),(1098,1,3,'gradereport/outcomes:view',1,1445488873,0),(1099,1,1,'gradereport/outcomes:view',1,1445488873,0),(1100,1,5,'gradereport/overview:view',1,1445488874,0),(1101,1,1,'gradereport/overview:view',1,1445488874,0),(1102,1,3,'gradereport/singleview:view',1,1445488874,0),(1103,1,1,'gradereport/singleview:view',1,1445488874,0),(1104,1,5,'gradereport/user:view',1,1445488875,0),(1105,1,4,'gradereport/user:view',1,1445488875,0),(1106,1,3,'gradereport/user:view',1,1445488875,0),(1107,1,1,'gradereport/user:view',1,1445488875,0),(1108,1,7,'repository/alfresco:view',1,1445488880,0),(1109,1,7,'repository/areafiles:view',1,1445488880,0),(1110,1,7,'repository/boxnet:view',1,1445488880,0),(1111,1,2,'repository/coursefiles:view',1,1445488881,0),(1112,1,4,'repository/coursefiles:view',1,1445488881,0),(1113,1,3,'repository/coursefiles:view',1,1445488881,0),(1114,1,1,'repository/coursefiles:view',1,1445488881,0),(1115,1,7,'repository/dropbox:view',1,1445488881,0),(1116,1,7,'repository/equella:view',1,1445488882,0),(1117,1,2,'repository/filesystem:view',1,1445488882,0),(1118,1,4,'repository/filesystem:view',1,1445488882,0),(1119,1,3,'repository/filesystem:view',1,1445488882,0),(1120,1,1,'repository/filesystem:view',1,1445488882,0),(1121,1,7,'repository/flickr:view',1,1445488882,0),(1122,1,7,'repository/flickr_public:view',1,1445488883,0),(1123,1,7,'repository/googledocs:view',1,1445488883,0),(1124,1,2,'repository/local:view',1,1445488884,0),(1125,1,4,'repository/local:view',1,1445488884,0),(1126,1,3,'repository/local:view',1,1445488884,0),(1127,1,1,'repository/local:view',1,1445488884,0),(1128,1,7,'repository/merlot:view',1,1445488884,0),(1129,1,7,'repository/picasa:view',1,1445488885,0),(1130,1,7,'repository/recent:view',1,1445488885,0),(1131,1,7,'repository/s3:view',1,1445488885,0),(1132,1,7,'repository/skydrive:view',1,1445488886,0),(1133,1,7,'repository/upload:view',1,1445488886,0),(1134,1,7,'repository/url:view',1,1445488887,0),(1135,1,7,'repository/user:view',1,1445488888,0),(1136,1,2,'repository/webdav:view',1,1445488888,0),(1137,1,4,'repository/webdav:view',1,1445488888,0),(1138,1,3,'repository/webdav:view',1,1445488888,0),(1139,1,1,'repository/webdav:view',1,1445488888,0),(1140,1,7,'repository/wikimedia:view',1,1445488888,0),(1141,1,7,'repository/youtube:view',1,1445488889,0),(1142,1,1,'tool/customlang:view',1,1445488896,0),(1143,1,1,'tool/customlang:edit',1,1445488896,0),(1144,1,4,'tool/monitor:subscribe',1,1445488900,0),(1145,1,3,'tool/monitor:subscribe',1,1445488900,0),(1146,1,1,'tool/monitor:subscribe',1,1445488900,0),(1147,1,4,'tool/monitor:managerules',1,1445488900,0),(1148,1,3,'tool/monitor:managerules',1,1445488900,0),(1149,1,1,'tool/monitor:managerules',1,1445488900,0),(1150,1,1,'tool/monitor:managetool',1,1445488900,0),(1151,1,1,'tool/uploaduser:uploaduserpictures',1,1445488903,0),(1152,1,3,'booktool/importhtml:import',1,1445488913,0),(1153,1,1,'booktool/importhtml:import',1,1445488913,0),(1154,1,6,'booktool/print:print',1,1445488913,0),(1155,1,8,'booktool/print:print',1,1445488913,0),(1156,1,5,'booktool/print:print',1,1445488913,0),(1157,1,4,'booktool/print:print',1,1445488913,0),(1158,1,3,'booktool/print:print',1,1445488913,0),(1159,1,1,'booktool/print:print',1,1445488913,0),(1160,1,4,'quiz/grading:viewstudentnames',1,1445488917,0),(1161,1,3,'quiz/grading:viewstudentnames',1,1445488917,0),(1162,1,1,'quiz/grading:viewstudentnames',1,1445488917,0),(1163,1,4,'quiz/grading:viewidnumber',1,1445488918,0),(1164,1,3,'quiz/grading:viewidnumber',1,1445488918,0),(1165,1,1,'quiz/grading:viewidnumber',1,1445488918,0),(1166,1,4,'quiz/statistics:view',1,1445488919,0),(1167,1,3,'quiz/statistics:view',1,1445488919,0),(1168,1,1,'quiz/statistics:view',1,1445488919,0),(1169,1,3,'mod/socialwiki:addinstance',1,1446703151,2),(1170,1,1,'mod/socialwiki:addinstance',1,1446703151,2),(1171,1,6,'mod/socialwiki:viewpage',1,1446703151,2),(1172,1,5,'mod/socialwiki:viewpage',1,1446703151,2),(1173,1,4,'mod/socialwiki:viewpage',1,1446703152,2),(1174,1,3,'mod/socialwiki:viewpage',1,1446703152,2),(1175,1,1,'mod/socialwiki:viewpage',1,1446703152,2),(1176,1,5,'mod/socialwiki:editpage',1,1446703152,2),(1177,1,4,'mod/socialwiki:editpage',1,1446703152,2),(1178,1,3,'mod/socialwiki:editpage',1,1446703152,2),(1179,1,1,'mod/socialwiki:editpage',1,1446703152,2),(1180,1,5,'mod/socialwiki:createpage',1,1446703152,2),(1181,1,4,'mod/socialwiki:createpage',1,1446703152,2),(1182,1,3,'mod/socialwiki:createpage',1,1446703152,2),(1183,1,1,'mod/socialwiki:createpage',1,1446703152,2),(1184,1,5,'mod/socialwiki:viewcomment',1,1446703152,2),(1185,1,4,'mod/socialwiki:viewcomment',1,1446703152,2),(1186,1,3,'mod/socialwiki:viewcomment',1,1446703152,2),(1187,1,1,'mod/socialwiki:viewcomment',1,1446703152,2),(1188,1,5,'mod/socialwiki:editcomment',1,1446703152,2),(1189,1,4,'mod/socialwiki:editcomment',1,1446703152,2),(1190,1,3,'mod/socialwiki:editcomment',1,1446703152,2),(1191,1,1,'mod/socialwiki:editcomment',1,1446703152,2),(1192,1,4,'mod/socialwiki:managecomment',1,1446703152,2),(1193,1,3,'mod/socialwiki:managecomment',1,1446703152,2),(1194,1,1,'mod/socialwiki:managecomment',1,1446703152,2),(1195,1,4,'mod/socialwiki:managefiles',1,1446703152,2),(1196,1,3,'mod/socialwiki:managefiles',1,1446703152,2),(1197,1,1,'mod/socialwiki:managefiles',1,1446703153,2),(1198,1,4,'mod/socialwiki:managewiki',1,1446703153,2),(1199,1,3,'mod/socialwiki:managewiki',1,1446703153,2),(1200,1,1,'mod/socialwiki:managewiki',1,1446703153,2),(1202,1,4,'format/socialwall:deleteownpost',1,1446703155,2),(1203,1,3,'format/socialwall:deleteownpost',1,1446703155,2),(1204,1,4,'format/socialwall:makesticky',1,1446703155,2),(1205,1,3,'format/socialwall:makesticky',1,1446703155,2),(1206,1,4,'format/socialwall:postprivate',1,1446703155,2),(1207,1,3,'format/socialwall:postprivate',1,1446703155,2),(1208,1,4,'format/socialwall:viewprivate',1,1446703155,2),(1209,1,3,'format/socialwall:viewprivate',1,1446703155,2),(1210,1,4,'format/socialwall:posturl',1,1446703155,2),(1211,1,3,'format/socialwall:posturl',1,1446703155,2),(1212,1,5,'format/socialwall:posturl',1,1446703155,2),(1213,1,4,'format/socialwall:postfile',1,1446703155,2),(1214,1,3,'format/socialwall:postfile',1,1446703155,2),(1215,1,5,'format/socialwall:postfile',1,1446703155,2),(1216,1,4,'format/socialwall:lockcomment',1,1446703155,2),(1217,1,3,'format/socialwall:lockcomment',1,1446703155,2),(1218,1,4,'format/socialwall:deleteanycomment',1,1446703155,2),(1219,1,3,'format/socialwall:deleteanycomment',1,1446703155,2),(1220,1,4,'format/socialwall:deleteowncomment',1,1446703156,2),(1221,1,3,'format/socialwall:deleteowncomment',1,1446703156,2),(1222,1,5,'format/socialwall:deleteowncomment',1,1446703156,2),(1223,1,4,'format/socialwall:writecomment',1,1446703156,2),(1224,1,3,'format/socialwall:writecomment',1,1446703156,2),(1225,1,5,'format/socialwall:writecomment',1,1446703156,2),(1226,1,4,'format/socialwall:like',1,1446703156,2),(1227,1,3,'format/socialwall:like',1,1446703156,2),(1228,1,5,'format/socialwall:like',1,1446703156,2),(1229,1,4,'format/socialwall:viewlikes',1,1446703156,2),(1230,1,3,'format/socialwall:viewlikes',1,1446703156,2),(1231,1,5,'format/socialwall:viewlikes',1,1446703156,2),(1232,1,4,'format/socialwall:posthtml',1,1446703156,2),(1233,1,3,'format/socialwall:posthtml',1,1446703157,2),(1234,1,4,'format/socialwall:updateownpost',1,1446703157,2),(1235,1,3,'format/socialwall:updateownpost',1,1446703157,2),(1236,1,7,'block/my_grades:myaddinstance',1,1447987622,2),(1237,1,3,'block/my_grades:addinstance',1,1447987622,2),(1238,1,1,'block/my_grades:addinstance',1,1447987622,2),(1239,1,7,'block/grade_me:myaddinstance',1,1447990174,2),(1240,1,3,'block/grade_me:addinstance',1,1447990174,2),(1241,1,1,'block/grade_me:addinstance',1,1447990174,2),(1242,1,6,'blocks/searchcourses:view',-1,1447992932,2),(1243,1,5,'blocks/searchcourses:view',1,1447992932,2),(1244,1,4,'blocks/searchcourses:view',1,1447992932,2),(1245,1,3,'blocks/searchcourses:view',1,1447992932,2),(1246,1,2,'blocks/searchcourses:view',1,1447992932,2),(1247,1,1,'blocks/searchcourses:view',1,1447992932,2),(1248,1,6,'block/searchcourses:myaddinstance',-1,1447992932,2),(1249,1,5,'block/searchcourses:myaddinstance',1,1447992933,2),(1250,1,4,'block/searchcourses:myaddinstance',1,1447992933,2),(1251,1,3,'block/searchcourses:myaddinstance',1,1447992933,2),(1252,1,2,'block/searchcourses:myaddinstance',1,1447992933,2),(1253,1,1,'block/searchcourses:myaddinstance',1,1447992933,2),(1254,1,6,'block/searchcourses:addinstance',-1,1447992933,2),(1255,1,5,'block/searchcourses:addinstance',1,1447992933,2),(1256,1,4,'block/searchcourses:addinstance',1,1447992933,2),(1257,1,3,'block/searchcourses:addinstance',1,1447992933,2),(1258,1,2,'block/searchcourses:addinstance',1,1447992933,2),(1259,1,1,'block/searchcourses:addinstance',1,1447992933,2),(1260,1,3,'mod/certificate:addinstance',1,1447993577,2),(1261,1,1,'mod/certificate:addinstance',1,1447993577,2),(1262,1,5,'mod/certificate:view',1,1447993577,2),(1263,1,4,'mod/certificate:view',1,1447993577,2),(1264,1,3,'mod/certificate:view',1,1447993577,2),(1265,1,1,'mod/certificate:view',1,1447993577,2),(1266,1,4,'mod/certificate:manage',1,1447993577,2),(1267,1,3,'mod/certificate:manage',1,1447993577,2),(1268,1,1,'mod/certificate:manage',1,1447993577,2),(1269,1,4,'mod/certificate:printteacher',1,1447993577,2),(1270,1,3,'mod/certificate:printteacher',1,1447993577,2),(1271,1,1,'mod/certificate:printteacher',1,1447993577,2),(1272,1,3,'block/report_certificates:addinstance',1,1447993578,2),(1273,1,1,'block/report_certificates:addinstance',1,1447993578,2),(1274,1,7,'block/report_certificates:myaddinstance',1,1447993578,2),(1275,1,3,'mod/checklist:addinstance',1,1447993770,2),(1276,1,1,'mod/checklist:addinstance',1,1447993770,2),(1277,1,5,'mod/checklist:updateown',1,1447993770,2),(1278,1,4,'mod/checklist:updateother',1,1447993770,2),(1279,1,3,'mod/checklist:updateother',1,1447993770,2),(1280,1,1,'mod/checklist:updateother',1,1447993770,2),(1281,1,4,'mod/checklist:preview',1,1447993770,2),(1282,1,3,'mod/checklist:preview',1,1447993770,2),(1283,1,1,'mod/checklist:preview',1,1447993770,2),(1284,1,4,'mod/checklist:viewreports',1,1447993770,2),(1285,1,3,'mod/checklist:viewreports',1,1447993770,2),(1286,1,1,'mod/checklist:viewreports',1,1447993770,2),(1287,1,3,'mod/checklist:edit',1,1447993770,2),(1288,1,1,'mod/checklist:edit',1,1447993770,2),(1289,1,3,'mod/checklist:emailoncomplete',1,1447993771,2),(1290,1,4,'mod/checklist:emailoncomplete',1,1447993771,2),(1291,1,3,'mod/checklist:updatelocked',1,1447993771,2),(1292,1,1,'mod/checklist:updatelocked',1,1447993771,2),(1293,1,3,'block/checklist:addinstance',1,1447993771,2),(1294,1,1,'block/checklist:addinstance',1,1447993771,2),(1295,1,3,'block/massaction:use',1,1447993852,2),(1296,1,1,'block/massaction:use',1,1447993852,2),(1297,1,3,'block/massaction:addinstance',1,1447993852,2),(1298,1,1,'block/massaction:addinstance',1,1447993852,2),(1299,1,3,'block/messageteacher:addinstance',1,1447993967,2),(1300,1,1,'block/messageteacher:addinstance',1,1447993967,2),(1301,1,6,'block/learning_plan:viewpages',-1,1447994325,2),(1302,1,5,'block/learning_plan:viewpages',1,1447994325,2),(1303,1,7,'block/learning_plan:viewpages',1,1447994325,2),(1304,1,4,'block/learning_plan:viewpages',1,1447994325,2),(1305,1,3,'block/learning_plan:viewpages',1,1447994325,2),(1306,1,2,'block/learning_plan:viewpages',1,1447994325,2),(1307,1,1,'block/learning_plan:viewpages',1,1447994325,2),(1308,1,3,'block/learning_plan:addinstance',1,1447994325,2),(1309,1,1,'block/learning_plan:addinstance',1,1447994325,2),(1310,1,6,'block/learning_plan:managepages',-1,1447994325,2),(1311,1,5,'block/learning_plan:managepages',-1,1447994325,2),(1312,1,4,'block/learning_plan:managepages',-1,1447994325,2),(1313,1,3,'block/learning_plan:managepages',1,1447994325,2),(1314,1,2,'block/learning_plan:managepages',1,1447994326,2),(1315,1,1,'block/learning_plan:managepages',1,1447994326,2),(1316,1,1,'report/myfeedback:view',1,1448327841,2),(1317,1,6,'block/login_info:myaddinstance',1,1448331760,2),(1318,1,5,'block/login_info:myaddinstance',1,1448331760,2),(1319,1,4,'block/login_info:myaddinstance',1,1448331760,2),(1320,1,3,'block/login_info:myaddinstance',1,1448331760,2),(1321,1,1,'block/login_info:myaddinstance',1,1448331760,2),(1322,1,6,'block/login_info:addinstance',1,1448331760,2),(1323,1,5,'block/login_info:addinstance',1,1448331760,2),(1324,1,4,'block/login_info:addinstance',1,1448331760,2),(1325,1,3,'block/login_info:addinstance',1,1448331760,2),(1326,1,1,'block/login_info:addinstance',1,1448331760,2),(1327,1,7,'block/course_status_tracker:myaddinstance',1,1448332214,2),(1328,1,3,'block/course_status_tracker:addinstance',1,1448332214,2),(1329,1,1,'block/course_status_tracker:addinstance',1,1448332214,2),(1330,1,6,'block/course_status_tracker:view',-1,1448332214,2),(1331,1,5,'block/analytics_graphs:bemonitored',1,1448332351,2),(1332,1,6,'block/analytics_graphs:viewpages',-1,1448332351,2),(1333,1,5,'block/analytics_graphs:viewpages',-1,1448332351,2),(1334,1,4,'block/analytics_graphs:viewpages',1,1448332351,2),(1335,1,3,'block/analytics_graphs:viewpages',1,1448332351,2),(1336,1,2,'block/analytics_graphs:viewpages',1,1448332352,2),(1337,1,1,'block/analytics_graphs:viewpages',1,1448332352,2),(1338,1,3,'block/analytics_graphs:addinstance',1,1448332352,2),(1339,1,1,'block/analytics_graphs:addinstance',1,1448332352,2),(1340,1,7,'block/metalink:myaddinstance',1,1448332480,2),(1341,1,3,'block/metalink:addinstance',1,1448332480,2),(1342,1,1,'block/metalink:addinstance',1,1448332480,2),(1343,1,1,'block/metalink:use',1,1448332480,2),(1344,1,1,'block/dashboard:addinstance',1,1448333458,2),(1345,1,1,'block/dashboard:myaddinstance',1,1448333458,2),(1346,1,1,'block/dashboard:systempathaccess',1,1448333458,2),(1347,1,1,'block/dashboard:configure',1,1448333458,2),(1348,1,1,'tool/sync:configure',1,1448333553,2),(1349,1,1,'enrol/metabulk:config',1,1448334158,2),(1350,1,3,'enrol/metabulk:config',1,1448334158,2),(1351,1,1,'enrol/metabulk:selectaslinked',1,1448334158,2),(1352,1,1,'enrol/metabulk:unenrol',1,1448334158,2);

--
-- Table structure for table `mdl_role_context_levels`
--

CREATE TABLE `mdl_role_context_levels` (
  `id` bigint(10) NOT NULL AUTO_INCREMENT,
  `roleid` bigint(10) NOT NULL,
  `contextlevel` bigint(10) NOT NULL,
  PRIMARY KEY (`id`),
  UNIQUE KEY `mdl_rolecontleve_conrol_uix` (`contextlevel`,`roleid`),
  KEY `mdl_rolecontleve_rol_ix` (`roleid`)
) ENGINE=InnoDB AUTO_INCREMENT=12 DEFAULT CHARSET=utf8 COMMENT='Lists which roles can be assigned at which context levels. T';

--
-- Dumping data for table `mdl_role_context_levels`
--

INSERT INTO `mdl_role_context_levels` VALUES (1,1,10),(4,2,10),(2,1,40),(5,2,40),(3,1,50),(6,3,50),(8,4,50),(10,5,50),(7,3,70),(9,4,70),(11,5,70);

--
-- Table structure for table `mdl_role_names`
--

CREATE TABLE `mdl_role_names` (
  `id` bigint(10) NOT NULL AUTO_INCREMENT,
  `roleid` bigint(10) NOT NULL DEFAULT '0',
  `contextid` bigint(10) NOT NULL DEFAULT '0',
  `name` varchar(255) NOT NULL DEFAULT '',
  PRIMARY KEY (`id`),
  UNIQUE KEY `mdl_rolename_rolcon_uix` (`roleid`,`contextid`),
  KEY `mdl_rolename_rol_ix` (`roleid`),
  KEY `mdl_rolename_con_ix` (`contextid`)
) ENGINE=InnoDB DEFAULT CHARSET=utf8 COMMENT='role names in native strings';

--
-- Dumping data for table `mdl_role_names`
--


--
-- Table structure for table `mdl_role_sortorder`
--

CREATE TABLE `mdl_role_sortorder` (
  `id` bigint(10) NOT NULL AUTO_INCREMENT,
  `userid` bigint(10) NOT NULL,
  `roleid` bigint(10) NOT NULL,
  `contextid` bigint(10) NOT NULL,
  `sortoder` bigint(10) NOT NULL,
  PRIMARY KEY (`id`),
  UNIQUE KEY `mdl_rolesort_userolcon_uix` (`userid`,`roleid`,`contextid`),
  KEY `mdl_rolesort_use_ix` (`userid`),
  KEY `mdl_rolesort_rol_ix` (`roleid`),
  KEY `mdl_rolesort_con_ix` (`contextid`)
) ENGINE=InnoDB DEFAULT CHARSET=utf8 COMMENT='sort order of course managers in a course';

--
-- Dumping data for table `mdl_role_sortorder`
--


--
-- Table structure for table `mdl_scale`
--

CREATE TABLE `mdl_scale` (
  `id` bigint(10) NOT NULL AUTO_INCREMENT,
  `courseid` bigint(10) NOT NULL DEFAULT '0',
  `userid` bigint(10) NOT NULL DEFAULT '0',
  `name` varchar(255) NOT NULL DEFAULT '',
  `scale` longtext NOT NULL,
  `description` longtext NOT NULL,
  `descriptionformat` tinyint(2) NOT NULL DEFAULT '0',
  `timemodified` bigint(10) NOT NULL DEFAULT '0',
  PRIMARY KEY (`id`),
  KEY `mdl_scal_cou_ix` (`courseid`)
) ENGINE=InnoDB AUTO_INCREMENT=2 DEFAULT CHARSET=utf8 COMMENT='Defines grading scales';

--
-- Dumping data for table `mdl_scale`
--

INSERT INTO `mdl_scale` VALUES (1,0,0,'Separate and Connected ways of knowing','Mostly separate knowing,Separate and connected,Mostly connected knowing','The scale based on the theory of separate and connected knowing. This theory describes two different ways that we can evaluate and learn about the things we see and hear.<ul><li><strong>Separate knowers</strong> remain as objective as possible without including feelings and emotions. In a discussion with other people, they like to defend their own ideas, using logic to find holes in opponent\'s ideas.</li><li><strong>Connected knowers</strong> are more sensitive to other people. They are skilled at empathy and tends to listen and ask questions until they feel they can connect and \"understand things from their point of view\". They learn by trying to share the experiences that led to the knowledge they find in other people.</li></ul>',0,1448336098);

--
-- Table structure for table `mdl_scale_history`
--

CREATE TABLE `mdl_scale_history` (
  `id` bigint(10) NOT NULL AUTO_INCREMENT,
  `action` bigint(10) NOT NULL DEFAULT '0',
  `oldid` bigint(10) NOT NULL,
  `source` varchar(255) DEFAULT NULL,
  `timemodified` bigint(10) DEFAULT NULL,
  `loggeduser` bigint(10) DEFAULT NULL,
  `courseid` bigint(10) NOT NULL DEFAULT '0',
  `userid` bigint(10) NOT NULL DEFAULT '0',
  `name` varchar(255) NOT NULL DEFAULT '',
  `scale` longtext NOT NULL,
  `description` longtext NOT NULL,
  PRIMARY KEY (`id`),
  KEY `mdl_scalhist_act_ix` (`action`),
  KEY `mdl_scalhist_old_ix` (`oldid`),
  KEY `mdl_scalhist_cou_ix` (`courseid`),
  KEY `mdl_scalhist_log_ix` (`loggeduser`)
) ENGINE=InnoDB DEFAULT CHARSET=utf8 COMMENT='History table';

--
-- Dumping data for table `mdl_scale_history`
--


--
-- Table structure for table `mdl_scorm`
--

CREATE TABLE `mdl_scorm` (
  `id` bigint(10) NOT NULL AUTO_INCREMENT,
  `course` bigint(10) NOT NULL DEFAULT '0',
  `name` varchar(255) NOT NULL DEFAULT '',
  `scormtype` varchar(50) NOT NULL DEFAULT 'local',
  `reference` varchar(255) NOT NULL DEFAULT '',
  `intro` longtext NOT NULL,
  `introformat` smallint(4) NOT NULL DEFAULT '0',
  `version` varchar(9) NOT NULL DEFAULT '',
  `maxgrade` double NOT NULL DEFAULT '0',
  `grademethod` tinyint(2) NOT NULL DEFAULT '0',
  `whatgrade` bigint(10) NOT NULL DEFAULT '0',
  `maxattempt` bigint(10) NOT NULL DEFAULT '1',
  `forcecompleted` tinyint(1) NOT NULL DEFAULT '0',
  `forcenewattempt` tinyint(1) NOT NULL DEFAULT '0',
  `lastattemptlock` tinyint(1) NOT NULL DEFAULT '0',
  `displayattemptstatus` tinyint(1) NOT NULL DEFAULT '1',
  `displaycoursestructure` tinyint(1) NOT NULL DEFAULT '0',
  `updatefreq` tinyint(1) NOT NULL DEFAULT '0',
  `sha1hash` varchar(40) DEFAULT NULL,
  `md5hash` varchar(32) NOT NULL DEFAULT '',
  `revision` bigint(10) NOT NULL DEFAULT '0',
  `launch` bigint(10) NOT NULL DEFAULT '0',
  `skipview` tinyint(1) NOT NULL DEFAULT '1',
  `hidebrowse` tinyint(1) NOT NULL DEFAULT '0',
  `hidetoc` tinyint(1) NOT NULL DEFAULT '0',
  `nav` tinyint(1) NOT NULL DEFAULT '1',
  `navpositionleft` bigint(10) DEFAULT '-100',
  `navpositiontop` bigint(10) DEFAULT '-100',
  `auto` tinyint(1) NOT NULL DEFAULT '0',
  `popup` tinyint(1) NOT NULL DEFAULT '0',
  `options` varchar(255) NOT NULL DEFAULT '',
  `width` bigint(10) NOT NULL DEFAULT '100',
  `height` bigint(10) NOT NULL DEFAULT '600',
  `timeopen` bigint(10) NOT NULL DEFAULT '0',
  `timeclose` bigint(10) NOT NULL DEFAULT '0',
  `timemodified` bigint(10) NOT NULL DEFAULT '0',
  `completionstatusrequired` tinyint(1) DEFAULT NULL,
  `completionscorerequired` tinyint(2) DEFAULT NULL,
  `displayactivityname` smallint(4) NOT NULL DEFAULT '1',
  `autocommit` tinyint(1) NOT NULL DEFAULT '0',
  PRIMARY KEY (`id`),
  KEY `mdl_scor_cou_ix` (`course`)
) ENGINE=InnoDB DEFAULT CHARSET=utf8 COMMENT='each table is one SCORM module and its configuration';

--
-- Dumping data for table `mdl_scorm`
--


--
-- Table structure for table `mdl_scorm_aicc_session`
--

CREATE TABLE `mdl_scorm_aicc_session` (
  `id` bigint(10) NOT NULL AUTO_INCREMENT,
  `userid` bigint(10) NOT NULL DEFAULT '0',
  `scormid` bigint(10) NOT NULL DEFAULT '0',
  `hacpsession` varchar(255) NOT NULL DEFAULT '',
  `scoid` bigint(10) DEFAULT '0',
  `scormmode` varchar(50) DEFAULT NULL,
  `scormstatus` varchar(255) DEFAULT NULL,
  `attempt` bigint(10) DEFAULT NULL,
  `lessonstatus` varchar(255) DEFAULT NULL,
  `sessiontime` varchar(255) DEFAULT NULL,
  `timecreated` bigint(10) NOT NULL DEFAULT '0',
  `timemodified` bigint(10) NOT NULL DEFAULT '0',
  PRIMARY KEY (`id`),
  KEY `mdl_scoraiccsess_sco_ix` (`scormid`),
  KEY `mdl_scoraiccsess_use_ix` (`userid`)
) ENGINE=InnoDB DEFAULT CHARSET=utf8 COMMENT='Used by AICC HACP to store session information';

--
-- Dumping data for table `mdl_scorm_aicc_session`
--


--
-- Table structure for table `mdl_scorm_scoes`
--

CREATE TABLE `mdl_scorm_scoes` (
  `id` bigint(10) NOT NULL AUTO_INCREMENT,
  `scorm` bigint(10) NOT NULL DEFAULT '0',
  `manifest` varchar(255) NOT NULL DEFAULT '',
  `organization` varchar(255) NOT NULL DEFAULT '',
  `parent` varchar(255) NOT NULL DEFAULT '',
  `identifier` varchar(255) NOT NULL DEFAULT '',
  `launch` longtext NOT NULL,
  `scormtype` varchar(5) NOT NULL DEFAULT '',
  `title` varchar(255) NOT NULL DEFAULT '',
  `sortorder` bigint(10) NOT NULL DEFAULT '0',
  PRIMARY KEY (`id`),
  KEY `mdl_scorscoe_sco_ix` (`scorm`)
) ENGINE=InnoDB DEFAULT CHARSET=utf8 COMMENT='each SCO part of the SCORM module';

--
-- Dumping data for table `mdl_scorm_scoes`
--


--
-- Table structure for table `mdl_scorm_scoes_data`
--

CREATE TABLE `mdl_scorm_scoes_data` (
  `id` bigint(10) NOT NULL AUTO_INCREMENT,
  `scoid` bigint(10) NOT NULL DEFAULT '0',
  `name` varchar(255) NOT NULL DEFAULT '',
  `value` longtext NOT NULL,
  PRIMARY KEY (`id`),
  KEY `mdl_scorscoedata_sco_ix` (`scoid`)
) ENGINE=InnoDB DEFAULT CHARSET=utf8 COMMENT='Contains variable data get from packages';

--
-- Dumping data for table `mdl_scorm_scoes_data`
--


--
-- Table structure for table `mdl_scorm_scoes_track`
--

CREATE TABLE `mdl_scorm_scoes_track` (
  `id` bigint(10) NOT NULL AUTO_INCREMENT,
  `userid` bigint(10) NOT NULL DEFAULT '0',
  `scormid` bigint(10) NOT NULL DEFAULT '0',
  `scoid` bigint(10) NOT NULL DEFAULT '0',
  `attempt` bigint(10) NOT NULL DEFAULT '1',
  `element` varchar(255) NOT NULL DEFAULT '',
  `value` longtext NOT NULL,
  `timemodified` bigint(10) NOT NULL DEFAULT '0',
  PRIMARY KEY (`id`),
  UNIQUE KEY `mdl_scorscoetrac_usescosco_uix` (`userid`,`scormid`,`scoid`,`attempt`,`element`),
  KEY `mdl_scorscoetrac_use_ix` (`userid`),
  KEY `mdl_scorscoetrac_ele_ix` (`element`),
  KEY `mdl_scorscoetrac_sco_ix` (`scormid`),
  KEY `mdl_scorscoetrac_sco2_ix` (`scoid`)
) ENGINE=InnoDB DEFAULT CHARSET=utf8 COMMENT='to track SCOes';

--
-- Dumping data for table `mdl_scorm_scoes_track`
--


--
-- Table structure for table `mdl_scorm_seq_mapinfo`
--

CREATE TABLE `mdl_scorm_seq_mapinfo` (
  `id` bigint(10) NOT NULL AUTO_INCREMENT,
  `scoid` bigint(10) NOT NULL DEFAULT '0',
  `objectiveid` bigint(10) NOT NULL DEFAULT '0',
  `targetobjectiveid` bigint(10) NOT NULL DEFAULT '0',
  `readsatisfiedstatus` tinyint(1) NOT NULL DEFAULT '1',
  `readnormalizedmeasure` tinyint(1) NOT NULL DEFAULT '1',
  `writesatisfiedstatus` tinyint(1) NOT NULL DEFAULT '0',
  `writenormalizedmeasure` tinyint(1) NOT NULL DEFAULT '0',
  PRIMARY KEY (`id`),
  UNIQUE KEY `mdl_scorseqmapi_scoidobj_uix` (`scoid`,`id`,`objectiveid`),
  KEY `mdl_scorseqmapi_sco_ix` (`scoid`),
  KEY `mdl_scorseqmapi_obj_ix` (`objectiveid`)
) ENGINE=InnoDB DEFAULT CHARSET=utf8 COMMENT='SCORM2004 objective mapinfo description';

--
-- Dumping data for table `mdl_scorm_seq_mapinfo`
--


--
-- Table structure for table `mdl_scorm_seq_objective`
--

CREATE TABLE `mdl_scorm_seq_objective` (
  `id` bigint(10) NOT NULL AUTO_INCREMENT,
  `scoid` bigint(10) NOT NULL DEFAULT '0',
  `primaryobj` tinyint(1) NOT NULL DEFAULT '0',
  `objectiveid` varchar(255) NOT NULL DEFAULT '',
  `satisfiedbymeasure` tinyint(1) NOT NULL DEFAULT '1',
  `minnormalizedmeasure` float(11,4) NOT NULL DEFAULT '0.0000',
  PRIMARY KEY (`id`),
  UNIQUE KEY `mdl_scorseqobje_scoid_uix` (`scoid`,`id`),
  KEY `mdl_scorseqobje_sco_ix` (`scoid`)
) ENGINE=InnoDB DEFAULT CHARSET=utf8 COMMENT='SCORM2004 objective description';

--
-- Dumping data for table `mdl_scorm_seq_objective`
--


--
-- Table structure for table `mdl_scorm_seq_rolluprule`
--

CREATE TABLE `mdl_scorm_seq_rolluprule` (
  `id` bigint(10) NOT NULL AUTO_INCREMENT,
  `scoid` bigint(10) NOT NULL DEFAULT '0',
  `childactivityset` varchar(15) NOT NULL DEFAULT '',
  `minimumcount` bigint(10) NOT NULL DEFAULT '0',
  `minimumpercent` float(11,4) NOT NULL DEFAULT '0.0000',
  `conditioncombination` varchar(3) NOT NULL DEFAULT 'all',
  `action` varchar(15) NOT NULL DEFAULT '',
  PRIMARY KEY (`id`),
  UNIQUE KEY `mdl_scorseqroll_scoid_uix` (`scoid`,`id`),
  KEY `mdl_scorseqroll_sco_ix` (`scoid`)
) ENGINE=InnoDB DEFAULT CHARSET=utf8 COMMENT='SCORM2004 sequencing rule';

--
-- Dumping data for table `mdl_scorm_seq_rolluprule`
--


--
-- Table structure for table `mdl_scorm_seq_rolluprulecond`
--

CREATE TABLE `mdl_scorm_seq_rolluprulecond` (
  `id` bigint(10) NOT NULL AUTO_INCREMENT,
  `scoid` bigint(10) NOT NULL DEFAULT '0',
  `rollupruleid` bigint(10) NOT NULL DEFAULT '0',
  `operator` varchar(5) NOT NULL DEFAULT 'noOp',
  `cond` varchar(25) NOT NULL DEFAULT '',
  PRIMARY KEY (`id`),
  UNIQUE KEY `mdl_scorseqroll_scorolid_uix` (`scoid`,`rollupruleid`,`id`),
  KEY `mdl_scorseqroll_sco2_ix` (`scoid`),
  KEY `mdl_scorseqroll_rol_ix` (`rollupruleid`)
) ENGINE=InnoDB DEFAULT CHARSET=utf8 COMMENT='SCORM2004 sequencing rule';

--
-- Dumping data for table `mdl_scorm_seq_rolluprulecond`
--


--
-- Table structure for table `mdl_scorm_seq_rulecond`
--

CREATE TABLE `mdl_scorm_seq_rulecond` (
  `id` bigint(10) NOT NULL AUTO_INCREMENT,
  `scoid` bigint(10) NOT NULL DEFAULT '0',
  `ruleconditionsid` bigint(10) NOT NULL DEFAULT '0',
  `refrencedobjective` varchar(255) NOT NULL DEFAULT '',
  `measurethreshold` float(11,4) NOT NULL DEFAULT '0.0000',
  `operator` varchar(5) NOT NULL DEFAULT 'noOp',
  `cond` varchar(30) NOT NULL DEFAULT 'always',
  PRIMARY KEY (`id`),
  UNIQUE KEY `mdl_scorseqrule_idscorul_uix` (`id`,`scoid`,`ruleconditionsid`),
  KEY `mdl_scorseqrule_sco2_ix` (`scoid`),
  KEY `mdl_scorseqrule_rul_ix` (`ruleconditionsid`)
) ENGINE=InnoDB DEFAULT CHARSET=utf8 COMMENT='SCORM2004 rule condition';

--
-- Dumping data for table `mdl_scorm_seq_rulecond`
--


--
-- Table structure for table `mdl_scorm_seq_ruleconds`
--

CREATE TABLE `mdl_scorm_seq_ruleconds` (
  `id` bigint(10) NOT NULL AUTO_INCREMENT,
  `scoid` bigint(10) NOT NULL DEFAULT '0',
  `conditioncombination` varchar(3) NOT NULL DEFAULT 'all',
  `ruletype` tinyint(2) NOT NULL DEFAULT '0',
  `action` varchar(25) NOT NULL DEFAULT '',
  PRIMARY KEY (`id`),
  UNIQUE KEY `mdl_scorseqrule_scoid_uix` (`scoid`,`id`),
  KEY `mdl_scorseqrule_sco_ix` (`scoid`)
) ENGINE=InnoDB DEFAULT CHARSET=utf8 COMMENT='SCORM2004 rule conditions';

--
-- Dumping data for table `mdl_scorm_seq_ruleconds`
--


--
-- Table structure for table `mdl_sessions`
--

CREATE TABLE `mdl_sessions` (
  `id` bigint(10) NOT NULL AUTO_INCREMENT,
  `state` bigint(10) NOT NULL DEFAULT '0',
  `sid` varchar(128) NOT NULL DEFAULT '',
  `userid` bigint(10) NOT NULL,
  `sessdata` longtext,
  `timecreated` bigint(10) NOT NULL,
  `timemodified` bigint(10) NOT NULL,
  `firstip` varchar(45) DEFAULT NULL,
  `lastip` varchar(45) DEFAULT NULL,
  PRIMARY KEY (`id`),
  UNIQUE KEY `mdl_sess_sid_uix` (`sid`),
  KEY `mdl_sess_sta_ix` (`state`),
  KEY `mdl_sess_tim_ix` (`timecreated`),
  KEY `mdl_sess_tim2_ix` (`timemodified`),
  KEY `mdl_sess_use_ix` (`userid`)
) ENGINE=InnoDB AUTO_INCREMENT=271 DEFAULT CHARSET=utf8 COMMENT='Database based session storage - now recommended';

--
-- Dumping data for table `mdl_sessions`
--

INSERT INTO `mdl_sessions` VALUES (270,0,'dr8o42c8of7vtj53oc9j25c660',2,NULL,1449708557,1449708635,'120.146.47.56','120.146.47.56');

--
-- Table structure for table `mdl_socialwiki`
--

CREATE TABLE `mdl_socialwiki` (
  `id` bigint(10) NOT NULL AUTO_INCREMENT,
  `course` bigint(10) NOT NULL DEFAULT '0',
  `name` varchar(255) NOT NULL DEFAULT 'Wiki',
  `intro` longtext,
  `introformat` smallint(4) NOT NULL DEFAULT '0',
  `timecreated` bigint(10) NOT NULL DEFAULT '0',
  `timemodified` bigint(10) NOT NULL DEFAULT '0',
  `wikimode` varchar(20) NOT NULL DEFAULT 'collaborative',
  `defaultformat` varchar(20) NOT NULL DEFAULT 'creole',
  `forceformat` tinyint(1) NOT NULL DEFAULT '1',
  `editbegin` bigint(10) NOT NULL DEFAULT '0',
  `editend` bigint(10) DEFAULT '0',
  `style` varchar(255) DEFAULT 'classic',
  PRIMARY KEY (`id`),
  KEY `mdl_soci_cou_ix` (`course`)
) ENGINE=InnoDB DEFAULT CHARSET=utf8 COMMENT='Stores socialwiki activity configuration';

--
-- Dumping data for table `mdl_socialwiki`
--


--
-- Table structure for table `mdl_socialwiki_follows`
--

CREATE TABLE `mdl_socialwiki_follows` (
  `id` bigint(10) NOT NULL AUTO_INCREMENT,
  `userfromid` bigint(10) NOT NULL DEFAULT '0',
  `usertoid` bigint(10) NOT NULL DEFAULT '0',
  `subwikiid` bigint(10) DEFAULT NULL,
  PRIMARY KEY (`id`)
) ENGINE=InnoDB DEFAULT CHARSET=utf8 COMMENT='Stores people''s followers in socialwiki';

--
-- Dumping data for table `mdl_socialwiki_follows`
--


--
-- Table structure for table `mdl_socialwiki_likes`
--

CREATE TABLE `mdl_socialwiki_likes` (
  `id` bigint(10) NOT NULL AUTO_INCREMENT,
  `userid` bigint(10) NOT NULL DEFAULT '0',
  `pageid` bigint(10) NOT NULL DEFAULT '0',
  `subwikiid` bigint(10) DEFAULT NULL,
  PRIMARY KEY (`id`)
) ENGINE=InnoDB DEFAULT CHARSET=utf8 COMMENT='Stores likes of socialwiki pages';

--
-- Dumping data for table `mdl_socialwiki_likes`
--


--
-- Table structure for table `mdl_socialwiki_pages`
--

CREATE TABLE `mdl_socialwiki_pages` (
  `id` bigint(10) NOT NULL AUTO_INCREMENT,
  `subwikiid` bigint(10) NOT NULL DEFAULT '0',
  `title` varchar(255) NOT NULL DEFAULT 'title',
  `content` longtext NOT NULL,
  `format` varchar(20) NOT NULL DEFAULT 'creole',
  `timecreated` bigint(10) NOT NULL DEFAULT '0',
  `userid` bigint(10) NOT NULL DEFAULT '0',
  `pageviews` bigint(10) NOT NULL DEFAULT '0',
  `parent` bigint(10) DEFAULT NULL,
  PRIMARY KEY (`id`),
  KEY `mdl_socipage_sub_ix` (`subwikiid`)
) ENGINE=InnoDB DEFAULT CHARSET=utf8 COMMENT='Stores wiki pages';

--
-- Dumping data for table `mdl_socialwiki_pages`
--


--
-- Table structure for table `mdl_socialwiki_subwikis`
--

CREATE TABLE `mdl_socialwiki_subwikis` (
  `id` bigint(10) NOT NULL AUTO_INCREMENT,
  `wikiid` bigint(10) NOT NULL DEFAULT '0',
  `groupid` bigint(10) NOT NULL DEFAULT '0',
  `userid` bigint(10) NOT NULL DEFAULT '0',
  PRIMARY KEY (`id`),
  UNIQUE KEY `mdl_socisubw_wikgrouse_uix` (`wikiid`,`groupid`,`userid`),
  KEY `mdl_socisubw_wik_ix` (`wikiid`)
) ENGINE=InnoDB DEFAULT CHARSET=utf8 COMMENT='Stores subwiki instances';

--
-- Dumping data for table `mdl_socialwiki_subwikis`
--


--
-- Table structure for table `mdl_socialwiki_user_views`
--

CREATE TABLE `mdl_socialwiki_user_views` (
  `id` bigint(10) NOT NULL AUTO_INCREMENT,
  `userid` bigint(10) NOT NULL,
  `pageid` bigint(10) NOT NULL,
  `viewcount` bigint(10) NOT NULL DEFAULT '0',
  `latestview` bigint(10) NOT NULL DEFAULT '0',
  PRIMARY KEY (`id`),
  KEY `mdl_sociuserview_use_ix` (`userid`),
  KEY `mdl_sociuserview_pag_ix` (`pageid`)
) ENGINE=InnoDB DEFAULT CHARSET=utf8 COMMENT='Social wiki user views';

--
-- Dumping data for table `mdl_socialwiki_user_views`
--


--
-- Table structure for table `mdl_stats_daily`
--

CREATE TABLE `mdl_stats_daily` (
  `id` bigint(10) NOT NULL AUTO_INCREMENT,
  `courseid` bigint(10) NOT NULL DEFAULT '0',
  `timeend` bigint(10) NOT NULL DEFAULT '0',
  `roleid` bigint(10) NOT NULL DEFAULT '0',
  `stattype` varchar(20) NOT NULL DEFAULT 'activity',
  `stat1` bigint(10) NOT NULL DEFAULT '0',
  `stat2` bigint(10) NOT NULL DEFAULT '0',
  PRIMARY KEY (`id`),
  KEY `mdl_statdail_cou_ix` (`courseid`),
  KEY `mdl_statdail_tim_ix` (`timeend`),
  KEY `mdl_statdail_rol_ix` (`roleid`)
) ENGINE=InnoDB DEFAULT CHARSET=utf8 COMMENT='to accumulate daily stats';

--
-- Dumping data for table `mdl_stats_daily`
--


--
-- Table structure for table `mdl_stats_monthly`
--

CREATE TABLE `mdl_stats_monthly` (
  `id` bigint(10) NOT NULL AUTO_INCREMENT,
  `courseid` bigint(10) NOT NULL DEFAULT '0',
  `timeend` bigint(10) NOT NULL DEFAULT '0',
  `roleid` bigint(10) NOT NULL DEFAULT '0',
  `stattype` varchar(20) NOT NULL DEFAULT 'activity',
  `stat1` bigint(10) NOT NULL DEFAULT '0',
  `stat2` bigint(10) NOT NULL DEFAULT '0',
  PRIMARY KEY (`id`),
  KEY `mdl_statmont_cou_ix` (`courseid`),
  KEY `mdl_statmont_tim_ix` (`timeend`),
  KEY `mdl_statmont_rol_ix` (`roleid`)
) ENGINE=InnoDB DEFAULT CHARSET=utf8 COMMENT='To accumulate monthly stats';

--
-- Dumping data for table `mdl_stats_monthly`
--


--
-- Table structure for table `mdl_stats_user_daily`
--

CREATE TABLE `mdl_stats_user_daily` (
  `id` bigint(10) NOT NULL AUTO_INCREMENT,
  `courseid` bigint(10) NOT NULL DEFAULT '0',
  `userid` bigint(10) NOT NULL DEFAULT '0',
  `roleid` bigint(10) NOT NULL DEFAULT '0',
  `timeend` bigint(10) NOT NULL DEFAULT '0',
  `statsreads` bigint(10) NOT NULL DEFAULT '0',
  `statswrites` bigint(10) NOT NULL DEFAULT '0',
  `stattype` varchar(30) NOT NULL DEFAULT '',
  PRIMARY KEY (`id`),
  KEY `mdl_statuserdail_cou_ix` (`courseid`),
  KEY `mdl_statuserdail_use_ix` (`userid`),
  KEY `mdl_statuserdail_rol_ix` (`roleid`),
  KEY `mdl_statuserdail_tim_ix` (`timeend`)
) ENGINE=InnoDB DEFAULT CHARSET=utf8 COMMENT='To accumulate daily stats per course/user';

--
-- Dumping data for table `mdl_stats_user_daily`
--


--
-- Table structure for table `mdl_stats_user_monthly`
--

CREATE TABLE `mdl_stats_user_monthly` (
  `id` bigint(10) NOT NULL AUTO_INCREMENT,
  `courseid` bigint(10) NOT NULL DEFAULT '0',
  `userid` bigint(10) NOT NULL DEFAULT '0',
  `roleid` bigint(10) NOT NULL DEFAULT '0',
  `timeend` bigint(10) NOT NULL DEFAULT '0',
  `statsreads` bigint(10) NOT NULL DEFAULT '0',
  `statswrites` bigint(10) NOT NULL DEFAULT '0',
  `stattype` varchar(30) NOT NULL DEFAULT '',
  PRIMARY KEY (`id`),
  KEY `mdl_statusermont_cou_ix` (`courseid`),
  KEY `mdl_statusermont_use_ix` (`userid`),
  KEY `mdl_statusermont_rol_ix` (`roleid`),
  KEY `mdl_statusermont_tim_ix` (`timeend`)
) ENGINE=InnoDB DEFAULT CHARSET=utf8 COMMENT='To accumulate monthly stats per course/user';

--
-- Dumping data for table `mdl_stats_user_monthly`
--


--
-- Table structure for table `mdl_stats_user_weekly`
--

CREATE TABLE `mdl_stats_user_weekly` (
  `id` bigint(10) NOT NULL AUTO_INCREMENT,
  `courseid` bigint(10) NOT NULL DEFAULT '0',
  `userid` bigint(10) NOT NULL DEFAULT '0',
  `roleid` bigint(10) NOT NULL DEFAULT '0',
  `timeend` bigint(10) NOT NULL DEFAULT '0',
  `statsreads` bigint(10) NOT NULL DEFAULT '0',
  `statswrites` bigint(10) NOT NULL DEFAULT '0',
  `stattype` varchar(30) NOT NULL DEFAULT '',
  PRIMARY KEY (`id`),
  KEY `mdl_statuserweek_cou_ix` (`courseid`),
  KEY `mdl_statuserweek_use_ix` (`userid`),
  KEY `mdl_statuserweek_rol_ix` (`roleid`),
  KEY `mdl_statuserweek_tim_ix` (`timeend`)
) ENGINE=InnoDB DEFAULT CHARSET=utf8 COMMENT='To accumulate weekly stats per course/user';

--
-- Dumping data for table `mdl_stats_user_weekly`
--


--
-- Table structure for table `mdl_stats_weekly`
--

CREATE TABLE `mdl_stats_weekly` (
  `id` bigint(10) NOT NULL AUTO_INCREMENT,
  `courseid` bigint(10) NOT NULL DEFAULT '0',
  `timeend` bigint(10) NOT NULL DEFAULT '0',
  `roleid` bigint(10) NOT NULL DEFAULT '0',
  `stattype` varchar(20) NOT NULL DEFAULT 'activity',
  `stat1` bigint(10) NOT NULL DEFAULT '0',
  `stat2` bigint(10) NOT NULL DEFAULT '0',
  PRIMARY KEY (`id`),
  KEY `mdl_statweek_cou_ix` (`courseid`),
  KEY `mdl_statweek_tim_ix` (`timeend`),
  KEY `mdl_statweek_rol_ix` (`roleid`)
) ENGINE=InnoDB DEFAULT CHARSET=utf8 COMMENT='To accumulate weekly stats';

--
-- Dumping data for table `mdl_stats_weekly`
--


--
-- Table structure for table `mdl_survey`
--

CREATE TABLE `mdl_survey` (
  `id` bigint(10) NOT NULL AUTO_INCREMENT,
  `course` bigint(10) NOT NULL DEFAULT '0',
  `template` bigint(10) NOT NULL DEFAULT '0',
  `days` mediumint(6) NOT NULL DEFAULT '0',
  `timecreated` bigint(10) NOT NULL DEFAULT '0',
  `timemodified` bigint(10) NOT NULL DEFAULT '0',
  `name` varchar(255) NOT NULL DEFAULT '',
  `intro` longtext NOT NULL,
  `introformat` smallint(4) NOT NULL DEFAULT '0',
  `questions` varchar(255) NOT NULL DEFAULT '',
  PRIMARY KEY (`id`),
  KEY `mdl_surv_cou_ix` (`course`)
) ENGINE=InnoDB AUTO_INCREMENT=6 DEFAULT CHARSET=utf8 COMMENT='Each record is one SURVEY module with its configuration';

--
-- Dumping data for table `mdl_survey`
--

INSERT INTO `mdl_survey` VALUES (1,0,0,0,985017600,985017600,'collesaname','collesaintro',0,'25,26,27,28,29,30,43,44'),(2,0,0,0,985017600,985017600,'collespname','collespintro',0,'31,32,33,34,35,36,43,44'),(3,0,0,0,985017600,985017600,'collesapname','collesapintro',0,'37,38,39,40,41,42,43,44'),(4,0,0,0,985017600,985017600,'attlsname','attlsintro',0,'65,67,68'),(5,0,0,0,985017600,985017600,'ciqname','ciqintro',0,'69,70,71,72,73');

--
-- Table structure for table `mdl_survey_analysis`
--

CREATE TABLE `mdl_survey_analysis` (
  `id` bigint(10) NOT NULL AUTO_INCREMENT,
  `survey` bigint(10) NOT NULL DEFAULT '0',
  `userid` bigint(10) NOT NULL DEFAULT '0',
  `notes` longtext NOT NULL,
  PRIMARY KEY (`id`),
  KEY `mdl_survanal_use_ix` (`userid`),
  KEY `mdl_survanal_sur_ix` (`survey`)
) ENGINE=InnoDB DEFAULT CHARSET=utf8 COMMENT='text about each survey submission';

--
-- Dumping data for table `mdl_survey_analysis`
--


--
-- Table structure for table `mdl_survey_answers`
--

CREATE TABLE `mdl_survey_answers` (
  `id` bigint(10) NOT NULL AUTO_INCREMENT,
  `userid` bigint(10) NOT NULL DEFAULT '0',
  `survey` bigint(10) NOT NULL DEFAULT '0',
  `question` bigint(10) NOT NULL DEFAULT '0',
  `time` bigint(10) NOT NULL DEFAULT '0',
  `answer1` longtext NOT NULL,
  `answer2` longtext NOT NULL,
  PRIMARY KEY (`id`),
  KEY `mdl_survansw_use_ix` (`userid`),
  KEY `mdl_survansw_sur_ix` (`survey`),
  KEY `mdl_survansw_que_ix` (`question`)
) ENGINE=InnoDB DEFAULT CHARSET=utf8 COMMENT='the answers to each questions filled by the users';

--
-- Dumping data for table `mdl_survey_answers`
--


--
-- Table structure for table `mdl_survey_questions`
--

CREATE TABLE `mdl_survey_questions` (
  `id` bigint(10) NOT NULL AUTO_INCREMENT,
  `text` varchar(255) NOT NULL DEFAULT '',
  `shorttext` varchar(30) NOT NULL DEFAULT '',
  `multi` varchar(100) NOT NULL DEFAULT '',
  `intro` varchar(50) NOT NULL DEFAULT '',
  `type` smallint(3) NOT NULL DEFAULT '0',
  `options` longtext,
  PRIMARY KEY (`id`)
) ENGINE=InnoDB AUTO_INCREMENT=74 DEFAULT CHARSET=utf8 COMMENT='the questions conforming one survey';

--
-- Dumping data for table `mdl_survey_questions`
--

INSERT INTO `mdl_survey_questions` VALUES (1,'colles1','colles1short','','',1,'scaletimes5'),(2,'colles2','colles2short','','',1,'scaletimes5'),(3,'colles3','colles3short','','',1,'scaletimes5'),(4,'colles4','colles4short','','',1,'scaletimes5'),(5,'colles5','colles5short','','',1,'scaletimes5'),(6,'colles6','colles6short','','',1,'scaletimes5'),(7,'colles7','colles7short','','',1,'scaletimes5'),(8,'colles8','colles8short','','',1,'scaletimes5'),(9,'colles9','colles9short','','',1,'scaletimes5'),(10,'colles10','colles10short','','',1,'scaletimes5'),(11,'colles11','colles11short','','',1,'scaletimes5'),(12,'colles12','colles12short','','',1,'scaletimes5'),(13,'colles13','colles13short','','',1,'scaletimes5'),(14,'colles14','colles14short','','',1,'scaletimes5'),(15,'colles15','colles15short','','',1,'scaletimes5'),(16,'colles16','colles16short','','',1,'scaletimes5'),(17,'colles17','colles17short','','',1,'scaletimes5'),(18,'colles18','colles18short','','',1,'scaletimes5'),(19,'colles19','colles19short','','',1,'scaletimes5'),(20,'colles20','colles20short','','',1,'scaletimes5'),(21,'colles21','colles21short','','',1,'scaletimes5'),(22,'colles22','colles22short','','',1,'scaletimes5'),(23,'colles23','colles23short','','',1,'scaletimes5'),(24,'colles24','colles24short','','',1,'scaletimes5'),(25,'collesm1','collesm1short','1,2,3,4','collesmintro',1,'scaletimes5'),(26,'collesm2','collesm2short','5,6,7,8','collesmintro',1,'scaletimes5'),(27,'collesm3','collesm3short','9,10,11,12','collesmintro',1,'scaletimes5'),(28,'collesm4','collesm4short','13,14,15,16','collesmintro',1,'scaletimes5'),(29,'collesm5','collesm5short','17,18,19,20','collesmintro',1,'scaletimes5'),(30,'collesm6','collesm6short','21,22,23,24','collesmintro',1,'scaletimes5'),(31,'collesm1','collesm1short','1,2,3,4','collesmintro',2,'scaletimes5'),(32,'collesm2','collesm2short','5,6,7,8','collesmintro',2,'scaletimes5'),(33,'collesm3','collesm3short','9,10,11,12','collesmintro',2,'scaletimes5'),(34,'collesm4','collesm4short','13,14,15,16','collesmintro',2,'scaletimes5'),(35,'collesm5','collesm5short','17,18,19,20','collesmintro',2,'scaletimes5'),(36,'collesm6','collesm6short','21,22,23,24','collesmintro',2,'scaletimes5'),(37,'collesm1','collesm1short','1,2,3,4','collesmintro',3,'scaletimes5'),(38,'collesm2','collesm2short','5,6,7,8','collesmintro',3,'scaletimes5'),(39,'collesm3','collesm3short','9,10,11,12','collesmintro',3,'scaletimes5'),(40,'collesm4','collesm4short','13,14,15,16','collesmintro',3,'scaletimes5'),(41,'collesm5','collesm5short','17,18,19,20','collesmintro',3,'scaletimes5'),(42,'collesm6','collesm6short','21,22,23,24','collesmintro',3,'scaletimes5'),(43,'howlong','','','',1,'howlongoptions'),(44,'othercomments','','','',0,NULL),(45,'attls1','attls1short','','',1,'scaleagree5'),(46,'attls2','attls2short','','',1,'scaleagree5'),(47,'attls3','attls3short','','',1,'scaleagree5'),(48,'attls4','attls4short','','',1,'scaleagree5'),(49,'attls5','attls5short','','',1,'scaleagree5'),(50,'attls6','attls6short','','',1,'scaleagree5'),(51,'attls7','attls7short','','',1,'scaleagree5'),(52,'attls8','attls8short','','',1,'scaleagree5'),(53,'attls9','attls9short','','',1,'scaleagree5'),(54,'attls10','attls10short','','',1,'scaleagree5'),(55,'attls11','attls11short','','',1,'scaleagree5'),(56,'attls12','attls12short','','',1,'scaleagree5'),(57,'attls13','attls13short','','',1,'scaleagree5'),(58,'attls14','attls14short','','',1,'scaleagree5'),(59,'attls15','attls15short','','',1,'scaleagree5'),(60,'attls16','attls16short','','',1,'scaleagree5'),(61,'attls17','attls17short','','',1,'scaleagree5'),(62,'attls18','attls18short','','',1,'scaleagree5'),(63,'attls19','attls19short','','',1,'scaleagree5'),(64,'attls20','attls20short','','',1,'scaleagree5'),(65,'attlsm1','attlsm1','45,46,47,48,49,50,51,52,53,54,55,56,57,58,59,60,61,62,63,64','attlsmintro',1,'scaleagree5'),(66,'-','-','-','-',0,'-'),(67,'attlsm2','attlsm2','63,62,59,57,55,49,52,50,48,47','attlsmintro',-1,'scaleagree5'),(68,'attlsm3','attlsm3','46,54,45,51,60,53,56,58,61,64','attlsmintro',-1,'scaleagree5'),(69,'ciq1','ciq1short','','',0,NULL),(70,'ciq2','ciq2short','','',0,NULL),(71,'ciq3','ciq3short','','',0,NULL),(72,'ciq4','ciq4short','','',0,NULL),(73,'ciq5','ciq5short','','',0,NULL);

--
-- Table structure for table `mdl_tag`
--

CREATE TABLE `mdl_tag` (
  `id` bigint(10) NOT NULL AUTO_INCREMENT,
  `userid` bigint(10) NOT NULL,
  `name` varchar(255) NOT NULL DEFAULT '',
  `rawname` varchar(255) NOT NULL DEFAULT '',
  `tagtype` varchar(255) DEFAULT NULL,
  `description` longtext,
  `descriptionformat` tinyint(2) NOT NULL DEFAULT '0',
  `flag` smallint(4) DEFAULT '0',
  `timemodified` bigint(10) DEFAULT NULL,
  PRIMARY KEY (`id`),
  UNIQUE KEY `mdl_tag_nam_uix` (`name`),
  UNIQUE KEY `mdl_tag_idnam_uix` (`id`,`name`),
  KEY `mdl_tag_use_ix` (`userid`)
) ENGINE=InnoDB DEFAULT CHARSET=utf8 COMMENT='Tag table - this generic table will replace the old "tags" t';

--
-- Dumping data for table `mdl_tag`
--


--
-- Table structure for table `mdl_tag_correlation`
--

CREATE TABLE `mdl_tag_correlation` (
  `id` bigint(10) NOT NULL AUTO_INCREMENT,
  `tagid` bigint(10) NOT NULL,
  `correlatedtags` longtext NOT NULL,
  PRIMARY KEY (`id`),
  KEY `mdl_tagcorr_tag_ix` (`tagid`)
) ENGINE=InnoDB DEFAULT CHARSET=utf8 COMMENT='The rationale for the ''tag_correlation'' table is performance';

--
-- Dumping data for table `mdl_tag_correlation`
--


--
-- Table structure for table `mdl_tag_instance`
--

CREATE TABLE `mdl_tag_instance` (
  `id` bigint(10) NOT NULL AUTO_INCREMENT,
  `tagid` bigint(10) NOT NULL,
  `component` varchar(100) DEFAULT NULL,
  `itemtype` varchar(255) NOT NULL DEFAULT '',
  `itemid` bigint(10) NOT NULL,
  `contextid` bigint(10) DEFAULT NULL,
  `tiuserid` bigint(10) NOT NULL DEFAULT '0',
  `ordering` bigint(10) DEFAULT NULL,
  `timecreated` bigint(10) NOT NULL DEFAULT '0',
  `timemodified` bigint(10) NOT NULL DEFAULT '0',
  PRIMARY KEY (`id`),
  UNIQUE KEY `mdl_taginst_iteitetagtiu_uix` (`itemtype`,`itemid`,`tagid`,`tiuserid`),
  KEY `mdl_taginst_tag_ix` (`tagid`),
  KEY `mdl_taginst_con_ix` (`contextid`)
) ENGINE=InnoDB DEFAULT CHARSET=utf8 COMMENT='tag_instance table holds the information of associations bet';

--
-- Dumping data for table `mdl_tag_instance`
--


--
-- Table structure for table `mdl_task_adhoc`
--

CREATE TABLE `mdl_task_adhoc` (
  `id` bigint(10) NOT NULL AUTO_INCREMENT,
  `component` varchar(255) NOT NULL DEFAULT '',
  `classname` varchar(255) NOT NULL DEFAULT '',
  `nextruntime` bigint(10) NOT NULL,
  `faildelay` bigint(10) DEFAULT NULL,
  `customdata` longtext,
  `blocking` tinyint(2) NOT NULL DEFAULT '0',
  PRIMARY KEY (`id`),
  KEY `mdl_taskadho_nex_ix` (`nextruntime`)
) ENGINE=InnoDB DEFAULT CHARSET=utf8 COMMENT='List of adhoc tasks waiting to run.';

--
-- Dumping data for table `mdl_task_adhoc`
--


--
-- Table structure for table `mdl_task_scheduled`
--

CREATE TABLE `mdl_task_scheduled` (
  `id` bigint(10) NOT NULL AUTO_INCREMENT,
  `component` varchar(255) NOT NULL DEFAULT '',
  `classname` varchar(255) NOT NULL DEFAULT '',
  `lastruntime` bigint(10) DEFAULT NULL,
  `nextruntime` bigint(10) DEFAULT NULL,
  `blocking` tinyint(2) NOT NULL DEFAULT '0',
  `minute` varchar(25) NOT NULL DEFAULT '',
  `hour` varchar(25) NOT NULL DEFAULT '',
  `day` varchar(25) NOT NULL DEFAULT '',
  `month` varchar(25) NOT NULL DEFAULT '',
  `dayofweek` varchar(25) NOT NULL DEFAULT '',
  `faildelay` bigint(10) DEFAULT NULL,
  `customised` tinyint(2) NOT NULL DEFAULT '0',
  `disabled` tinyint(1) NOT NULL DEFAULT '0',
  PRIMARY KEY (`id`),
  UNIQUE KEY `mdl_tasksche_cla_uix` (`classname`)
) ENGINE=InnoDB AUTO_INCREMENT=47 DEFAULT CHARSET=utf8 COMMENT='List of scheduled tasks to be run by cron.';

--
-- Dumping data for table `mdl_task_scheduled`
--

INSERT INTO `mdl_task_scheduled` VALUES (1,'moodle','\\core\\task\\session_cleanup_task',1449708602,1449708660,0,'*','*','*','*','*',0,0,0),(2,'moodle','\\core\\task\\delete_unconfirmed_users_task',1449705602,1449709200,0,'0','*','*','*','*',0,0,0),(3,'moodle','\\core\\task\\delete_incomplete_users_task',1449705902,1449709500,0,'5','*','*','*','*',0,0,0),(4,'moodle','\\core\\task\\backup_cleanup_task',1449706202,1449709800,0,'10','*','*','*','*',0,0,0),(5,'moodle','\\core\\task\\tag_cron_task',1449706802,1449710400,0,'20','*','*','*','*',0,0,0),(6,'moodle','\\core\\task\\context_cleanup_task',1449707102,1449710700,0,'25','*','*','*','*',0,0,0),(7,'moodle','\\core\\task\\cache_cleanup_task',1449707402,1449711000,0,'30','*','*','*','*',0,0,0),(8,'moodle','\\core\\task\\messaging_cleanup_task',1449707701,1449711300,0,'35','*','*','*','*',0,0,0),(9,'moodle','\\core\\task\\send_new_user_passwords_task',1449708602,1449708660,0,'*','*','*','*','*',0,0,0),(10,'moodle','\\core\\task\\send_failed_login_notifications_task',1449708602,1449708660,0,'*','*','*','*','*',0,0,0),(11,'moodle','\\core\\task\\create_contexts_task',1449669602,1449756000,1,'0','0','*','*','*',0,0,0),(12,'moodle','\\core\\task\\legacy_plugin_cron_task',1449708603,1449708660,0,'*','*','*','*','*',0,0,0),(13,'moodle','\\core\\task\\grade_cron_task',1449708603,1449708660,0,'*','*','*','*','*',0,0,0),(14,'moodle','\\core\\task\\events_cron_task',1449708603,1449708660,0,'*','*','*','*','*',0,0,0),(15,'moodle','\\core\\task\\completion_cron_task',1449708603,1449708660,0,'*','*','*','*','*',0,0,0),(16,'moodle','\\core\\task\\portfolio_cron_task',1449708603,1449708660,0,'*','*','*','*','*',0,0,0),(17,'moodle','\\core\\task\\plagiarism_cron_task',1449708603,1449708660,0,'*','*','*','*','*',0,0,0),(18,'moodle','\\core\\task\\calendar_cron_task',1449708603,1449708660,0,'*','*','*','*','*',0,0,0),(19,'moodle','\\core\\task\\blog_cron_task',1449708603,1449708660,0,'*','*','*','*','*',0,0,0),(20,'moodle','\\core\\task\\question_cron_task',1449708604,1449708660,0,'*','*','*','*','*',0,0,0),(21,'moodle','\\core\\task\\registration_cron_task',1449658861,1450263660,0,'1','21','*','*','3',0,0,0),(22,'moodle','\\core\\task\\check_for_updates_task',1449705602,1449712800,0,'0','*/2','*','*','*',0,0,0),(23,'moodle','\\core\\task\\cache_cron_task',1449708601,1449712200,0,'50','*','*','*','*',0,0,0),(24,'moodle','\\core\\task\\automated_backup_task',1449708602,1449712200,0,'50','*','*','*','*',0,0,0),(25,'moodle','\\core\\task\\badges_cron_task',1449708602,1449708900,0,'*/5','*','*','*','*',0,0,0),(26,'moodle','\\core\\task\\file_temp_cleanup_task',1449694502,1449716100,0,'55','*/6','*','*','*',0,0,0),(27,'moodle','\\core\\task\\file_trash_cleanup_task',1449694502,1449716100,0,'55','*/6','*','*','*',0,0,0),(28,'moodle','\\core\\task\\stats_cron_task',1449705602,1449709200,0,'0','*','*','*','*',0,0,0),(29,'moodle','\\core\\task\\password_reset_cleanup_task',1449691202,1449712800,0,'0','*/6','*','*','*',0,0,0),(30,'mod_forum','\\mod_forum\\task\\cron_task',1449708604,1449708660,0,'*','*','*','*','*',0,0,0),(31,'enrol_imsenterprise','\\enrol_imsenterprise\\task\\cron_task',0,1445490600,0,'10','*','*','*','*',0,0,0),(32,'editor_atto','\\editor_atto\\task\\autosave_cleanup_task',1449680403,1450285200,0,'0','3','*','*','4',0,0,0),(33,'tool_langimport','\\tool_langimport\\task\\update_langpacks_task',1449684065,1449770460,0,'1','4','*','*','*',0,0,0),(34,'tool_messageinbound','\\tool_messageinbound\\task\\pickup_task',1449708604,1449708660,0,'*','*','*','*','*',0,0,0),(35,'tool_messageinbound','\\tool_messageinbound\\task\\cleanup_task',1449676502,1449762900,0,'55','1','*','*','*',0,0,0),(36,'tool_monitor','\\tool_monitor\\task\\clean_events',1449708604,1449708660,0,'*','*','*','*','*',0,0,0),(37,'logstore_legacy','\\logstore_legacy\\task\\cleanup_task',0,1445538120,0,'22','5','*','*','*',0,0,0),(38,'logstore_standard','\\logstore_standard\\task\\cleanup_task',1449684421,1449770820,0,'7','4','*','*','*',0,0,0),(39,'format_socialwall','\\format_socialwall\\task\\send_timeline_instant',1449708604,1449708660,0,'*','*','*','*','*',0,0,0),(40,'format_socialwall','\\format_socialwall\\task\\send_timeline_digests',1449670502,1449756900,0,'15','0','*','*','*',0,0,0),(41,'tool_sync','\\tool_sync\\task\\usersync_task',0,1448352000,0,'0','*/6','*','*','*',0,0,1),(42,'tool_sync','\\tool_sync\\task\\enrolsync_task',0,1448353800,0,'30','*/6','*','*','*',0,0,1),(43,'tool_sync','\\tool_sync\\task\\userpicturessync_task',0,1448373600,0,'0','*/12','*','*','*',0,0,1),(44,'tool_sync','\\tool_sync\\task\\cohortsync_task',0,1448374500,0,'15','*/12','*','*','*',0,0,1),(45,'tool_sync','\\tool_sync\\task\\coursesync_task',0,1448373600,0,'0','*/12','*','*','*',0,0,1),(46,'enrol_metabulk','\\enrol_metabulk\\task\\enrol_metabulk_sync',1449706381,1449709980,0,'13','*','*','*','*',0,0,0);

--
-- Table structure for table `mdl_tool_customlang`
--

CREATE TABLE `mdl_tool_customlang` (
  `id` bigint(10) NOT NULL AUTO_INCREMENT,
  `lang` varchar(20) NOT NULL DEFAULT '',
  `componentid` bigint(10) NOT NULL,
  `stringid` varchar(255) NOT NULL DEFAULT '',
  `original` longtext NOT NULL,
  `master` longtext,
  `local` longtext,
  `timemodified` bigint(10) NOT NULL,
  `timecustomized` bigint(10) DEFAULT NULL,
  `outdated` smallint(3) DEFAULT '0',
  `modified` smallint(3) DEFAULT '0',
  PRIMARY KEY (`id`),
  UNIQUE KEY `mdl_toolcust_lancomstr_uix` (`lang`,`componentid`,`stringid`),
  KEY `mdl_toolcust_com_ix` (`componentid`)
) ENGINE=InnoDB DEFAULT CHARSET=utf8 COMMENT='Contains the working checkout of all strings and their custo';

--
-- Dumping data for table `mdl_tool_customlang`
--


--
-- Table structure for table `mdl_tool_customlang_components`
--

CREATE TABLE `mdl_tool_customlang_components` (
  `id` bigint(10) NOT NULL AUTO_INCREMENT,
  `name` varchar(255) NOT NULL DEFAULT '',
  `version` varchar(255) DEFAULT NULL,
  PRIMARY KEY (`id`)
) ENGINE=InnoDB DEFAULT CHARSET=utf8 COMMENT='Contains the list of all installed plugins that provide thei';

--
-- Dumping data for table `mdl_tool_customlang_components`
--


--
-- Table structure for table `mdl_tool_monitor_events`
--

CREATE TABLE `mdl_tool_monitor_events` (
  `id` bigint(10) NOT NULL AUTO_INCREMENT,
  `eventname` varchar(254) NOT NULL DEFAULT '',
  `contextid` bigint(10) NOT NULL,
  `contextlevel` bigint(10) NOT NULL,
  `contextinstanceid` bigint(10) NOT NULL,
  `link` varchar(254) NOT NULL DEFAULT '',
  `courseid` bigint(10) NOT NULL,
  `timecreated` bigint(10) NOT NULL,
  PRIMARY KEY (`id`)
) ENGINE=InnoDB DEFAULT CHARSET=utf8 COMMENT='A table that keeps a log of events related to subscriptions';

--
-- Dumping data for table `mdl_tool_monitor_events`
--


--
-- Table structure for table `mdl_tool_monitor_history`
--

CREATE TABLE `mdl_tool_monitor_history` (
  `id` bigint(10) NOT NULL AUTO_INCREMENT,
  `sid` bigint(10) NOT NULL,
  `userid` bigint(10) NOT NULL,
  `timesent` bigint(10) NOT NULL,
  PRIMARY KEY (`id`),
  UNIQUE KEY `mdl_toolmonihist_sidusetim_uix` (`sid`,`userid`,`timesent`),
  KEY `mdl_toolmonihist_sid_ix` (`sid`)
) ENGINE=InnoDB DEFAULT CHARSET=utf8 COMMENT='Table to store history of message notifications sent';

--
-- Dumping data for table `mdl_tool_monitor_history`
--


--
-- Table structure for table `mdl_tool_monitor_rules`
--

CREATE TABLE `mdl_tool_monitor_rules` (
  `id` bigint(10) NOT NULL AUTO_INCREMENT,
  `description` longtext,
  `descriptionformat` tinyint(1) NOT NULL,
  `name` varchar(254) NOT NULL DEFAULT '',
  `userid` bigint(10) NOT NULL,
  `courseid` bigint(10) NOT NULL,
  `plugin` varchar(254) NOT NULL DEFAULT '',
  `eventname` varchar(254) NOT NULL DEFAULT '',
  `template` longtext NOT NULL,
  `templateformat` tinyint(1) NOT NULL,
  `frequency` smallint(4) NOT NULL,
  `timewindow` mediumint(5) NOT NULL,
  `timemodified` bigint(10) NOT NULL,
  `timecreated` bigint(10) NOT NULL,
  PRIMARY KEY (`id`),
  KEY `mdl_toolmonirule_couuse_ix` (`courseid`,`userid`),
  KEY `mdl_toolmonirule_eve_ix` (`eventname`)
) ENGINE=InnoDB DEFAULT CHARSET=utf8 COMMENT='Table to store rules';

--
-- Dumping data for table `mdl_tool_monitor_rules`
--


--
-- Table structure for table `mdl_tool_monitor_subscriptions`
--

CREATE TABLE `mdl_tool_monitor_subscriptions` (
  `id` bigint(10) NOT NULL AUTO_INCREMENT,
  `courseid` bigint(10) NOT NULL,
  `ruleid` bigint(10) NOT NULL,
  `cmid` bigint(10) NOT NULL,
  `userid` bigint(10) NOT NULL,
  `timecreated` bigint(10) NOT NULL,
  `lastnotificationsent` bigint(10) NOT NULL DEFAULT '0',
  PRIMARY KEY (`id`),
  KEY `mdl_toolmonisubs_couuse_ix` (`courseid`,`userid`),
  KEY `mdl_toolmonisubs_rul_ix` (`ruleid`)
) ENGINE=InnoDB DEFAULT CHARSET=utf8 COMMENT='Table to store user subscriptions to various rules';

--
-- Dumping data for table `mdl_tool_monitor_subscriptions`
--


--
-- Table structure for table `mdl_upgrade_log`
--

CREATE TABLE `mdl_upgrade_log` (
  `id` bigint(10) NOT NULL AUTO_INCREMENT,
  `type` bigint(10) NOT NULL,
  `plugin` varchar(100) DEFAULT NULL,
  `version` varchar(100) DEFAULT NULL,
  `targetversion` varchar(100) DEFAULT NULL,
  `info` varchar(255) NOT NULL DEFAULT '',
  `details` longtext,
  `backtrace` longtext,
  `userid` bigint(10) NOT NULL,
  `timemodified` bigint(10) NOT NULL,
  PRIMARY KEY (`id`),
  KEY `mdl_upgrlog_tim_ix` (`timemodified`),
  KEY `mdl_upgrlog_typtim_ix` (`type`,`timemodified`),
  KEY `mdl_upgrlog_use_ix` (`userid`)
) ENGINE=InnoDB AUTO_INCREMENT=1179 DEFAULT CHARSET=utf8 COMMENT='Upgrade logging';

--
-- Dumping data for table `mdl_upgrade_log`
--

INSERT INTO `mdl_upgrade_log` VALUES (1,0,'core','2015051102.08','2015051102.08','Upgrade savepoint reached',NULL,'',0,1445488681),(2,0,'core','2015051102.08','2015051102.08','Core installed',NULL,'',0,1445488733),(3,0,'availability_completion',NULL,'2015051100','Starting plugin installation',NULL,'',0,1445488733),(4,0,'availability_completion','2015051100','2015051100','Upgrade savepoint reached',NULL,'',0,1445488734),(5,0,'availability_completion','2015051100','2015051100','Plugin installed',NULL,'',0,1445488734),(6,0,'availability_date',NULL,'2015051100','Starting plugin installation',NULL,'',0,1445488734),(7,0,'availability_date','2015051100','2015051100','Upgrade savepoint reached',NULL,'',0,1445488734),(8,0,'availability_date','2015051100','2015051100','Plugin installed',NULL,'',0,1445488734),(9,0,'availability_grade',NULL,'2015051100','Starting plugin installation',NULL,'',0,1445488734),(10,0,'availability_grade','2015051100','2015051100','Upgrade savepoint reached',NULL,'',0,1445488734),(11,0,'availability_grade','2015051100','2015051100','Plugin installed',NULL,'',0,1445488734),(12,0,'availability_group',NULL,'2015051100','Starting plugin installation',NULL,'',0,1445488734),(13,0,'availability_group','2015051100','2015051100','Upgrade savepoint reached',NULL,'',0,1445488734),(14,0,'availability_group','2015051100','2015051100','Plugin installed',NULL,'',0,1445488734),(15,0,'availability_grouping',NULL,'2015051100','Starting plugin installation',NULL,'',0,1445488734),(16,0,'availability_grouping','2015051100','2015051100','Upgrade savepoint reached',NULL,'',0,1445488735),(17,0,'availability_grouping','2015051100','2015051100','Plugin installed',NULL,'',0,1445488735),(18,0,'availability_profile',NULL,'2015051100','Starting plugin installation',NULL,'',0,1445488735),(19,0,'availability_profile','2015051100','2015051100','Upgrade savepoint reached',NULL,'',0,1445488735),(20,0,'availability_profile','2015051100','2015051100','Plugin installed',NULL,'',0,1445488735),(21,0,'qtype_calculated',NULL,'2015051100','Starting plugin installation',NULL,'',0,1445488735),(22,0,'qtype_calculated','2015051100','2015051100','Upgrade savepoint reached',NULL,'',0,1445488735),(23,0,'qtype_calculated','2015051100','2015051100','Plugin installed',NULL,'',0,1445488735),(24,0,'qtype_calculatedmulti',NULL,'2015051100','Starting plugin installation',NULL,'',0,1445488735),(25,0,'qtype_calculatedmulti','2015051100','2015051100','Upgrade savepoint reached',NULL,'',0,1445488735),(26,0,'qtype_calculatedmulti','2015051100','2015051100','Plugin installed',NULL,'',0,1445488736),(27,0,'qtype_calculatedsimple',NULL,'2015051100','Starting plugin installation',NULL,'',0,1445488736),(28,0,'qtype_calculatedsimple','2015051100','2015051100','Upgrade savepoint reached',NULL,'',0,1445488736),(29,0,'qtype_calculatedsimple','2015051100','2015051100','Plugin installed',NULL,'',0,1445488736),(30,0,'qtype_description',NULL,'2015051100','Starting plugin installation',NULL,'',0,1445488736),(31,0,'qtype_description','2015051100','2015051100','Upgrade savepoint reached',NULL,'',0,1445488736),(32,0,'qtype_description','2015051100','2015051100','Plugin installed',NULL,'',0,1445488736),(33,0,'qtype_essay',NULL,'2015051100','Starting plugin installation',NULL,'',0,1445488736),(34,0,'qtype_essay','2015051100','2015051100','Upgrade savepoint reached',NULL,'',0,1445488736),(35,0,'qtype_essay','2015051100','2015051100','Plugin installed',NULL,'',0,1445488736),(36,0,'qtype_match',NULL,'2015051100','Starting plugin installation',NULL,'',0,1445488736),(37,0,'qtype_match','2015051100','2015051100','Upgrade savepoint reached',NULL,'',0,1445488736),(38,0,'qtype_match','2015051100','2015051100','Plugin installed',NULL,'',0,1445488737),(39,0,'qtype_missingtype',NULL,'2015051100','Starting plugin installation',NULL,'',0,1445488737),(40,0,'qtype_missingtype','2015051100','2015051100','Upgrade savepoint reached',NULL,'',0,1445488737),(41,0,'qtype_missingtype','2015051100','2015051100','Plugin installed',NULL,'',0,1445488737),(42,0,'qtype_multianswer',NULL,'2015051100','Starting plugin installation',NULL,'',0,1445488737),(43,0,'qtype_multianswer','2015051100','2015051100','Upgrade savepoint reached',NULL,'',0,1445488737),(44,0,'qtype_multianswer','2015051100','2015051100','Plugin installed',NULL,'',0,1445488737),(45,0,'qtype_multichoice',NULL,'2015051100','Starting plugin installation',NULL,'',0,1445488737),(46,0,'qtype_multichoice','2015051100','2015051100','Upgrade savepoint reached',NULL,'',0,1445488737),(47,0,'qtype_multichoice','2015051100','2015051100','Plugin installed',NULL,'',0,1445488737),(48,0,'qtype_numerical',NULL,'2015051100','Starting plugin installation',NULL,'',0,1445488737),(49,0,'qtype_numerical','2015051100','2015051100','Upgrade savepoint reached',NULL,'',0,1445488737),(50,0,'qtype_numerical','2015051100','2015051100','Plugin installed',NULL,'',0,1445488737),(51,0,'qtype_random',NULL,'2015051100','Starting plugin installation',NULL,'',0,1445488738),(52,0,'qtype_random','2015051100','2015051100','Upgrade savepoint reached',NULL,'',0,1445488738),(53,0,'qtype_random','2015051100','2015051100','Plugin installed',NULL,'',0,1445488738),(54,0,'qtype_randomsamatch',NULL,'2015051100','Starting plugin installation',NULL,'',0,1445488738),(55,0,'qtype_randomsamatch','2015051100','2015051100','Upgrade savepoint reached',NULL,'',0,1445488738),(56,0,'qtype_randomsamatch','2015051100','2015051100','Plugin installed',NULL,'',0,1445488738),(57,0,'qtype_shortanswer',NULL,'2015051100','Starting plugin installation',NULL,'',0,1445488738),(58,0,'qtype_shortanswer','2015051100','2015051100','Upgrade savepoint reached',NULL,'',0,1445488738),(59,0,'qtype_shortanswer','2015051100','2015051100','Plugin installed',NULL,'',0,1445488738),(60,0,'qtype_truefalse',NULL,'2015051100','Starting plugin installation',NULL,'',0,1445488738),(61,0,'qtype_truefalse','2015051100','2015051100','Upgrade savepoint reached',NULL,'',0,1445488738),(62,0,'qtype_truefalse','2015051100','2015051100','Plugin installed',NULL,'',0,1445488738),(63,0,'mod_assign',NULL,'2015051100','Starting plugin installation',NULL,'',0,1445488739),(64,0,'mod_assign','2015051100','2015051100','Upgrade savepoint reached',NULL,'',0,1445488739),(65,0,'mod_assign','2015051100','2015051100','Plugin installed',NULL,'',0,1445488743),(66,0,'mod_assignment',NULL,'2015051100','Starting plugin installation',NULL,'',0,1445488743),(67,0,'mod_assignment','2015051100','2015051100','Upgrade savepoint reached',NULL,'',0,1445488743),(68,0,'mod_assignment','2015051100','2015051100','Plugin installed',NULL,'',0,1445488745),(69,0,'mod_book',NULL,'2015051100','Starting plugin installation',NULL,'',0,1445488745),(70,0,'mod_book','2015051100','2015051100','Upgrade savepoint reached',NULL,'',0,1445488746),(71,0,'mod_book','2015051100','2015051100','Plugin installed',NULL,'',0,1445488747),(72,0,'mod_chat',NULL,'2015051100','Starting plugin installation',NULL,'',0,1445488747),(73,0,'mod_chat','2015051100','2015051100','Upgrade savepoint reached',NULL,'',0,1445488747),(74,0,'mod_chat','2015051100','2015051100','Plugin installed',NULL,'',0,1445488748),(75,0,'mod_choice',NULL,'2015051100','Starting plugin installation',NULL,'',0,1445488748),(76,0,'mod_choice','2015051100','2015051100','Upgrade savepoint reached',NULL,'',0,1445488749),(77,0,'mod_choice','2015051100','2015051100','Plugin installed',NULL,'',0,1445488752),(78,0,'mod_data',NULL,'2015051100','Starting plugin installation',NULL,'',0,1445488752),(79,0,'mod_data','2015051100','2015051100','Upgrade savepoint reached',NULL,'',0,1445488753),(80,0,'mod_data','2015051100','2015051100','Plugin installed',NULL,'',0,1445488758),(81,0,'mod_feedback',NULL,'2015051100','Starting plugin installation',NULL,'',0,1445488758),(82,0,'mod_feedback','2015051100','2015051100','Upgrade savepoint reached',NULL,'',0,1445488759),(83,0,'mod_feedback','2015051100','2015051100','Plugin installed',NULL,'',0,1445488762),(84,0,'mod_folder',NULL,'2015051100','Starting plugin installation',NULL,'',0,1445488762),(85,0,'mod_folder','2015051100','2015051100','Upgrade savepoint reached',NULL,'',0,1445488762),(86,0,'mod_folder','2015051100','2015051100','Plugin installed',NULL,'',0,1445488762),(87,0,'mod_forum',NULL,'2015051101','Starting plugin installation',NULL,'',0,1445488762),(88,0,'mod_forum','2015051101','2015051101','Upgrade savepoint reached',NULL,'',0,1445488763),(89,0,'mod_forum','2015051101','2015051101','Plugin installed',NULL,'',0,1445488770),(90,0,'mod_glossary',NULL,'2015051100','Starting plugin installation',NULL,'',0,1445488770),(91,0,'mod_glossary','2015051100','2015051100','Upgrade savepoint reached',NULL,'',0,1445488771),(92,0,'mod_glossary','2015051100','2015051100','Plugin installed',NULL,'',0,1445488774),(93,0,'mod_imscp',NULL,'2015051100','Starting plugin installation',NULL,'',0,1445488774),(94,0,'mod_imscp','2015051100','2015051100','Upgrade savepoint reached',NULL,'',0,1445488774),(95,0,'mod_imscp','2015051100','2015051100','Plugin installed',NULL,'',0,1445488774),(96,0,'mod_label',NULL,'2015051100','Starting plugin installation',NULL,'',0,1445488775),(97,0,'mod_label','2015051100','2015051100','Upgrade savepoint reached',NULL,'',0,1445488775),(98,0,'mod_label','2015051100','2015051100','Plugin installed',NULL,'',0,1445488775),(99,0,'mod_lesson',NULL,'2015051100','Starting plugin installation',NULL,'',0,1445488775),(100,0,'mod_lesson','2015051100','2015051100','Upgrade savepoint reached',NULL,'',0,1445488776),(101,0,'mod_lesson','2015051100','2015051100','Plugin installed',NULL,'',0,1445488777),(102,0,'mod_lti',NULL,'2015051100','Starting plugin installation',NULL,'',0,1445488777),(103,0,'mod_lti','2015051100','2015051100','Upgrade savepoint reached',NULL,'',0,1445488777),(104,0,'mod_lti','2015051100','2015051100','Plugin installed',NULL,'',0,1445488778),(105,0,'mod_page',NULL,'2015051100','Starting plugin installation',NULL,'',0,1445488778),(106,0,'mod_page','2015051100','2015051100','Upgrade savepoint reached',NULL,'',0,1445488778),(107,0,'mod_page','2015051100','2015051100','Plugin installed',NULL,'',0,1445488779),(108,0,'mod_quiz',NULL,'2015051101','Starting plugin installation',NULL,'',0,1445488779),(109,0,'mod_quiz','2015051101','2015051101','Upgrade savepoint reached',NULL,'',0,1445488780),(110,0,'mod_quiz','2015051101','2015051101','Plugin installed',NULL,'',0,1445488782),(111,0,'mod_resource',NULL,'2015051100','Starting plugin installation',NULL,'',0,1445488782),(112,0,'mod_resource','2015051100','2015051100','Upgrade savepoint reached',NULL,'',0,1445488782),(113,0,'mod_resource','2015051100','2015051100','Plugin installed',NULL,'',0,1445488783),(114,0,'mod_scorm',NULL,'2015051102','Starting plugin installation',NULL,'',0,1445488784),(115,0,'mod_scorm','2015051102','2015051102','Upgrade savepoint reached',NULL,'',0,1445488784),(116,0,'mod_scorm','2015051102','2015051102','Plugin installed',NULL,'',0,1445488786),(117,0,'mod_survey',NULL,'2015051100','Starting plugin installation',NULL,'',0,1445488786),(118,0,'mod_survey','2015051100','2015051100','Upgrade savepoint reached',NULL,'',0,1445488786),(119,0,'mod_survey','2015051100','2015051100','Plugin installed',NULL,'',0,1445488792),(120,0,'mod_url',NULL,'2015051100','Starting plugin installation',NULL,'',0,1445488792),(121,0,'mod_url','2015051100','2015051100','Upgrade savepoint reached',NULL,'',0,1445488792),(122,0,'mod_url','2015051100','2015051100','Plugin installed',NULL,'',0,1445488793),(123,0,'mod_wiki',NULL,'2015051100','Starting plugin installation',NULL,'',0,1445488793),(124,0,'mod_wiki','2015051100','2015051100','Upgrade savepoint reached',NULL,'',0,1445488793),(125,0,'mod_wiki','2015051100','2015051100','Plugin installed',NULL,'',0,1445488795),(126,0,'mod_workshop',NULL,'2015051100','Starting plugin installation',NULL,'',0,1445488795),(127,0,'mod_workshop','2015051100','2015051100','Upgrade savepoint reached',NULL,'',0,1445488797),(128,0,'mod_workshop','2015051100','2015051100','Plugin installed',NULL,'',0,1445488800),(129,0,'auth_cas',NULL,'2015051100','Starting plugin installation',NULL,'',0,1445488800),(130,0,'auth_cas','2015051100','2015051100','Upgrade savepoint reached',NULL,'',0,1445488801),(131,0,'auth_cas','2015051100','2015051100','Plugin installed',NULL,'',0,1445488801),(132,0,'auth_db',NULL,'2015051100','Starting plugin installation',NULL,'',0,1445488801),(133,0,'auth_db','2015051100','2015051100','Upgrade savepoint reached',NULL,'',0,1445488801),(134,0,'auth_db','2015051100','2015051100','Plugin installed',NULL,'',0,1445488802),(135,0,'auth_email',NULL,'2015051100','Starting plugin installation',NULL,'',0,1445488802),(136,0,'auth_email','2015051100','2015051100','Upgrade savepoint reached',NULL,'',0,1445488802),(137,0,'auth_email','2015051100','2015051100','Plugin installed',NULL,'',0,1445488802),(138,0,'auth_fc',NULL,'2015051100','Starting plugin installation',NULL,'',0,1445488802),(139,0,'auth_fc','2015051100','2015051100','Upgrade savepoint reached',NULL,'',0,1445488803),(140,0,'auth_fc','2015051100','2015051100','Plugin installed',NULL,'',0,1445488803),(141,0,'auth_imap',NULL,'2015051100','Starting plugin installation',NULL,'',0,1445488803),(142,0,'auth_imap','2015051100','2015051100','Upgrade savepoint reached',NULL,'',0,1445488803),(143,0,'auth_imap','2015051100','2015051100','Plugin installed',NULL,'',0,1445488804),(144,0,'auth_ldap',NULL,'2015051100','Starting plugin installation',NULL,'',0,1445488804),(145,0,'auth_ldap','2015051100','2015051100','Upgrade savepoint reached',NULL,'',0,1445488804),(146,0,'auth_ldap','2015051100','2015051100','Plugin installed',NULL,'',0,1445488804),(147,0,'auth_manual',NULL,'2015051100','Starting plugin installation',NULL,'',0,1445488804),(148,0,'auth_manual','2015051100','2015051100','Upgrade savepoint reached',NULL,'',0,1445488804),(149,0,'auth_manual','2015051100','2015051100','Plugin installed',NULL,'',0,1445488804),(150,0,'auth_mnet',NULL,'2015051100','Starting plugin installation',NULL,'',0,1445488804),(151,0,'auth_mnet','2015051100','2015051100','Upgrade savepoint reached',NULL,'',0,1445488804),(152,0,'auth_mnet','2015051100','2015051100','Plugin installed',NULL,'',0,1445488808),(153,0,'auth_nntp',NULL,'2015051100','Starting plugin installation',NULL,'',0,1445488808),(154,0,'auth_nntp','2015051100','2015051100','Upgrade savepoint reached',NULL,'',0,1445488808),(155,0,'auth_nntp','2015051100','2015051100','Plugin installed',NULL,'',0,1445488808),(156,0,'auth_nologin',NULL,'2015051100','Starting plugin installation',NULL,'',0,1445488808),(157,0,'auth_nologin','2015051100','2015051100','Upgrade savepoint reached',NULL,'',0,1445488808),(158,0,'auth_nologin','2015051100','2015051100','Plugin installed',NULL,'',0,1445488809),(159,0,'auth_none',NULL,'2015051100','Starting plugin installation',NULL,'',0,1445488809),(160,0,'auth_none','2015051100','2015051100','Upgrade savepoint reached',NULL,'',0,1445488809),(161,0,'auth_none','2015051100','2015051100','Plugin installed',NULL,'',0,1445488809),(162,0,'auth_pam',NULL,'2015051100','Starting plugin installation',NULL,'',0,1445488809),(163,0,'auth_pam','2015051100','2015051100','Upgrade savepoint reached',NULL,'',0,1445488809),(164,0,'auth_pam','2015051100','2015051100','Plugin installed',NULL,'',0,1445488809),(165,0,'auth_pop3',NULL,'2015051100','Starting plugin installation',NULL,'',0,1445488809),(166,0,'auth_pop3','2015051100','2015051100','Upgrade savepoint reached',NULL,'',0,1445488809),(167,0,'auth_pop3','2015051100','2015051100','Plugin installed',NULL,'',0,1445488810),(168,0,'auth_radius',NULL,'2015051100','Starting plugin installation',NULL,'',0,1445488810),(169,0,'auth_radius','2015051100','2015051100','Upgrade savepoint reached',NULL,'',0,1445488810),(170,0,'auth_radius','2015051100','2015051100','Plugin installed',NULL,'',0,1445488810),(171,0,'auth_shibboleth',NULL,'2015051100','Starting plugin installation',NULL,'',0,1445488810),(172,0,'auth_shibboleth','2015051100','2015051100','Upgrade savepoint reached',NULL,'',0,1445488810),(173,0,'auth_shibboleth','2015051100','2015051100','Plugin installed',NULL,'',0,1445488810),(174,0,'auth_webservice',NULL,'2015051100','Starting plugin installation',NULL,'',0,1445488810),(175,0,'auth_webservice','2015051100','2015051100','Upgrade savepoint reached',NULL,'',0,1445488810),(176,0,'auth_webservice','2015051100','2015051100','Plugin installed',NULL,'',0,1445488811),(177,0,'calendartype_gregorian',NULL,'2015051100','Starting plugin installation',NULL,'',0,1445488811),(178,0,'calendartype_gregorian','2015051100','2015051100','Upgrade savepoint reached',NULL,'',0,1445488811),(179,0,'calendartype_gregorian','2015051100','2015051100','Plugin installed',NULL,'',0,1445488811),(180,0,'enrol_category',NULL,'2015051100','Starting plugin installation',NULL,'',0,1445488811),(181,0,'enrol_category','2015051100','2015051100','Upgrade savepoint reached',NULL,'',0,1445488811),(182,0,'enrol_category','2015051100','2015051100','Plugin installed',NULL,'',0,1445488811),(183,0,'enrol_cohort',NULL,'2015051100','Starting plugin installation',NULL,'',0,1445488811),(184,0,'enrol_cohort','2015051100','2015051100','Upgrade savepoint reached',NULL,'',0,1445488811),(185,0,'enrol_cohort','2015051100','2015051100','Plugin installed',NULL,'',0,1445488812),(186,0,'enrol_database',NULL,'2015051100','Starting plugin installation',NULL,'',0,1445488812),(187,0,'enrol_database','2015051100','2015051100','Upgrade savepoint reached',NULL,'',0,1445488812),(188,0,'enrol_database','2015051100','2015051100','Plugin installed',NULL,'',0,1445488813),(189,0,'enrol_flatfile',NULL,'2015051100','Starting plugin installation',NULL,'',0,1445488813),(190,0,'enrol_flatfile','2015051100','2015051100','Upgrade savepoint reached',NULL,'',0,1445488813),(191,0,'enrol_flatfile','2015051100','2015051100','Plugin installed',NULL,'',0,1445488814),(192,0,'enrol_guest',NULL,'2015051100','Starting plugin installation',NULL,'',0,1445488814),(193,0,'enrol_guest','2015051100','2015051100','Upgrade savepoint reached',NULL,'',0,1445488814),(194,0,'enrol_guest','2015051100','2015051100','Plugin installed',NULL,'',0,1445488814),(195,0,'enrol_imsenterprise',NULL,'2015051100','Starting plugin installation',NULL,'',0,1445488814),(196,0,'enrol_imsenterprise','2015051100','2015051100','Upgrade savepoint reached',NULL,'',0,1445488814),(197,0,'enrol_imsenterprise','2015051100','2015051100','Plugin installed',NULL,'',0,1445488815),(198,0,'enrol_ldap',NULL,'2015051100','Starting plugin installation',NULL,'',0,1445488815),(199,0,'enrol_ldap','2015051100','2015051100','Upgrade savepoint reached',NULL,'',0,1445488815),(200,0,'enrol_ldap','2015051100','2015051100','Plugin installed',NULL,'',0,1445488815),(201,0,'enrol_manual',NULL,'2015051100','Starting plugin installation',NULL,'',0,1445488815),(202,0,'enrol_manual','2015051100','2015051100','Upgrade savepoint reached',NULL,'',0,1445488815),(203,0,'enrol_manual','2015051100','2015051100','Plugin installed',NULL,'',0,1445488816),(204,0,'enrol_meta',NULL,'2015051100','Starting plugin installation',NULL,'',0,1445488816),(205,0,'enrol_meta','2015051100','2015051100','Upgrade savepoint reached',NULL,'',0,1445488817),(206,0,'enrol_meta','2015051100','2015051100','Plugin installed',NULL,'',0,1445488817),(207,0,'enrol_mnet',NULL,'2015051100','Starting plugin installation',NULL,'',0,1445488818),(208,0,'enrol_mnet','2015051100','2015051100','Upgrade savepoint reached',NULL,'',0,1445488818),(209,0,'enrol_mnet','2015051100','2015051100','Plugin installed',NULL,'',0,1445488821),(210,0,'enrol_paypal',NULL,'2015051100','Starting plugin installation',NULL,'',0,1445488821),(211,0,'enrol_paypal','2015051100','2015051100','Upgrade savepoint reached',NULL,'',0,1445488821),(212,0,'enrol_paypal','2015051100','2015051100','Plugin installed',NULL,'',0,1445488822),(213,0,'enrol_self',NULL,'2015051100','Starting plugin installation',NULL,'',0,1445488822),(214,0,'enrol_self','2015051100','2015051100','Upgrade savepoint reached',NULL,'',0,1445488822),(215,0,'enrol_self','2015051100','2015051100','Plugin installed',NULL,'',0,1445488823),(216,0,'message_airnotifier',NULL,'2015051100','Starting plugin installation',NULL,'',0,1445488823),(217,0,'message_airnotifier','2015051100','2015051100','Upgrade savepoint reached',NULL,'',0,1445488823),(218,0,'message_airnotifier','2015051100','2015051100','Plugin installed',NULL,'',0,1445488824),(219,0,'message_email',NULL,'2015051100','Starting plugin installation',NULL,'',0,1445488824),(220,0,'message_email','2015051100','2015051100','Upgrade savepoint reached',NULL,'',0,1445488824),(221,0,'message_email','2015051100','2015051100','Plugin installed',NULL,'',0,1445488824),(222,0,'message_jabber',NULL,'2015051100','Starting plugin installation',NULL,'',0,1445488824),(223,0,'message_jabber','2015051100','2015051100','Upgrade savepoint reached',NULL,'',0,1445488824),(224,0,'message_jabber','2015051100','2015051100','Plugin installed',NULL,'',0,1445488825),(225,0,'message_popup',NULL,'2015051100','Starting plugin installation',NULL,'',0,1445488825),(226,0,'message_popup','2015051100','2015051100','Upgrade savepoint reached',NULL,'',0,1445488825),(227,0,'message_popup','2015051100','2015051100','Plugin installed',NULL,'',0,1445488826),(228,0,'block_activity_modules',NULL,'2015051100','Starting plugin installation',NULL,'',0,1445488826),(229,0,'block_activity_modules','2015051100','2015051100','Upgrade savepoint reached',NULL,'',0,1445488826),(230,0,'block_activity_modules','2015051100','2015051100','Plugin installed',NULL,'',0,1445488826),(231,0,'block_activity_results',NULL,'2015051100','Starting plugin installation',NULL,'',0,1445488826),(232,0,'block_activity_results','2015051100','2015051100','Upgrade savepoint reached',NULL,'',0,1445488826),(233,0,'block_activity_results','2015051100','2015051100','Plugin installed',NULL,'',0,1445488826),(234,0,'block_admin_bookmarks',NULL,'2015051100','Starting plugin installation',NULL,'',0,1445488826),(235,0,'block_admin_bookmarks','2015051100','2015051100','Upgrade savepoint reached',NULL,'',0,1445488827),(236,0,'block_admin_bookmarks','2015051100','2015051100','Plugin installed',NULL,'',0,1445488827),(237,0,'block_badges',NULL,'2015051100','Starting plugin installation',NULL,'',0,1445488827),(238,0,'block_badges','2015051100','2015051100','Upgrade savepoint reached',NULL,'',0,1445488828),(239,0,'block_badges','2015051100','2015051100','Plugin installed',NULL,'',0,1445488828),(240,0,'block_blog_menu',NULL,'2015051100','Starting plugin installation',NULL,'',0,1445488828),(241,0,'block_blog_menu','2015051100','2015051100','Upgrade savepoint reached',NULL,'',0,1445488828),(242,0,'block_blog_menu','2015051100','2015051100','Plugin installed',NULL,'',0,1445488828),(243,0,'block_blog_recent',NULL,'2015051100','Starting plugin installation',NULL,'',0,1445488828),(244,0,'block_blog_recent','2015051100','2015051100','Upgrade savepoint reached',NULL,'',0,1445488828),(245,0,'block_blog_recent','2015051100','2015051100','Plugin installed',NULL,'',0,1445488829),(246,0,'block_blog_tags',NULL,'2015051100','Starting plugin installation',NULL,'',0,1445488829),(247,0,'block_blog_tags','2015051100','2015051100','Upgrade savepoint reached',NULL,'',0,1445488829),(248,0,'block_blog_tags','2015051100','2015051100','Plugin installed',NULL,'',0,1445488829),(249,0,'block_calendar_month',NULL,'2015051100','Starting plugin installation',NULL,'',0,1445488829),(250,0,'block_calendar_month','2015051100','2015051100','Upgrade savepoint reached',NULL,'',0,1445488829),(251,0,'block_calendar_month','2015051100','2015051100','Plugin installed',NULL,'',0,1445488829),(252,0,'block_calendar_upcoming',NULL,'2015051100','Starting plugin installation',NULL,'',0,1445488829),(253,0,'block_calendar_upcoming','2015051100','2015051100','Upgrade savepoint reached',NULL,'',0,1445488829),(254,0,'block_calendar_upcoming','2015051100','2015051100','Plugin installed',NULL,'',0,1445488830),(255,0,'block_comments',NULL,'2015051100','Starting plugin installation',NULL,'',0,1445488830),(256,0,'block_comments','2015051100','2015051100','Upgrade savepoint reached',NULL,'',0,1445488830),(257,0,'block_comments','2015051100','2015051100','Plugin installed',NULL,'',0,1445488830),(258,0,'block_community',NULL,'2015051100','Starting plugin installation',NULL,'',0,1445488830),(259,0,'block_community','2015051100','2015051100','Upgrade savepoint reached',NULL,'',0,1445488830),(260,0,'block_community','2015051100','2015051100','Plugin installed',NULL,'',0,1445488831),(261,0,'block_completionstatus',NULL,'2015051100','Starting plugin installation',NULL,'',0,1445488831),(262,0,'block_completionstatus','2015051100','2015051100','Upgrade savepoint reached',NULL,'',0,1445488831),(263,0,'block_completionstatus','2015051100','2015051100','Plugin installed',NULL,'',0,1445488831),(264,0,'block_course_list',NULL,'2015051100','Starting plugin installation',NULL,'',0,1445488831),(265,0,'block_course_list','2015051100','2015051100','Upgrade savepoint reached',NULL,'',0,1445488831),(266,0,'block_course_list','2015051100','2015051100','Plugin installed',NULL,'',0,1445488832),(267,0,'block_course_overview',NULL,'2015051100','Starting plugin installation',NULL,'',0,1445488832),(268,0,'block_course_overview','2015051100','2015051100','Upgrade savepoint reached',NULL,'',0,1445488832),(269,0,'block_course_overview','2015051100','2015051100','Plugin installed',NULL,'',0,1445488832),(270,0,'block_course_summary',NULL,'2015051100','Starting plugin installation',NULL,'',0,1445488832),(271,0,'block_course_summary','2015051100','2015051100','Upgrade savepoint reached',NULL,'',0,1445488833),(272,0,'block_course_summary','2015051100','2015051100','Plugin installed',NULL,'',0,1445488833),(273,0,'block_feedback',NULL,'2015051100','Starting plugin installation',NULL,'',0,1445488833),(274,0,'block_feedback','2015051100','2015051100','Upgrade savepoint reached',NULL,'',0,1445488833),(275,0,'block_feedback','2015051100','2015051100','Plugin installed',NULL,'',0,1445488833),(276,0,'block_glossary_random',NULL,'2015051100','Starting plugin installation',NULL,'',0,1445488834),(277,0,'block_glossary_random','2015051100','2015051100','Upgrade savepoint reached',NULL,'',0,1445488834),(278,0,'block_glossary_random','2015051100','2015051100','Plugin installed',NULL,'',0,1445488834),(279,0,'block_html',NULL,'2015051100','Starting plugin installation',NULL,'',0,1445488834),(280,0,'block_html','2015051100','2015051100','Upgrade savepoint reached',NULL,'',0,1445488834),(281,0,'block_html','2015051100','2015051100','Plugin installed',NULL,'',0,1445488835),(282,0,'block_login',NULL,'2015051100','Starting plugin installation',NULL,'',0,1445488835),(283,0,'block_login','2015051100','2015051100','Upgrade savepoint reached',NULL,'',0,1445488835),(284,0,'block_login','2015051100','2015051100','Plugin installed',NULL,'',0,1445488835),(285,0,'block_mentees',NULL,'2015051100','Starting plugin installation',NULL,'',0,1445488835),(286,0,'block_mentees','2015051100','2015051100','Upgrade savepoint reached',NULL,'',0,1445488835),(287,0,'block_mentees','2015051100','2015051100','Plugin installed',NULL,'',0,1445488836),(288,0,'block_messages',NULL,'2015051100','Starting plugin installation',NULL,'',0,1445488836),(289,0,'block_messages','2015051100','2015051100','Upgrade savepoint reached',NULL,'',0,1445488836),(290,0,'block_messages','2015051100','2015051100','Plugin installed',NULL,'',0,1445488836),(291,0,'block_mnet_hosts',NULL,'2015051100','Starting plugin installation',NULL,'',0,1445488836),(292,0,'block_mnet_hosts','2015051100','2015051100','Upgrade savepoint reached',NULL,'',0,1445488836),(293,0,'block_mnet_hosts','2015051100','2015051100','Plugin installed',NULL,'',0,1445488837),(294,0,'block_myprofile',NULL,'2015051100','Starting plugin installation',NULL,'',0,1445488837),(295,0,'block_myprofile','2015051100','2015051100','Upgrade savepoint reached',NULL,'',0,1445488837),(296,0,'block_myprofile','2015051100','2015051100','Plugin installed',NULL,'',0,1445488837),(297,0,'block_navigation',NULL,'2015051100','Starting plugin installation',NULL,'',0,1445488837),(298,0,'block_navigation','2015051100','2015051100','Upgrade savepoint reached',NULL,'',0,1445488838),(299,0,'block_navigation','2015051100','2015051100','Plugin installed',NULL,'',0,1445488838),(300,0,'block_news_items',NULL,'2015051100','Starting plugin installation',NULL,'',0,1445488838),(301,0,'block_news_items','2015051100','2015051100','Upgrade savepoint reached',NULL,'',0,1445488838),(302,0,'block_news_items','2015051100','2015051100','Plugin installed',NULL,'',0,1445488839),(303,0,'block_online_users',NULL,'2015051100','Starting plugin installation',NULL,'',0,1445488839),(304,0,'block_online_users','2015051100','2015051100','Upgrade savepoint reached',NULL,'',0,1445488839),(305,0,'block_online_users','2015051100','2015051100','Plugin installed',NULL,'',0,1445488840),(306,0,'block_participants',NULL,'2015051100','Starting plugin installation',NULL,'',0,1445488840),(307,0,'block_participants','2015051100','2015051100','Upgrade savepoint reached',NULL,'',0,1445488840),(308,0,'block_participants','2015051100','2015051100','Plugin installed',NULL,'',0,1445488840),(309,0,'block_private_files',NULL,'2015051100','Starting plugin installation',NULL,'',0,1445488840),(310,0,'block_private_files','2015051100','2015051100','Upgrade savepoint reached',NULL,'',0,1445488841),(311,0,'block_private_files','2015051100','2015051100','Plugin installed',NULL,'',0,1445488841),(312,0,'block_quiz_results',NULL,'2015051100','Starting plugin installation',NULL,'',0,1445488841),(313,0,'block_quiz_results','2015051100','2015051100','Upgrade savepoint reached',NULL,'',0,1445488841),(314,0,'block_quiz_results','2015051100','2015051100','Plugin installed',NULL,'',0,1445488841),(315,0,'block_recent_activity',NULL,'2015051100','Starting plugin installation',NULL,'',0,1445488841),(316,0,'block_recent_activity','2015051100','2015051100','Upgrade savepoint reached',NULL,'',0,1445488842),(317,0,'block_recent_activity','2015051100','2015051100','Plugin installed',NULL,'',0,1445488843),(318,0,'block_rss_client',NULL,'2015051100','Starting plugin installation',NULL,'',0,1445488843),(319,0,'block_rss_client','2015051100','2015051100','Upgrade savepoint reached',NULL,'',0,1445488843),(320,0,'block_rss_client','2015051100','2015051100','Plugin installed',NULL,'',0,1445488844),(321,0,'block_search_forums',NULL,'2015051100','Starting plugin installation',NULL,'',0,1445488844),(322,0,'block_search_forums','2015051100','2015051100','Upgrade savepoint reached',NULL,'',0,1445488844),(323,0,'block_search_forums','2015051100','2015051100','Plugin installed',NULL,'',0,1445488844),(324,0,'block_section_links',NULL,'2015051100','Starting plugin installation',NULL,'',0,1445488845),(325,0,'block_section_links','2015051100','2015051100','Upgrade savepoint reached',NULL,'',0,1445488845),(326,0,'block_section_links','2015051100','2015051100','Plugin installed',NULL,'',0,1445488845),(327,0,'block_selfcompletion',NULL,'2015051100','Starting plugin installation',NULL,'',0,1445488845),(328,0,'block_selfcompletion','2015051100','2015051100','Upgrade savepoint reached',NULL,'',0,1445488845),(329,0,'block_selfcompletion','2015051100','2015051100','Plugin installed',NULL,'',0,1445488846),(330,0,'block_settings',NULL,'2015051100','Starting plugin installation',NULL,'',0,1445488846),(331,0,'block_settings','2015051100','2015051100','Upgrade savepoint reached',NULL,'',0,1445488846),(332,0,'block_settings','2015051100','2015051100','Plugin installed',NULL,'',0,1445488846),(333,0,'block_site_main_menu',NULL,'2015051100','Starting plugin installation',NULL,'',0,1445488847),(334,0,'block_site_main_menu','2015051100','2015051100','Upgrade savepoint reached',NULL,'',0,1445488847),(335,0,'block_site_main_menu','2015051100','2015051100','Plugin installed',NULL,'',0,1445488847),(336,0,'block_social_activities',NULL,'2015051100','Starting plugin installation',NULL,'',0,1445488847),(337,0,'block_social_activities','2015051100','2015051100','Upgrade savepoint reached',NULL,'',0,1445488847),(338,0,'block_social_activities','2015051100','2015051100','Plugin installed',NULL,'',0,1445488847),(339,0,'block_tag_flickr',NULL,'2015051100','Starting plugin installation',NULL,'',0,1445488847),(340,0,'block_tag_flickr','2015051100','2015051100','Upgrade savepoint reached',NULL,'',0,1445488847),(341,0,'block_tag_flickr','2015051100','2015051100','Plugin installed',NULL,'',0,1445488848),(342,0,'block_tag_youtube',NULL,'2015051101','Starting plugin installation',NULL,'',0,1445488848),(343,0,'block_tag_youtube','2015051101','2015051101','Upgrade savepoint reached',NULL,'',0,1445488848),(344,0,'block_tag_youtube','2015051101','2015051101','Plugin installed',NULL,'',0,1445488848),(345,0,'block_tags',NULL,'2015051100','Starting plugin installation',NULL,'',0,1445488848),(346,0,'block_tags','2015051100','2015051100','Upgrade savepoint reached',NULL,'',0,1445488848),(347,0,'block_tags','2015051100','2015051100','Plugin installed',NULL,'',0,1445488849),(348,0,'filter_activitynames',NULL,'2015051100','Starting plugin installation',NULL,'',0,1445488850),(349,0,'filter_activitynames','2015051100','2015051100','Upgrade savepoint reached',NULL,'',0,1445488850),(350,0,'filter_activitynames','2015051100','2015051100','Plugin installed',NULL,'',0,1445488851),(351,0,'filter_algebra',NULL,'2015051100','Starting plugin installation',NULL,'',0,1445488851),(352,0,'filter_algebra','2015051100','2015051100','Upgrade savepoint reached',NULL,'',0,1445488851),(353,0,'filter_algebra','2015051100','2015051100','Plugin installed',NULL,'',0,1445488851),(354,0,'filter_censor',NULL,'2015051100','Starting plugin installation',NULL,'',0,1445488851),(355,0,'filter_censor','2015051100','2015051100','Upgrade savepoint reached',NULL,'',0,1445488852),(356,0,'filter_censor','2015051100','2015051100','Plugin installed',NULL,'',0,1445488852),(357,0,'filter_data',NULL,'2015051100','Starting plugin installation',NULL,'',0,1445488852),(358,0,'filter_data','2015051100','2015051100','Upgrade savepoint reached',NULL,'',0,1445488852),(359,0,'filter_data','2015051100','2015051100','Plugin installed',NULL,'',0,1445488852),(360,0,'filter_emailprotect',NULL,'2015051100','Starting plugin installation',NULL,'',0,1445488852),(361,0,'filter_emailprotect','2015051100','2015051100','Upgrade savepoint reached',NULL,'',0,1445488852),(362,0,'filter_emailprotect','2015051100','2015051100','Plugin installed',NULL,'',0,1445488852),(363,0,'filter_emoticon',NULL,'2015051100','Starting plugin installation',NULL,'',0,1445488852),(364,0,'filter_emoticon','2015051100','2015051100','Upgrade savepoint reached',NULL,'',0,1445488852),(365,0,'filter_emoticon','2015051100','2015051100','Plugin installed',NULL,'',0,1445488853),(366,0,'filter_glossary',NULL,'2015051100','Starting plugin installation',NULL,'',0,1445488853),(367,0,'filter_glossary','2015051100','2015051100','Upgrade savepoint reached',NULL,'',0,1445488854),(368,0,'filter_glossary','2015051100','2015051100','Plugin installed',NULL,'',0,1445488854),(369,0,'filter_mathjaxloader',NULL,'2015051100','Starting plugin installation',NULL,'',0,1445488854),(370,0,'filter_mathjaxloader','2015051100','2015051100','Upgrade savepoint reached',NULL,'',0,1445488854),(371,0,'filter_mathjaxloader','2015051100','2015051100','Plugin installed',NULL,'',0,1445488854),(372,0,'filter_mediaplugin',NULL,'2015051100','Starting plugin installation',NULL,'',0,1445488854),(373,0,'filter_mediaplugin','2015051100','2015051100','Upgrade savepoint reached',NULL,'',0,1445488854),(374,0,'filter_mediaplugin','2015051100','2015051100','Plugin installed',NULL,'',0,1445488855),(375,0,'filter_multilang',NULL,'2015051100','Starting plugin installation',NULL,'',0,1445488855),(376,0,'filter_multilang','2015051100','2015051100','Upgrade savepoint reached',NULL,'',0,1445488855),(377,0,'filter_multilang','2015051100','2015051100','Plugin installed',NULL,'',0,1445488855),(378,0,'filter_tex',NULL,'2015051100','Starting plugin installation',NULL,'',0,1445488855),(379,0,'filter_tex','2015051100','2015051100','Upgrade savepoint reached',NULL,'',0,1445488855),(380,0,'filter_tex','2015051100','2015051100','Plugin installed',NULL,'',0,1445488855),(381,0,'filter_tidy',NULL,'2015051100','Starting plugin installation',NULL,'',0,1445488855),(382,0,'filter_tidy','2015051100','2015051100','Upgrade savepoint reached',NULL,'',0,1445488855),(383,0,'filter_tidy','2015051100','2015051100','Plugin installed',NULL,'',0,1445488855),(384,0,'filter_urltolink',NULL,'2015051100','Starting plugin installation',NULL,'',0,1445488855),(385,0,'filter_urltolink','2015051100','2015051100','Upgrade savepoint reached',NULL,'',0,1445488856),(386,0,'filter_urltolink','2015051100','2015051100','Plugin installed',NULL,'',0,1445488856),(387,0,'editor_atto',NULL,'2015051101','Starting plugin installation',NULL,'',0,1445488856),(388,0,'editor_atto','2015051101','2015051101','Upgrade savepoint reached',NULL,'',0,1445488856),(389,0,'editor_atto','2015051101','2015051101','Plugin installed',NULL,'',0,1445488856),(390,0,'editor_textarea',NULL,'2015051100','Starting plugin installation',NULL,'',0,1445488856),(391,0,'editor_textarea','2015051100','2015051100','Upgrade savepoint reached',NULL,'',0,1445488856),(392,0,'editor_textarea','2015051100','2015051100','Plugin installed',NULL,'',0,1445488856),(393,0,'editor_tinymce',NULL,'2015051100','Starting plugin installation',NULL,'',0,1445488856),(394,0,'editor_tinymce','2015051100','2015051100','Upgrade savepoint reached',NULL,'',0,1445488856),(395,0,'editor_tinymce','2015051100','2015051100','Plugin installed',NULL,'',0,1445488856),(396,0,'format_singleactivity',NULL,'2015051100','Starting plugin installation',NULL,'',0,1445488856),(397,0,'format_singleactivity','2015051100','2015051100','Upgrade savepoint reached',NULL,'',0,1445488857),(398,0,'format_singleactivity','2015051100','2015051100','Plugin installed',NULL,'',0,1445488857),(399,0,'format_social',NULL,'2015102100','Starting plugin installation',NULL,'',0,1445488857),(400,0,'format_social','2015102100','2015102100','Upgrade savepoint reached',NULL,'',0,1445488857),(401,0,'format_social','2015102100','2015102100','Plugin installed',NULL,'',0,1445488857),(402,0,'format_topics',NULL,'2015051100','Starting plugin installation',NULL,'',0,1445488857),(403,0,'format_topics','2015051100','2015051100','Upgrade savepoint reached',NULL,'',0,1445488857),(404,0,'format_topics','2015051100','2015051100','Plugin installed',NULL,'',0,1445488857),(405,0,'format_weeks',NULL,'2015051100','Starting plugin installation',NULL,'',0,1445488857),(406,0,'format_weeks','2015051100','2015051100','Upgrade savepoint reached',NULL,'',0,1445488857),(407,0,'format_weeks','2015051100','2015051100','Plugin installed',NULL,'',0,1445488857),(408,0,'profilefield_checkbox',NULL,'2015051100','Starting plugin installation',NULL,'',0,1445488857),(409,0,'profilefield_checkbox','2015051100','2015051100','Upgrade savepoint reached',NULL,'',0,1445488858),(410,0,'profilefield_checkbox','2015051100','2015051100','Plugin installed',NULL,'',0,1445488858),(411,0,'profilefield_datetime',NULL,'2015051100','Starting plugin installation',NULL,'',0,1445488858),(412,0,'profilefield_datetime','2015051100','2015051100','Upgrade savepoint reached',NULL,'',0,1445488858),(413,0,'profilefield_datetime','2015051100','2015051100','Plugin installed',NULL,'',0,1445488858),(414,0,'profilefield_menu',NULL,'2015051100','Starting plugin installation',NULL,'',0,1445488858),(415,0,'profilefield_menu','2015051100','2015051100','Upgrade savepoint reached',NULL,'',0,1445488858),(416,0,'profilefield_menu','2015051100','2015051100','Plugin installed',NULL,'',0,1445488858),(417,0,'profilefield_text',NULL,'2015051100','Starting plugin installation',NULL,'',0,1445488858),(418,0,'profilefield_text','2015051100','2015051100','Upgrade savepoint reached',NULL,'',0,1445488858),(419,0,'profilefield_text','2015051100','2015051100','Plugin installed',NULL,'',0,1445488859),(420,0,'profilefield_textarea',NULL,'2015051100','Starting plugin installation',NULL,'',0,1445488859),(421,0,'profilefield_textarea','2015051100','2015051100','Upgrade savepoint reached',NULL,'',0,1445488859),(422,0,'profilefield_textarea','2015051100','2015051100','Plugin installed',NULL,'',0,1445488859),(423,0,'report_backups',NULL,'2015051100','Starting plugin installation',NULL,'',0,1445488859),(424,0,'report_backups','2015051100','2015051100','Upgrade savepoint reached',NULL,'',0,1445488859),(425,0,'report_backups','2015051100','2015051100','Plugin installed',NULL,'',0,1445488859),(426,0,'report_completion',NULL,'2015051100','Starting plugin installation',NULL,'',0,1445488859),(427,0,'report_completion','2015051100','2015051100','Upgrade savepoint reached',NULL,'',0,1445488859),(428,0,'report_completion','2015051100','2015051100','Plugin installed',NULL,'',0,1445488860),(429,0,'report_configlog',NULL,'2015051100','Starting plugin installation',NULL,'',0,1445488860),(430,0,'report_configlog','2015051100','2015051100','Upgrade savepoint reached',NULL,'',0,1445488860),(431,0,'report_configlog','2015051100','2015051100','Plugin installed',NULL,'',0,1445488860),(432,0,'report_courseoverview',NULL,'2015051100','Starting plugin installation',NULL,'',0,1445488860),(433,0,'report_courseoverview','2015051100','2015051100','Upgrade savepoint reached',NULL,'',0,1445488860),(434,0,'report_courseoverview','2015051100','2015051100','Plugin installed',NULL,'',0,1445488861),(435,0,'report_eventlist',NULL,'2015051100','Starting plugin installation',NULL,'',0,1445488861),(436,0,'report_eventlist','2015051100','2015051100','Upgrade savepoint reached',NULL,'',0,1445488861),(437,0,'report_eventlist','2015051100','2015051100','Plugin installed',NULL,'',0,1445488861),(438,0,'report_log',NULL,'2015051100','Starting plugin installation',NULL,'',0,1445488861),(439,0,'report_log','2015051100','2015051100','Upgrade savepoint reached',NULL,'',0,1445488861),(440,0,'report_log','2015051100','2015051100','Plugin installed',NULL,'',0,1445488862),(441,0,'report_loglive',NULL,'2015051100','Starting plugin installation',NULL,'',0,1445488862),(442,0,'report_loglive','2015051100','2015051100','Upgrade savepoint reached',NULL,'',0,1445488862),(443,0,'report_loglive','2015051100','2015051100','Plugin installed',NULL,'',0,1445488862),(444,0,'report_outline',NULL,'2015051100','Starting plugin installation',NULL,'',0,1445488862),(445,0,'report_outline','2015051100','2015051100','Upgrade savepoint reached',NULL,'',0,1445488862),(446,0,'report_outline','2015051100','2015051100','Plugin installed',NULL,'',0,1445488863),(447,0,'report_participation',NULL,'2015051100','Starting plugin installation',NULL,'',0,1445488863),(448,0,'report_participation','2015051100','2015051100','Upgrade savepoint reached',NULL,'',0,1445488863),(449,0,'report_participation','2015051100','2015051100','Plugin installed',NULL,'',0,1445488864),(450,0,'report_performance',NULL,'2015051100','Starting plugin installation',NULL,'',0,1445488864),(451,0,'report_performance','2015051100','2015051100','Upgrade savepoint reached',NULL,'',0,1445488864),(452,0,'report_performance','2015051100','2015051100','Plugin installed',NULL,'',0,1445488864),(453,0,'report_progress',NULL,'2015051100','Starting plugin installation',NULL,'',0,1445488864),(454,0,'report_progress','2015051100','2015051100','Upgrade savepoint reached',NULL,'',0,1445488865),(455,0,'report_progress','2015051100','2015051100','Plugin installed',NULL,'',0,1445488865),(456,0,'report_questioninstances',NULL,'2015051100','Starting plugin installation',NULL,'',0,1445488866),(457,0,'report_questioninstances','2015051100','2015051100','Upgrade savepoint reached',NULL,'',0,1445488866),(458,0,'report_questioninstances','2015051100','2015051100','Plugin installed',NULL,'',0,1445488866),(459,0,'report_security',NULL,'2015051100','Starting plugin installation',NULL,'',0,1445488866),(460,0,'report_security','2015051100','2015051100','Upgrade savepoint reached',NULL,'',0,1445488866),(461,0,'report_security','2015051100','2015051100','Plugin installed',NULL,'',0,1445488866),(462,0,'report_stats',NULL,'2015051100','Starting plugin installation',NULL,'',0,1445488866),(463,0,'report_stats','2015051100','2015051100','Upgrade savepoint reached',NULL,'',0,1445488866),(464,0,'report_stats','2015051100','2015051100','Plugin installed',NULL,'',0,1445488867),(465,0,'report_usersessions',NULL,'2015051100','Starting plugin installation',NULL,'',0,1445488867),(466,0,'report_usersessions','2015051100','2015051100','Upgrade savepoint reached',NULL,'',0,1445488867),(467,0,'report_usersessions','2015051100','2015051100','Plugin installed',NULL,'',0,1445488867),(468,0,'gradeexport_ods',NULL,'2015051100','Starting plugin installation',NULL,'',0,1445488867),(469,0,'gradeexport_ods','2015051100','2015051100','Upgrade savepoint reached',NULL,'',0,1445488867),(470,0,'gradeexport_ods','2015051100','2015051100','Plugin installed',NULL,'',0,1445488867),(471,0,'gradeexport_txt',NULL,'2015051100','Starting plugin installation',NULL,'',0,1445488867),(472,0,'gradeexport_txt','2015051100','2015051100','Upgrade savepoint reached',NULL,'',0,1445488867),(473,0,'gradeexport_txt','2015051100','2015051100','Plugin installed',NULL,'',0,1445488868),(474,0,'gradeexport_xls',NULL,'2015051100','Starting plugin installation',NULL,'',0,1445488868),(475,0,'gradeexport_xls','2015051100','2015051100','Upgrade savepoint reached',NULL,'',0,1445488868),(476,0,'gradeexport_xls','2015051100','2015051100','Plugin installed',NULL,'',0,1445488868),(477,0,'gradeexport_xml',NULL,'2015051100','Starting plugin installation',NULL,'',0,1445488868),(478,0,'gradeexport_xml','2015051100','2015051100','Upgrade savepoint reached',NULL,'',0,1445488868),(479,0,'gradeexport_xml','2015051100','2015051100','Plugin installed',NULL,'',0,1445488869),(480,0,'gradeimport_csv',NULL,'2015051100','Starting plugin installation',NULL,'',0,1445488869),(481,0,'gradeimport_csv','2015051100','2015051100','Upgrade savepoint reached',NULL,'',0,1445488869),(482,0,'gradeimport_csv','2015051100','2015051100','Plugin installed',NULL,'',0,1445488869),(483,0,'gradeimport_direct',NULL,'2015051100','Starting plugin installation',NULL,'',0,1445488870),(484,0,'gradeimport_direct','2015051100','2015051100','Upgrade savepoint reached',NULL,'',0,1445488870),(485,0,'gradeimport_direct','2015051100','2015051100','Plugin installed',NULL,'',0,1445488870),(486,0,'gradeimport_xml',NULL,'2015051100','Starting plugin installation',NULL,'',0,1445488870),(487,0,'gradeimport_xml','2015051100','2015051100','Upgrade savepoint reached',NULL,'',0,1445488871),(488,0,'gradeimport_xml','2015051100','2015051100','Plugin installed',NULL,'',0,1445488871),(489,0,'gradereport_grader',NULL,'2015051100','Starting plugin installation',NULL,'',0,1445488871),(490,0,'gradereport_grader','2015051100','2015051100','Upgrade savepoint reached',NULL,'',0,1445488871),(491,0,'gradereport_grader','2015051100','2015051100','Plugin installed',NULL,'',0,1445488872),(492,0,'gradereport_history',NULL,'2015051100','Starting plugin installation',NULL,'',0,1445488872),(493,0,'gradereport_history','2015051100','2015051100','Upgrade savepoint reached',NULL,'',0,1445488872),(494,0,'gradereport_history','2015051100','2015051100','Plugin installed',NULL,'',0,1445488872),(495,0,'gradereport_outcomes',NULL,'2015051100','Starting plugin installation',NULL,'',0,1445488873),(496,0,'gradereport_outcomes','2015051100','2015051100','Upgrade savepoint reached',NULL,'',0,1445488873),(497,0,'gradereport_outcomes','2015051100','2015051100','Plugin installed',NULL,'',0,1445488873),(498,0,'gradereport_overview',NULL,'2015051100','Starting plugin installation',NULL,'',0,1445488873),(499,0,'gradereport_overview','2015051100','2015051100','Upgrade savepoint reached',NULL,'',0,1445488873),(500,0,'gradereport_overview','2015051100','2015051100','Plugin installed',NULL,'',0,1445488874),(501,0,'gradereport_singleview',NULL,'2015051100','Starting plugin installation',NULL,'',0,1445488874),(502,0,'gradereport_singleview','2015051100','2015051100','Upgrade savepoint reached',NULL,'',0,1445488874),(503,0,'gradereport_singleview','2015051100','2015051100','Plugin installed',NULL,'',0,1445488875),(504,0,'gradereport_user',NULL,'2015051100','Starting plugin installation',NULL,'',0,1445488875),(505,0,'gradereport_user','2015051100','2015051100','Upgrade savepoint reached',NULL,'',0,1445488875),(506,0,'gradereport_user','2015051100','2015051100','Plugin installed',NULL,'',0,1445488876),(507,0,'gradingform_guide',NULL,'2015051100','Starting plugin installation',NULL,'',0,1445488876),(508,0,'gradingform_guide','2015051100','2015051100','Upgrade savepoint reached',NULL,'',0,1445488876),(509,0,'gradingform_guide','2015051100','2015051100','Plugin installed',NULL,'',0,1445488877),(510,0,'gradingform_rubric',NULL,'2015051100','Starting plugin installation',NULL,'',0,1445488877),(511,0,'gradingform_rubric','2015051100','2015051100','Upgrade savepoint reached',NULL,'',0,1445488877),(512,0,'gradingform_rubric','2015051100','2015051100','Plugin installed',NULL,'',0,1445488878),(513,0,'mnetservice_enrol',NULL,'2015051100','Starting plugin installation',NULL,'',0,1445488878),(514,0,'mnetservice_enrol','2015051100','2015051100','Upgrade savepoint reached',NULL,'',0,1445488878),(515,0,'mnetservice_enrol','2015051100','2015051100','Plugin installed',NULL,'',0,1445488878),(516,0,'webservice_amf',NULL,'2015051101','Starting plugin installation',NULL,'',0,1445488878),(517,0,'webservice_amf','2015051101','2015051101','Upgrade savepoint reached',NULL,'',0,1445488878),(518,0,'webservice_amf','2015051101','2015051101','Plugin installed',NULL,'',0,1445488878),(519,0,'webservice_rest',NULL,'2015051101','Starting plugin installation',NULL,'',0,1445488879),(520,0,'webservice_rest','2015051101','2015051101','Upgrade savepoint reached',NULL,'',0,1445488879),(521,0,'webservice_rest','2015051101','2015051101','Plugin installed',NULL,'',0,1445488879),(522,0,'webservice_soap',NULL,'2015051101','Starting plugin installation',NULL,'',0,1445488879),(523,0,'webservice_soap','2015051101','2015051101','Upgrade savepoint reached',NULL,'',0,1445488879),(524,0,'webservice_soap','2015051101','2015051101','Plugin installed',NULL,'',0,1445488879),(525,0,'webservice_xmlrpc',NULL,'2015051101','Starting plugin installation',NULL,'',0,1445488879),(526,0,'webservice_xmlrpc','2015051101','2015051101','Upgrade savepoint reached',NULL,'',0,1445488879),(527,0,'webservice_xmlrpc','2015051101','2015051101','Plugin installed',NULL,'',0,1445488879),(528,0,'repository_alfresco',NULL,'2015051100','Starting plugin installation',NULL,'',0,1445488879),(529,0,'repository_alfresco','2015051100','2015051100','Upgrade savepoint reached',NULL,'',0,1445488879),(530,0,'repository_alfresco','2015051100','2015051100','Plugin installed',NULL,'',0,1445488880),(531,0,'repository_areafiles',NULL,'2015051100','Starting plugin installation',NULL,'',0,1445488880),(532,0,'repository_areafiles','2015051100','2015051100','Upgrade savepoint reached',NULL,'',0,1445488880),(533,0,'repository_areafiles','2015051100','2015051100','Plugin installed',NULL,'',0,1445488880),(534,0,'repository_boxnet',NULL,'2015051100','Starting plugin installation',NULL,'',0,1445488880),(535,0,'repository_boxnet','2015051100','2015051100','Upgrade savepoint reached',NULL,'',0,1445488880),(536,0,'repository_boxnet','2015051100','2015051100','Plugin installed',NULL,'',0,1445488880),(537,0,'repository_coursefiles',NULL,'2015051100','Starting plugin installation',NULL,'',0,1445488881),(538,0,'repository_coursefiles','2015051100','2015051100','Upgrade savepoint reached',NULL,'',0,1445488881),(539,0,'repository_coursefiles','2015051100','2015051100','Plugin installed',NULL,'',0,1445488881),(540,0,'repository_dropbox',NULL,'2015051100','Starting plugin installation',NULL,'',0,1445488881),(541,0,'repository_dropbox','2015051100','2015051100','Upgrade savepoint reached',NULL,'',0,1445488881),(542,0,'repository_dropbox','2015051100','2015051100','Plugin installed',NULL,'',0,1445488881),(543,0,'repository_equella',NULL,'2015051100','Starting plugin installation',NULL,'',0,1445488881),(544,0,'repository_equella','2015051100','2015051100','Upgrade savepoint reached',NULL,'',0,1445488881),(545,0,'repository_equella','2015051100','2015051100','Plugin installed',NULL,'',0,1445488882),(546,0,'repository_filesystem',NULL,'2015051100','Starting plugin installation',NULL,'',0,1445488882),(547,0,'repository_filesystem','2015051100','2015051100','Upgrade savepoint reached',NULL,'',0,1445488882),(548,0,'repository_filesystem','2015051100','2015051100','Plugin installed',NULL,'',0,1445488882),(549,0,'repository_flickr',NULL,'2015051100','Starting plugin installation',NULL,'',0,1445488882),(550,0,'repository_flickr','2015051100','2015051100','Upgrade savepoint reached',NULL,'',0,1445488882),(551,0,'repository_flickr','2015051100','2015051100','Plugin installed',NULL,'',0,1445488883),(552,0,'repository_flickr_public',NULL,'2015051100','Starting plugin installation',NULL,'',0,1445488883),(553,0,'repository_flickr_public','2015051100','2015051100','Upgrade savepoint reached',NULL,'',0,1445488883),(554,0,'repository_flickr_public','2015051100','2015051100','Plugin installed',NULL,'',0,1445488883),(555,0,'repository_googledocs',NULL,'2015051100','Starting plugin installation',NULL,'',0,1445488883),(556,0,'repository_googledocs','2015051100','2015051100','Upgrade savepoint reached',NULL,'',0,1445488883),(557,0,'repository_googledocs','2015051100','2015051100','Plugin installed',NULL,'',0,1445488883),(558,0,'repository_local',NULL,'2015051100','Starting plugin installation',NULL,'',0,1445488883),(559,0,'repository_local','2015051100','2015051100','Upgrade savepoint reached',NULL,'',0,1445488883),(560,0,'repository_local','2015051100','2015051100','Plugin installed',NULL,'',0,1445488884),(561,0,'repository_merlot',NULL,'2015051100','Starting plugin installation',NULL,'',0,1445488884),(562,0,'repository_merlot','2015051100','2015051100','Upgrade savepoint reached',NULL,'',0,1445488884),(563,0,'repository_merlot','2015051100','2015051100','Plugin installed',NULL,'',0,1445488884),(564,0,'repository_picasa',NULL,'2015051100','Starting plugin installation',NULL,'',0,1445488884),(565,0,'repository_picasa','2015051100','2015051100','Upgrade savepoint reached',NULL,'',0,1445488884),(566,0,'repository_picasa','2015051100','2015051100','Plugin installed',NULL,'',0,1445488885),(567,0,'repository_recent',NULL,'2015051100','Starting plugin installation',NULL,'',0,1445488885),(568,0,'repository_recent','2015051100','2015051100','Upgrade savepoint reached',NULL,'',0,1445488885),(569,0,'repository_recent','2015051100','2015051100','Plugin installed',NULL,'',0,1445488885),(570,0,'repository_s3',NULL,'2015051100','Starting plugin installation',NULL,'',0,1445488885),(571,0,'repository_s3','2015051100','2015051100','Upgrade savepoint reached',NULL,'',0,1445488885),(572,0,'repository_s3','2015051100','2015051100','Plugin installed',NULL,'',0,1445488885),(573,0,'repository_skydrive',NULL,'2015051100','Starting plugin installation',NULL,'',0,1445488886),(574,0,'repository_skydrive','2015051100','2015051100','Upgrade savepoint reached',NULL,'',0,1445488886),(575,0,'repository_skydrive','2015051100','2015051100','Plugin installed',NULL,'',0,1445488886),(576,0,'repository_upload',NULL,'2015051100','Starting plugin installation',NULL,'',0,1445488886),(577,0,'repository_upload','2015051100','2015051100','Upgrade savepoint reached',NULL,'',0,1445488886),(578,0,'repository_upload','2015051100','2015051100','Plugin installed',NULL,'',0,1445488886),(579,0,'repository_url',NULL,'2015051100','Starting plugin installation',NULL,'',0,1445488887),(580,0,'repository_url','2015051100','2015051100','Upgrade savepoint reached',NULL,'',0,1445488887),(581,0,'repository_url','2015051100','2015051100','Plugin installed',NULL,'',0,1445488887),(582,0,'repository_user',NULL,'2015051100','Starting plugin installation',NULL,'',0,1445488887),(583,0,'repository_user','2015051100','2015051100','Upgrade savepoint reached',NULL,'',0,1445488887),(584,0,'repository_user','2015051100','2015051100','Plugin installed',NULL,'',0,1445488888),(585,0,'repository_webdav',NULL,'2015051100','Starting plugin installation',NULL,'',0,1445488888),(586,0,'repository_webdav','2015051100','2015051100','Upgrade savepoint reached',NULL,'',0,1445488888),(587,0,'repository_webdav','2015051100','2015051100','Plugin installed',NULL,'',0,1445488888),(588,0,'repository_wikimedia',NULL,'2015051100','Starting plugin installation',NULL,'',0,1445488888),(589,0,'repository_wikimedia','2015051100','2015051100','Upgrade savepoint reached',NULL,'',0,1445488888),(590,0,'repository_wikimedia','2015051100','2015051100','Plugin installed',NULL,'',0,1445488888),(591,0,'repository_youtube',NULL,'2015051101','Starting plugin installation',NULL,'',0,1445488888),(592,0,'repository_youtube','2015051101','2015051101','Upgrade savepoint reached',NULL,'',0,1445488888),(593,0,'repository_youtube','2015051101','2015051101','Plugin installed',NULL,'',0,1445488889),(594,0,'portfolio_boxnet',NULL,'2015051100','Starting plugin installation',NULL,'',0,1445488889),(595,0,'portfolio_boxnet','2015051100','2015051100','Upgrade savepoint reached',NULL,'',0,1445488889),(596,0,'portfolio_boxnet','2015051100','2015051100','Plugin installed',NULL,'',0,1445488889),(597,0,'portfolio_download',NULL,'2015051100','Starting plugin installation',NULL,'',0,1445488889),(598,0,'portfolio_download','2015051100','2015051100','Upgrade savepoint reached',NULL,'',0,1445488889),(599,0,'portfolio_download','2015051100','2015051100','Plugin installed',NULL,'',0,1445488890),(600,0,'portfolio_flickr',NULL,'2015051100','Starting plugin installation',NULL,'',0,1445488890),(601,0,'portfolio_flickr','2015051100','2015051100','Upgrade savepoint reached',NULL,'',0,1445488890),(602,0,'portfolio_flickr','2015051100','2015051100','Plugin installed',NULL,'',0,1445488890),(603,0,'portfolio_googledocs',NULL,'2015051100','Starting plugin installation',NULL,'',0,1445488890),(604,0,'portfolio_googledocs','2015051100','2015051100','Upgrade savepoint reached',NULL,'',0,1445488890),(605,0,'portfolio_googledocs','2015051100','2015051100','Plugin installed',NULL,'',0,1445488890),(606,0,'portfolio_mahara',NULL,'2015051100','Starting plugin installation',NULL,'',0,1445488890),(607,0,'portfolio_mahara','2015051100','2015051100','Upgrade savepoint reached',NULL,'',0,1445488890),(608,0,'portfolio_mahara','2015051100','2015051100','Plugin installed',NULL,'',0,1445488890),(609,0,'portfolio_picasa',NULL,'2015051100','Starting plugin installation',NULL,'',0,1445488891),(610,0,'portfolio_picasa','2015051100','2015051100','Upgrade savepoint reached',NULL,'',0,1445488891),(611,0,'portfolio_picasa','2015051100','2015051100','Plugin installed',NULL,'',0,1445488891),(612,0,'qbehaviour_adaptive',NULL,'2015051100','Starting plugin installation',NULL,'',0,1445488891),(613,0,'qbehaviour_adaptive','2015051100','2015051100','Upgrade savepoint reached',NULL,'',0,1445488891),(614,0,'qbehaviour_adaptive','2015051100','2015051100','Plugin installed',NULL,'',0,1445488891),(615,0,'qbehaviour_adaptivenopenalty',NULL,'2015051100','Starting plugin installation',NULL,'',0,1445488891),(616,0,'qbehaviour_adaptivenopenalty','2015051100','2015051100','Upgrade savepoint reached',NULL,'',0,1445488891),(617,0,'qbehaviour_adaptivenopenalty','2015051100','2015051100','Plugin installed',NULL,'',0,1445488891),(618,0,'qbehaviour_deferredcbm',NULL,'2015051100','Starting plugin installation',NULL,'',0,1445488891),(619,0,'qbehaviour_deferredcbm','2015051100','2015051100','Upgrade savepoint reached',NULL,'',0,1445488891),(620,0,'qbehaviour_deferredcbm','2015051100','2015051100','Plugin installed',NULL,'',0,1445488891),(621,0,'qbehaviour_deferredfeedback',NULL,'2015051100','Starting plugin installation',NULL,'',0,1445488891),(622,0,'qbehaviour_deferredfeedback','2015051100','2015051100','Upgrade savepoint reached',NULL,'',0,1445488891),(623,0,'qbehaviour_deferredfeedback','2015051100','2015051100','Plugin installed',NULL,'',0,1445488891),(624,0,'qbehaviour_immediatecbm',NULL,'2015051100','Starting plugin installation',NULL,'',0,1445488891),(625,0,'qbehaviour_immediatecbm','2015051100','2015051100','Upgrade savepoint reached',NULL,'',0,1445488891),(626,0,'qbehaviour_immediatecbm','2015051100','2015051100','Plugin installed',NULL,'',0,1445488892),(627,0,'qbehaviour_immediatefeedback',NULL,'2015051100','Starting plugin installation',NULL,'',0,1445488892),(628,0,'qbehaviour_immediatefeedback','2015051100','2015051100','Upgrade savepoint reached',NULL,'',0,1445488892),(629,0,'qbehaviour_immediatefeedback','2015051100','2015051100','Plugin installed',NULL,'',0,1445488892),(630,0,'qbehaviour_informationitem',NULL,'2015051100','Starting plugin installation',NULL,'',0,1445488892),(631,0,'qbehaviour_informationitem','2015051100','2015051100','Upgrade savepoint reached',NULL,'',0,1445488892),(632,0,'qbehaviour_informationitem','2015051100','2015051100','Plugin installed',NULL,'',0,1445488892),(633,0,'qbehaviour_interactive',NULL,'2015051100','Starting plugin installation',NULL,'',0,1445488892),(634,0,'qbehaviour_interactive','2015051100','2015051100','Upgrade savepoint reached',NULL,'',0,1445488892),(635,0,'qbehaviour_interactive','2015051100','2015051100','Plugin installed',NULL,'',0,1445488892),(636,0,'qbehaviour_interactivecountback',NULL,'2015051100','Starting plugin installation',NULL,'',0,1445488892),(637,0,'qbehaviour_interactivecountback','2015051100','2015051100','Upgrade savepoint reached',NULL,'',0,1445488892),(638,0,'qbehaviour_interactivecountback','2015051100','2015051100','Plugin installed',NULL,'',0,1445488892),(639,0,'qbehaviour_manualgraded',NULL,'2015051100','Starting plugin installation',NULL,'',0,1445488892),(640,0,'qbehaviour_manualgraded','2015051100','2015051100','Upgrade savepoint reached',NULL,'',0,1445488892),(641,0,'qbehaviour_manualgraded','2015051100','2015051100','Plugin installed',NULL,'',0,1445488893),(642,0,'qbehaviour_missing',NULL,'2015051100','Starting plugin installation',NULL,'',0,1445488893),(643,0,'qbehaviour_missing','2015051100','2015051100','Upgrade savepoint reached',NULL,'',0,1445488893),(644,0,'qbehaviour_missing','2015051100','2015051100','Plugin installed',NULL,'',0,1445488893),(645,0,'qformat_aiken',NULL,'2015051100','Starting plugin installation',NULL,'',0,1445488893),(646,0,'qformat_aiken','2015051100','2015051100','Upgrade savepoint reached',NULL,'',0,1445488893),(647,0,'qformat_aiken','2015051100','2015051100','Plugin installed',NULL,'',0,1445488893),(648,0,'qformat_blackboard_six',NULL,'2015051100','Starting plugin installation',NULL,'',0,1445488893),(649,0,'qformat_blackboard_six','2015051100','2015051100','Upgrade savepoint reached',NULL,'',0,1445488893),(650,0,'qformat_blackboard_six','2015051100','2015051100','Plugin installed',NULL,'',0,1445488893),(651,0,'qformat_examview',NULL,'2015051100','Starting plugin installation',NULL,'',0,1445488893),(652,0,'qformat_examview','2015051100','2015051100','Upgrade savepoint reached',NULL,'',0,1445488894),(653,0,'qformat_examview','2015051100','2015051100','Plugin installed',NULL,'',0,1445488894),(654,0,'qformat_gift',NULL,'2015051100','Starting plugin installation',NULL,'',0,1445488894),(655,0,'qformat_gift','2015051100','2015051100','Upgrade savepoint reached',NULL,'',0,1445488894),(656,0,'qformat_gift','2015051100','2015051100','Plugin installed',NULL,'',0,1445488894),(657,0,'qformat_missingword',NULL,'2015051100','Starting plugin installation',NULL,'',0,1445488894),(658,0,'qformat_missingword','2015051100','2015051100','Upgrade savepoint reached',NULL,'',0,1445488894),(659,0,'qformat_missingword','2015051100','2015051100','Plugin installed',NULL,'',0,1445488894),(660,0,'qformat_multianswer',NULL,'2015051100','Starting plugin installation',NULL,'',0,1445488894),(661,0,'qformat_multianswer','2015051100','2015051100','Upgrade savepoint reached',NULL,'',0,1445488894),(662,0,'qformat_multianswer','2015051100','2015051100','Plugin installed',NULL,'',0,1445488894),(663,0,'qformat_webct',NULL,'2015051100','Starting plugin installation',NULL,'',0,1445488894),(664,0,'qformat_webct','2015051100','2015051100','Upgrade savepoint reached',NULL,'',0,1445488895),(665,0,'qformat_webct','2015051100','2015051100','Plugin installed',NULL,'',0,1445488895),(666,0,'qformat_xhtml',NULL,'2015051100','Starting plugin installation',NULL,'',0,1445488895),(667,0,'qformat_xhtml','2015051100','2015051100','Upgrade savepoint reached',NULL,'',0,1445488895),(668,0,'qformat_xhtml','2015051100','2015051100','Plugin installed',NULL,'',0,1445488895),(669,0,'qformat_xml',NULL,'2015051100','Starting plugin installation',NULL,'',0,1445488895),(670,0,'qformat_xml','2015051100','2015051100','Upgrade savepoint reached',NULL,'',0,1445488895),(671,0,'qformat_xml','2015051100','2015051100','Plugin installed',NULL,'',0,1445488895),(672,0,'tool_assignmentupgrade',NULL,'2015051100','Starting plugin installation',NULL,'',0,1445488895),(673,0,'tool_assignmentupgrade','2015051100','2015051100','Upgrade savepoint reached',NULL,'',0,1445488895),(674,0,'tool_assignmentupgrade','2015051100','2015051100','Plugin installed',NULL,'',0,1445488895),(675,0,'tool_availabilityconditions',NULL,'2015051100','Starting plugin installation',NULL,'',0,1445488895),(676,0,'tool_availabilityconditions','2015051100','2015051100','Upgrade savepoint reached',NULL,'',0,1445488895),(677,0,'tool_availabilityconditions','2015051100','2015051100','Plugin installed',NULL,'',0,1445488896),(678,0,'tool_behat',NULL,'2015051100','Starting plugin installation',NULL,'',0,1445488896),(679,0,'tool_behat','2015051100','2015051100','Upgrade savepoint reached',NULL,'',0,1445488896),(680,0,'tool_behat','2015051100','2015051100','Plugin installed',NULL,'',0,1445488896),(681,0,'tool_capability',NULL,'2015051100','Starting plugin installation',NULL,'',0,1445488896),(682,0,'tool_capability','2015051100','2015051100','Upgrade savepoint reached',NULL,'',0,1445488896),(683,0,'tool_capability','2015051100','2015051100','Plugin installed',NULL,'',0,1445488896),(684,0,'tool_customlang',NULL,'2015051100','Starting plugin installation',NULL,'',0,1445488896),(685,0,'tool_customlang','2015051100','2015051100','Upgrade savepoint reached',NULL,'',0,1445488896),(686,0,'tool_customlang','2015051100','2015051100','Plugin installed',NULL,'',0,1445488896),(687,0,'tool_dbtransfer',NULL,'2015051100','Starting plugin installation',NULL,'',0,1445488897),(688,0,'tool_dbtransfer','2015051100','2015051100','Upgrade savepoint reached',NULL,'',0,1445488897),(689,0,'tool_dbtransfer','2015051100','2015051100','Plugin installed',NULL,'',0,1445488897),(690,0,'tool_filetypes',NULL,'2015051100','Starting plugin installation',NULL,'',0,1445488897),(691,0,'tool_filetypes','2015051100','2015051100','Upgrade savepoint reached',NULL,'',0,1445488897),(692,0,'tool_filetypes','2015051100','2015051100','Plugin installed',NULL,'',0,1445488897),(693,0,'tool_generator',NULL,'2015051100','Starting plugin installation',NULL,'',0,1445488897),(694,0,'tool_generator','2015051100','2015051100','Upgrade savepoint reached',NULL,'',0,1445488897),(695,0,'tool_generator','2015051100','2015051100','Plugin installed',NULL,'',0,1445488897),(696,0,'tool_health',NULL,'2015051100','Starting plugin installation',NULL,'',0,1445488897),(697,0,'tool_health','2015051100','2015051100','Upgrade savepoint reached',NULL,'',0,1445488897),(698,0,'tool_health','2015051100','2015051100','Plugin installed',NULL,'',0,1445488898),(699,0,'tool_innodb',NULL,'2015051100','Starting plugin installation',NULL,'',0,1445488898),(700,0,'tool_innodb','2015051100','2015051100','Upgrade savepoint reached',NULL,'',0,1445488898),(701,0,'tool_innodb','2015051100','2015051100','Plugin installed',NULL,'',0,1445488898),(702,0,'tool_installaddon',NULL,'2015051100','Starting plugin installation',NULL,'',0,1445488898),(703,0,'tool_installaddon','2015051100','2015051100','Upgrade savepoint reached',NULL,'',0,1445488898),(704,0,'tool_installaddon','2015051100','2015051100','Plugin installed',NULL,'',0,1445488898),(705,0,'tool_langimport',NULL,'2015051100','Starting plugin installation',NULL,'',0,1445488898),(706,0,'tool_langimport','2015051100','2015051100','Upgrade savepoint reached',NULL,'',0,1445488898),(707,0,'tool_langimport','2015051100','2015051100','Plugin installed',NULL,'',0,1445488899),(708,0,'tool_log',NULL,'2015051100','Starting plugin installation',NULL,'',0,1445488899),(709,0,'tool_log','2015051100','2015051100','Upgrade savepoint reached',NULL,'',0,1445488899),(710,0,'tool_log','2015051100','2015051100','Plugin installed',NULL,'',0,1445488899),(711,0,'tool_messageinbound',NULL,'2015051100','Starting plugin installation',NULL,'',0,1445488899),(712,0,'tool_messageinbound','2015051100','2015051100','Upgrade savepoint reached',NULL,'',0,1445488899),(713,0,'tool_messageinbound','2015051100','2015051100','Plugin installed',NULL,'',0,1445488899),(714,0,'tool_monitor',NULL,'2015051100','Starting plugin installation',NULL,'',0,1445488899),(715,0,'tool_monitor','2015051100','2015051100','Upgrade savepoint reached',NULL,'',0,1445488900),(716,0,'tool_monitor','2015051100','2015051100','Plugin installed',NULL,'',0,1445488901),(717,0,'tool_multilangupgrade',NULL,'2015051100','Starting plugin installation',NULL,'',0,1445488901),(718,0,'tool_multilangupgrade','2015051100','2015051100','Upgrade savepoint reached',NULL,'',0,1445488901),(719,0,'tool_multilangupgrade','2015051100','2015051100','Plugin installed',NULL,'',0,1445488901),(720,0,'tool_phpunit',NULL,'2015051100','Starting plugin installation',NULL,'',0,1445488901),(721,0,'tool_phpunit','2015051100','2015051100','Upgrade savepoint reached',NULL,'',0,1445488901),(722,0,'tool_phpunit','2015051100','2015051100','Plugin installed',NULL,'',0,1445488901),(723,0,'tool_profiling',NULL,'2015051100','Starting plugin installation',NULL,'',0,1445488901),(724,0,'tool_profiling','2015051100','2015051100','Upgrade savepoint reached',NULL,'',0,1445488901),(725,0,'tool_profiling','2015051100','2015051100','Plugin installed',NULL,'',0,1445488901),(726,0,'tool_replace',NULL,'2015051100','Starting plugin installation',NULL,'',0,1445488901),(727,0,'tool_replace','2015051100','2015051100','Upgrade savepoint reached',NULL,'',0,1445488901),(728,0,'tool_replace','2015051100','2015051100','Plugin installed',NULL,'',0,1445488901),(729,0,'tool_spamcleaner',NULL,'2015051100','Starting plugin installation',NULL,'',0,1445488902),(730,0,'tool_spamcleaner','2015051100','2015051100','Upgrade savepoint reached',NULL,'',0,1445488902),(731,0,'tool_spamcleaner','2015051100','2015051100','Plugin installed',NULL,'',0,1445488902),(732,0,'tool_task',NULL,'2015051100','Starting plugin installation',NULL,'',0,1445488902),(733,0,'tool_task','2015051100','2015051100','Upgrade savepoint reached',NULL,'',0,1445488902),(734,0,'tool_task','2015051100','2015051100','Plugin installed',NULL,'',0,1445488902),(735,0,'tool_templatelibrary',NULL,'2015051100','Starting plugin installation',NULL,'',0,1445488902),(736,0,'tool_templatelibrary','2015051100','2015051100','Upgrade savepoint reached',NULL,'',0,1445488902),(737,0,'tool_templatelibrary','2015051100','2015051100','Plugin installed',NULL,'',0,1445488902),(738,0,'tool_unsuproles',NULL,'2015051100','Starting plugin installation',NULL,'',0,1445488902),(739,0,'tool_unsuproles','2015051100','2015051100','Upgrade savepoint reached',NULL,'',0,1445488902),(740,0,'tool_unsuproles','2015051100','2015051100','Plugin installed',NULL,'',0,1445488902),(741,0,'tool_uploadcourse',NULL,'2015051100','Starting plugin installation',NULL,'',0,1445488902),(742,0,'tool_uploadcourse','2015051100','2015051100','Upgrade savepoint reached',NULL,'',0,1445488903),(743,0,'tool_uploadcourse','2015051100','2015051100','Plugin installed',NULL,'',0,1445488903),(744,0,'tool_uploaduser',NULL,'2015051100','Starting plugin installation',NULL,'',0,1445488903),(745,0,'tool_uploaduser','2015051100','2015051100','Upgrade savepoint reached',NULL,'',0,1445488903),(746,0,'tool_uploaduser','2015051100','2015051100','Plugin installed',NULL,'',0,1445488903),(747,0,'tool_xmldb',NULL,'2015051100','Starting plugin installation',NULL,'',0,1445488903),(748,0,'tool_xmldb','2015051100','2015051100','Upgrade savepoint reached',NULL,'',0,1445488903),(749,0,'tool_xmldb','2015051100','2015051100','Plugin installed',NULL,'',0,1445488903),(750,0,'cachestore_file',NULL,'2015051100','Starting plugin installation',NULL,'',0,1445488903),(751,0,'cachestore_file','2015051100','2015051100','Upgrade savepoint reached',NULL,'',0,1445488903),(752,0,'cachestore_file','2015051100','2015051100','Plugin installed',NULL,'',0,1445488904),(753,0,'cachestore_memcache',NULL,'2015051100','Starting plugin installation',NULL,'',0,1445488904),(754,0,'cachestore_memcache','2015051100','2015051100','Upgrade savepoint reached',NULL,'',0,1445488904),(755,0,'cachestore_memcache','2015051100','2015051100','Plugin installed',NULL,'',0,1445488904),(756,0,'cachestore_memcached',NULL,'2015051100','Starting plugin installation',NULL,'',0,1445488904),(757,0,'cachestore_memcached','2015051100','2015051100','Upgrade savepoint reached',NULL,'',0,1445488904),(758,0,'cachestore_memcached','2015051100','2015051100','Plugin installed',NULL,'',0,1445488904),(759,0,'cachestore_mongodb',NULL,'2015051100','Starting plugin installation',NULL,'',0,1445488904),(760,0,'cachestore_mongodb','2015051100','2015051100','Upgrade savepoint reached',NULL,'',0,1445488904),(761,0,'cachestore_mongodb','2015051100','2015051100','Plugin installed',NULL,'',0,1445488904),(762,0,'cachestore_session',NULL,'2015051100','Starting plugin installation',NULL,'',0,1445488904),(763,0,'cachestore_session','2015051100','2015051100','Upgrade savepoint reached',NULL,'',0,1445488904),(764,0,'cachestore_session','2015051100','2015051100','Plugin installed',NULL,'',0,1445488905),(765,0,'cachestore_static',NULL,'2015051100','Starting plugin installation',NULL,'',0,1445488905),(766,0,'cachestore_static','2015051100','2015051100','Upgrade savepoint reached',NULL,'',0,1445488905),(767,0,'cachestore_static','2015051100','2015051100','Plugin installed',NULL,'',0,1445488905),(768,0,'cachelock_file',NULL,'2015051100','Starting plugin installation',NULL,'',0,1445488905),(769,0,'cachelock_file','2015051100','2015051100','Upgrade savepoint reached',NULL,'',0,1445488905),(770,0,'cachelock_file','2015051100','2015051100','Plugin installed',NULL,'',0,1445488905),(771,0,'theme_base',NULL,'2015051100','Starting plugin installation',NULL,'',0,1445488905),(772,0,'theme_base','2015051100','2015051100','Upgrade savepoint reached',NULL,'',0,1445488905),(773,0,'theme_base','2015051100','2015051100','Plugin installed',NULL,'',0,1445488905),(774,0,'theme_bootstrapbase',NULL,'2015051100','Starting plugin installation',NULL,'',0,1445488905),(775,0,'theme_bootstrapbase','2015051100','2015051100','Upgrade savepoint reached',NULL,'',0,1445488905),(776,0,'theme_bootstrapbase','2015051100','2015051100','Plugin installed',NULL,'',0,1445488905),(777,0,'theme_canvas',NULL,'2015051100','Starting plugin installation',NULL,'',0,1445488905),(778,0,'theme_canvas','2015051100','2015051100','Upgrade savepoint reached',NULL,'',0,1445488906),(779,0,'theme_canvas','2015051100','2015051100','Plugin installed',NULL,'',0,1445488906),(780,0,'theme_clean',NULL,'2015051100','Starting plugin installation',NULL,'',0,1445488906),(781,0,'theme_clean','2015051100','2015051100','Upgrade savepoint reached',NULL,'',0,1445488906),(782,0,'theme_clean','2015051100','2015051100','Plugin installed',NULL,'',0,1445488906),(783,0,'theme_more',NULL,'2015051100','Starting plugin installation',NULL,'',0,1445488906),(784,0,'theme_more','2015051100','2015051100','Upgrade savepoint reached',NULL,'',0,1445488906),(785,0,'theme_more','2015051100','2015051100','Plugin installed',NULL,'',0,1445488906),(786,0,'assignsubmission_comments',NULL,'2015051100','Starting plugin installation',NULL,'',0,1445488906),(787,0,'assignsubmission_comments','2015051100','2015051100','Upgrade savepoint reached',NULL,'',0,1445488906),(788,0,'assignsubmission_comments','2015051100','2015051100','Plugin installed',NULL,'',0,1445488907),(789,0,'assignsubmission_file',NULL,'2015051100','Starting plugin installation',NULL,'',0,1445488907),(790,0,'assignsubmission_file','2015051100','2015051100','Upgrade savepoint reached',NULL,'',0,1445488907),(791,0,'assignsubmission_file','2015051100','2015051100','Plugin installed',NULL,'',0,1445488907),(792,0,'assignsubmission_onlinetext',NULL,'2015051100','Starting plugin installation',NULL,'',0,1445488907),(793,0,'assignsubmission_onlinetext','2015051100','2015051100','Upgrade savepoint reached',NULL,'',0,1445488907),(794,0,'assignsubmission_onlinetext','2015051100','2015051100','Plugin installed',NULL,'',0,1445488909),(795,0,'assignfeedback_comments',NULL,'2015051100','Starting plugin installation',NULL,'',0,1445488909),(796,0,'assignfeedback_comments','2015051100','2015051100','Upgrade savepoint reached',NULL,'',0,1445488909),(797,0,'assignfeedback_comments','2015051100','2015051100','Plugin installed',NULL,'',0,1445488909),(798,0,'assignfeedback_editpdf',NULL,'2015051100','Starting plugin installation',NULL,'',0,1445488909),(799,0,'assignfeedback_editpdf','2015051100','2015051100','Upgrade savepoint reached',NULL,'',0,1445488910),(800,0,'assignfeedback_editpdf','2015051100','2015051100','Plugin installed',NULL,'',0,1445488910),(801,0,'assignfeedback_file',NULL,'2015051100','Starting plugin installation',NULL,'',0,1445488910),(802,0,'assignfeedback_file','2015051100','2015051100','Upgrade savepoint reached',NULL,'',0,1445488910),(803,0,'assignfeedback_file','2015051100','2015051100','Plugin installed',NULL,'',0,1445488911),(804,0,'assignfeedback_offline',NULL,'2015051100','Starting plugin installation',NULL,'',0,1445488911),(805,0,'assignfeedback_offline','2015051100','2015051100','Upgrade savepoint reached',NULL,'',0,1445488911),(806,0,'assignfeedback_offline','2015051100','2015051100','Plugin installed',NULL,'',0,1445488911),(807,0,'assignment_offline',NULL,'2015051100','Starting plugin installation',NULL,'',0,1445488911),(808,0,'assignment_offline','2015051100','2015051100','Upgrade savepoint reached',NULL,'',0,1445488912),(809,0,'assignment_offline','2015051100','2015051100','Plugin installed',NULL,'',0,1445488912),(810,0,'assignment_online',NULL,'2015051100','Starting plugin installation',NULL,'',0,1445488912),(811,0,'assignment_online','2015051100','2015051100','Upgrade savepoint reached',NULL,'',0,1445488912),(812,0,'assignment_online','2015051100','2015051100','Plugin installed',NULL,'',0,1445488912),(813,0,'assignment_upload',NULL,'2015051100','Starting plugin installation',NULL,'',0,1445488912),(814,0,'assignment_upload','2015051100','2015051100','Upgrade savepoint reached',NULL,'',0,1445488912),(815,0,'assignment_upload','2015051100','2015051100','Plugin installed',NULL,'',0,1445488912),(816,0,'assignment_uploadsingle',NULL,'2015051100','Starting plugin installation',NULL,'',0,1445488912),(817,0,'assignment_uploadsingle','2015051100','2015051100','Upgrade savepoint reached',NULL,'',0,1445488912),(818,0,'assignment_uploadsingle','2015051100','2015051100','Plugin installed',NULL,'',0,1445488912),(819,0,'booktool_exportimscp',NULL,'2015051100','Starting plugin installation',NULL,'',0,1445488912),(820,0,'booktool_exportimscp','2015051100','2015051100','Upgrade savepoint reached',NULL,'',0,1445488913),(821,0,'booktool_exportimscp','2015051100','2015051100','Plugin installed',NULL,'',0,1445488913),(822,0,'booktool_importhtml',NULL,'2015051100','Starting plugin installation',NULL,'',0,1445488913),(823,0,'booktool_importhtml','2015051100','2015051100','Upgrade savepoint reached',NULL,'',0,1445488913),(824,0,'booktool_importhtml','2015051100','2015051100','Plugin installed',NULL,'',0,1445488913),(825,0,'booktool_print',NULL,'2015051100','Starting plugin installation',NULL,'',0,1445488913),(826,0,'booktool_print','2015051100','2015051100','Upgrade savepoint reached',NULL,'',0,1445488913),(827,0,'booktool_print','2015051100','2015051100','Plugin installed',NULL,'',0,1445488914),(828,0,'datafield_checkbox',NULL,'2015051100','Starting plugin installation',NULL,'',0,1445488914),(829,0,'datafield_checkbox','2015051100','2015051100','Upgrade savepoint reached',NULL,'',0,1445488914),(830,0,'datafield_checkbox','2015051100','2015051100','Plugin installed',NULL,'',0,1445488914),(831,0,'datafield_date',NULL,'2015051100','Starting plugin installation',NULL,'',0,1445488914),(832,0,'datafield_date','2015051100','2015051100','Upgrade savepoint reached',NULL,'',0,1445488914),(833,0,'datafield_date','2015051100','2015051100','Plugin installed',NULL,'',0,1445488914),(834,0,'datafield_file',NULL,'2015051100','Starting plugin installation',NULL,'',0,1445488914),(835,0,'datafield_file','2015051100','2015051100','Upgrade savepoint reached',NULL,'',0,1445488914),(836,0,'datafield_file','2015051100','2015051100','Plugin installed',NULL,'',0,1445488914),(837,0,'datafield_latlong',NULL,'2015051100','Starting plugin installation',NULL,'',0,1445488914),(838,0,'datafield_latlong','2015051100','2015051100','Upgrade savepoint reached',NULL,'',0,1445488914),(839,0,'datafield_latlong','2015051100','2015051100','Plugin installed',NULL,'',0,1445488915),(840,0,'datafield_menu',NULL,'2015051100','Starting plugin installation',NULL,'',0,1445488915),(841,0,'datafield_menu','2015051100','2015051100','Upgrade savepoint reached',NULL,'',0,1445488915),(842,0,'datafield_menu','2015051100','2015051100','Plugin installed',NULL,'',0,1445488915),(843,0,'datafield_multimenu',NULL,'2015051100','Starting plugin installation',NULL,'',0,1445488915),(844,0,'datafield_multimenu','2015051100','2015051100','Upgrade savepoint reached',NULL,'',0,1445488915),(845,0,'datafield_multimenu','2015051100','2015051100','Plugin installed',NULL,'',0,1445488915),(846,0,'datafield_number',NULL,'2015051100','Starting plugin installation',NULL,'',0,1445488915),(847,0,'datafield_number','2015051100','2015051100','Upgrade savepoint reached',NULL,'',0,1445488915),(848,0,'datafield_number','2015051100','2015051100','Plugin installed',NULL,'',0,1445488915),(849,0,'datafield_picture',NULL,'2015051100','Starting plugin installation',NULL,'',0,1445488915),(850,0,'datafield_picture','2015051100','2015051100','Upgrade savepoint reached',NULL,'',0,1445488915),(851,0,'datafield_picture','2015051100','2015051100','Plugin installed',NULL,'',0,1445488915),(852,0,'datafield_radiobutton',NULL,'2015051100','Starting plugin installation',NULL,'',0,1445488915),(853,0,'datafield_radiobutton','2015051100','2015051100','Upgrade savepoint reached',NULL,'',0,1445488916),(854,0,'datafield_radiobutton','2015051100','2015051100','Plugin installed',NULL,'',0,1445488916),(855,0,'datafield_text',NULL,'2015051100','Starting plugin installation',NULL,'',0,1445488916),(856,0,'datafield_text','2015051100','2015051100','Upgrade savepoint reached',NULL,'',0,1445488916),(857,0,'datafield_text','2015051100','2015051100','Plugin installed',NULL,'',0,1445488916),(858,0,'datafield_textarea',NULL,'2015051100','Starting plugin installation',NULL,'',0,1445488916),(859,0,'datafield_textarea','2015051100','2015051100','Upgrade savepoint reached',NULL,'',0,1445488916),(860,0,'datafield_textarea','2015051100','2015051100','Plugin installed',NULL,'',0,1445488916),(861,0,'datafield_url',NULL,'2015051100','Starting plugin installation',NULL,'',0,1445488916),(862,0,'datafield_url','2015051100','2015051100','Upgrade savepoint reached',NULL,'',0,1445488916),(863,0,'datafield_url','2015051100','2015051100','Plugin installed',NULL,'',0,1445488916),(864,0,'datapreset_imagegallery',NULL,'2015051100','Starting plugin installation',NULL,'',0,1445488916),(865,0,'datapreset_imagegallery','2015051100','2015051100','Upgrade savepoint reached',NULL,'',0,1445488916),(866,0,'datapreset_imagegallery','2015051100','2015051100','Plugin installed',NULL,'',0,1445488916),(867,0,'ltiservice_profile',NULL,'2015051100','Starting plugin installation',NULL,'',0,1445488916),(868,0,'ltiservice_profile','2015051100','2015051100','Upgrade savepoint reached',NULL,'',0,1445488916),(869,0,'ltiservice_profile','2015051100','2015051100','Plugin installed',NULL,'',0,1445488917),(870,0,'ltiservice_toolproxy',NULL,'2015051100','Starting plugin installation',NULL,'',0,1445488917),(871,0,'ltiservice_toolproxy','2015051100','2015051100','Upgrade savepoint reached',NULL,'',0,1445488917),(872,0,'ltiservice_toolproxy','2015051100','2015051100','Plugin installed',NULL,'',0,1445488917),(873,0,'ltiservice_toolsettings',NULL,'2015051100','Starting plugin installation',NULL,'',0,1445488917),(874,0,'ltiservice_toolsettings','2015051100','2015051100','Upgrade savepoint reached',NULL,'',0,1445488917),(875,0,'ltiservice_toolsettings','2015051100','2015051100','Plugin installed',NULL,'',0,1445488917),(876,0,'quiz_grading',NULL,'2015051100','Starting plugin installation',NULL,'',0,1445488917),(877,0,'quiz_grading','2015051100','2015051100','Upgrade savepoint reached',NULL,'',0,1445488917),(878,0,'quiz_grading','2015051100','2015051100','Plugin installed',NULL,'',0,1445488918),(879,0,'quiz_overview',NULL,'2015051100','Starting plugin installation',NULL,'',0,1445488918),(880,0,'quiz_overview','2015051100','2015051100','Upgrade savepoint reached',NULL,'',0,1445488918),(881,0,'quiz_overview','2015051100','2015051100','Plugin installed',NULL,'',0,1445488918),(882,0,'quiz_responses',NULL,'2015051100','Starting plugin installation',NULL,'',0,1445488918),(883,0,'quiz_responses','2015051100','2015051100','Upgrade savepoint reached',NULL,'',0,1445488918),(884,0,'quiz_responses','2015051100','2015051100','Plugin installed',NULL,'',0,1445488919),(885,0,'quiz_statistics',NULL,'2015051100','Starting plugin installation',NULL,'',0,1445488919),(886,0,'quiz_statistics','2015051100','2015051100','Upgrade savepoint reached',NULL,'',0,1445488919),(887,0,'quiz_statistics','2015051100','2015051100','Plugin installed',NULL,'',0,1445488919),(888,0,'quizaccess_delaybetweenattempts',NULL,'2015051100','Starting plugin installation',NULL,'',0,1445488919),(889,0,'quizaccess_delaybetweenattempts','2015051100','2015051100','Upgrade savepoint reached',NULL,'',0,1445488919),(890,0,'quizaccess_delaybetweenattempts','2015051100','2015051100','Plugin installed',NULL,'',0,1445488919),(891,0,'quizaccess_ipaddress',NULL,'2015051100','Starting plugin installation',NULL,'',0,1445488919),(892,0,'quizaccess_ipaddress','2015051100','2015051100','Upgrade savepoint reached',NULL,'',0,1445488919),(893,0,'quizaccess_ipaddress','2015051100','2015051100','Plugin installed',NULL,'',0,1445488920),(894,0,'quizaccess_numattempts',NULL,'2015051100','Starting plugin installation',NULL,'',0,1445488920),(895,0,'quizaccess_numattempts','2015051100','2015051100','Upgrade savepoint reached',NULL,'',0,1445488920),(896,0,'quizaccess_numattempts','2015051100','2015051100','Plugin installed',NULL,'',0,1445488920),(897,0,'quizaccess_openclosedate',NULL,'2015051100','Starting plugin installation',NULL,'',0,1445488920),(898,0,'quizaccess_openclosedate','2015051100','2015051100','Upgrade savepoint reached',NULL,'',0,1445488920),(899,0,'quizaccess_openclosedate','2015051100','2015051100','Plugin installed',NULL,'',0,1445488920),(900,0,'quizaccess_password',NULL,'2015051100','Starting plugin installation',NULL,'',0,1445488920),(901,0,'quizaccess_password','2015051100','2015051100','Upgrade savepoint reached',NULL,'',0,1445488920),(902,0,'quizaccess_password','2015051100','2015051100','Plugin installed',NULL,'',0,1445488920),(903,0,'quizaccess_safebrowser',NULL,'2015051100','Starting plugin installation',NULL,'',0,1445488920),(904,0,'quizaccess_safebrowser','2015051100','2015051100','Upgrade savepoint reached',NULL,'',0,1445488920),(905,0,'quizaccess_safebrowser','2015051100','2015051100','Plugin installed',NULL,'',0,1445488920),(906,0,'quizaccess_securewindow',NULL,'2015051100','Starting plugin installation',NULL,'',0,1445488920),(907,0,'quizaccess_securewindow','2015051100','2015051100','Upgrade savepoint reached',NULL,'',0,1445488921),(908,0,'quizaccess_securewindow','2015051100','2015051100','Plugin installed',NULL,'',0,1445488921),(909,0,'quizaccess_timelimit',NULL,'2015051100','Starting plugin installation',NULL,'',0,1445488921),(910,0,'quizaccess_timelimit','2015051100','2015051100','Upgrade savepoint reached',NULL,'',0,1445488921),(911,0,'quizaccess_timelimit','2015051100','2015051100','Plugin installed',NULL,'',0,1445488921),(912,0,'scormreport_basic',NULL,'2015051100','Starting plugin installation',NULL,'',0,1445488921),(913,0,'scormreport_basic','2015051100','2015051100','Upgrade savepoint reached',NULL,'',0,1445488921),(914,0,'scormreport_basic','2015051100','2015051100','Plugin installed',NULL,'',0,1445488921),(915,0,'scormreport_graphs',NULL,'2015051100','Starting plugin installation',NULL,'',0,1445488921),(916,0,'scormreport_graphs','2015051100','2015051100','Upgrade savepoint reached',NULL,'',0,1445488921),(917,0,'scormreport_graphs','2015051100','2015051100','Plugin installed',NULL,'',0,1445488921),(918,0,'scormreport_interactions',NULL,'2015051100','Starting plugin installation',NULL,'',0,1445488921),(919,0,'scormreport_interactions','2015051100','2015051100','Upgrade savepoint reached',NULL,'',0,1445488921),(920,0,'scormreport_interactions','2015051100','2015051100','Plugin installed',NULL,'',0,1445488921),(921,0,'scormreport_objectives',NULL,'2015051100','Starting plugin installation',NULL,'',0,1445488922),(922,0,'scormreport_objectives','2015051100','2015051100','Upgrade savepoint reached',NULL,'',0,1445488922),(923,0,'scormreport_objectives','2015051100','2015051100','Plugin installed',NULL,'',0,1445488922),(924,0,'workshopform_accumulative',NULL,'2015051100','Starting plugin installation',NULL,'',0,1445488922),(925,0,'workshopform_accumulative','2015051100','2015051100','Upgrade savepoint reached',NULL,'',0,1445488922),(926,0,'workshopform_accumulative','2015051100','2015051100','Plugin installed',NULL,'',0,1445488922),(927,0,'workshopform_comments',NULL,'2015051100','Starting plugin installation',NULL,'',0,1445488922),(928,0,'workshopform_comments','2015051100','2015051100','Upgrade savepoint reached',NULL,'',0,1445488923),(929,0,'workshopform_comments','2015051100','2015051100','Plugin installed',NULL,'',0,1445488923),(930,0,'workshopform_numerrors',NULL,'2015051100','Starting plugin installation',NULL,'',0,1445488923),(931,0,'workshopform_numerrors','2015051100','2015051100','Upgrade savepoint reached',NULL,'',0,1445488923),(932,0,'workshopform_numerrors','2015051100','2015051100','Plugin installed',NULL,'',0,1445488923),(933,0,'workshopform_rubric',NULL,'2015051100','Starting plugin installation',NULL,'',0,1445488923),(934,0,'workshopform_rubric','2015051100','2015051100','Upgrade savepoint reached',NULL,'',0,1445488924),(935,0,'workshopform_rubric','2015051100','2015051100','Plugin installed',NULL,'',0,1445488924),(936,0,'workshopallocation_manual',NULL,'2015051100','Starting plugin installation',NULL,'',0,1445488924),(937,0,'workshopallocation_manual','2015051100','2015051100','Upgrade savepoint reached',NULL,'',0,1445488924),(938,0,'workshopallocation_manual','2015051100','2015051100','Plugin installed',NULL,'',0,1445488924),(939,0,'workshopallocation_random',NULL,'2015051100','Starting plugin installation',NULL,'',0,1445488924),(940,0,'workshopallocation_random','2015051100','2015051100','Upgrade savepoint reached',NULL,'',0,1445488924),(941,0,'workshopallocation_random','2015051100','2015051100','Plugin installed',NULL,'',0,1445488924),(942,0,'workshopallocation_scheduled',NULL,'2015051100','Starting plugin installation',NULL,'',0,1445488924),(943,0,'workshopallocation_scheduled','2015051100','2015051100','Upgrade savepoint reached',NULL,'',0,1445488925),(944,0,'workshopallocation_scheduled','2015051100','2015051100','Plugin installed',NULL,'',0,1445488925),(945,0,'workshopeval_best',NULL,'2015051100','Starting plugin installation',NULL,'',0,1445488925),(946,0,'workshopeval_best','2015051100','2015051100','Upgrade savepoint reached',NULL,'',0,1445488925),(947,0,'workshopeval_best','2015051100','2015051100','Plugin installed',NULL,'',0,1445488925),(948,0,'atto_accessibilitychecker',NULL,'2015051100','Starting plugin installation',NULL,'',0,1445488925),(949,0,'atto_accessibilitychecker','2015051100','2015051100','Upgrade savepoint reached',NULL,'',0,1445488925),(950,0,'atto_accessibilitychecker','2015051100','2015051100','Plugin installed',NULL,'',0,1445488925),(951,0,'atto_accessibilityhelper',NULL,'2015051100','Starting plugin installation',NULL,'',0,1445488925),(952,0,'atto_accessibilityhelper','2015051100','2015051100','Upgrade savepoint reached',NULL,'',0,1445488925),(953,0,'atto_accessibilityhelper','2015051100','2015051100','Plugin installed',NULL,'',0,1445488926),(954,0,'atto_align',NULL,'2015051100','Starting plugin installation',NULL,'',0,1445488926),(955,0,'atto_align','2015051100','2015051100','Upgrade savepoint reached',NULL,'',0,1445488926),(956,0,'atto_align','2015051100','2015051100','Plugin installed',NULL,'',0,1445488926),(957,0,'atto_backcolor',NULL,'2015051100','Starting plugin installation',NULL,'',0,1445488926),(958,0,'atto_backcolor','2015051100','2015051100','Upgrade savepoint reached',NULL,'',0,1445488926),(959,0,'atto_backcolor','2015051100','2015051100','Plugin installed',NULL,'',0,1445488926),(960,0,'atto_bold',NULL,'2015051100','Starting plugin installation',NULL,'',0,1445488926),(961,0,'atto_bold','2015051100','2015051100','Upgrade savepoint reached',NULL,'',0,1445488926),(962,0,'atto_bold','2015051100','2015051100','Plugin installed',NULL,'',0,1445488926),(963,0,'atto_charmap',NULL,'2015051100','Starting plugin installation',NULL,'',0,1445488926),(964,0,'atto_charmap','2015051100','2015051100','Upgrade savepoint reached',NULL,'',0,1445488927),(965,0,'atto_charmap','2015051100','2015051100','Plugin installed',NULL,'',0,1445488927),(966,0,'atto_clear',NULL,'2015051100','Starting plugin installation',NULL,'',0,1445488927),(967,0,'atto_clear','2015051100','2015051100','Upgrade savepoint reached',NULL,'',0,1445488927),(968,0,'atto_clear','2015051100','2015051100','Plugin installed',NULL,'',0,1445488927),(969,0,'atto_collapse',NULL,'2015051100','Starting plugin installation',NULL,'',0,1445488927),(970,0,'atto_collapse','2015051100','2015051100','Upgrade savepoint reached',NULL,'',0,1445488927),(971,0,'atto_collapse','2015051100','2015051100','Plugin installed',NULL,'',0,1445488927),(972,0,'atto_emoticon',NULL,'2015051100','Starting plugin installation',NULL,'',0,1445488928),(973,0,'atto_emoticon','2015051100','2015051100','Upgrade savepoint reached',NULL,'',0,1445488928),(974,0,'atto_emoticon','2015051100','2015051100','Plugin installed',NULL,'',0,1445488928),(975,0,'atto_equation',NULL,'2015051100','Starting plugin installation',NULL,'',0,1445488928),(976,0,'atto_equation','2015051100','2015051100','Upgrade savepoint reached',NULL,'',0,1445488928),(977,0,'atto_equation','2015051100','2015051100','Plugin installed',NULL,'',0,1445488928),(978,0,'atto_fontcolor',NULL,'2015051100','Starting plugin installation',NULL,'',0,1445488928),(979,0,'atto_fontcolor','2015051100','2015051100','Upgrade savepoint reached',NULL,'',0,1445488928),(980,0,'atto_fontcolor','2015051100','2015051100','Plugin installed',NULL,'',0,1445488928),(981,0,'atto_html',NULL,'2015051100','Starting plugin installation',NULL,'',0,1445488928),(982,0,'atto_html','2015051100','2015051100','Upgrade savepoint reached',NULL,'',0,1445488929),(983,0,'atto_html','2015051100','2015051100','Plugin installed',NULL,'',0,1445488929),(984,0,'atto_image',NULL,'2015051100','Starting plugin installation',NULL,'',0,1445488930),(985,0,'atto_image','2015051100','2015051100','Upgrade savepoint reached',NULL,'',0,1445488930),(986,0,'atto_image','2015051100','2015051100','Plugin installed',NULL,'',0,1445488930),(987,0,'atto_indent',NULL,'2015051100','Starting plugin installation',NULL,'',0,1445488930),(988,0,'atto_indent','2015051100','2015051100','Upgrade savepoint reached',NULL,'',0,1445488931),(989,0,'atto_indent','2015051100','2015051100','Plugin installed',NULL,'',0,1445488931),(990,0,'atto_italic',NULL,'2015051100','Starting plugin installation',NULL,'',0,1445488931),(991,0,'atto_italic','2015051100','2015051100','Upgrade savepoint reached',NULL,'',0,1445488931),(992,0,'atto_italic','2015051100','2015051100','Plugin installed',NULL,'',0,1445488931),(993,0,'atto_link',NULL,'2015051100','Starting plugin installation',NULL,'',0,1445488931),(994,0,'atto_link','2015051100','2015051100','Upgrade savepoint reached',NULL,'',0,1445488931),(995,0,'atto_link','2015051100','2015051100','Plugin installed',NULL,'',0,1445488931),(996,0,'atto_managefiles',NULL,'2015051100','Starting plugin installation',NULL,'',0,1445488932),(997,0,'atto_managefiles','2015051100','2015051100','Upgrade savepoint reached',NULL,'',0,1445488932),(998,0,'atto_managefiles','2015051100','2015051100','Plugin installed',NULL,'',0,1445488932),(999,0,'atto_media',NULL,'2015051100','Starting plugin installation',NULL,'',0,1445488932),(1000,0,'atto_media','2015051100','2015051100','Upgrade savepoint reached',NULL,'',0,1445488932),(1001,0,'atto_media','2015051100','2015051100','Plugin installed',NULL,'',0,1445488932),(1002,0,'atto_noautolink',NULL,'2015051100','Starting plugin installation',NULL,'',0,1445488932),(1003,0,'atto_noautolink','2015051100','2015051100','Upgrade savepoint reached',NULL,'',0,1445488932),(1004,0,'atto_noautolink','2015051100','2015051100','Plugin installed',NULL,'',0,1445488932),(1005,0,'atto_orderedlist',NULL,'2015051100','Starting plugin installation',NULL,'',0,1445488932),(1006,0,'atto_orderedlist','2015051100','2015051100','Upgrade savepoint reached',NULL,'',0,1445488933),(1007,0,'atto_orderedlist','2015051100','2015051100','Plugin installed',NULL,'',0,1445488933),(1008,0,'atto_rtl',NULL,'2015051100','Starting plugin installation',NULL,'',0,1445488933),(1009,0,'atto_rtl','2015051100','2015051100','Upgrade savepoint reached',NULL,'',0,1445488933),(1010,0,'atto_rtl','2015051100','2015051100','Plugin installed',NULL,'',0,1445488934),(1011,0,'atto_strike',NULL,'2015051100','Starting plugin installation',NULL,'',0,1445488934),(1012,0,'atto_strike','2015051100','2015051100','Upgrade savepoint reached',NULL,'',0,1445488934),(1013,0,'atto_strike','2015051100','2015051100','Plugin installed',NULL,'',0,1445488934),(1014,0,'atto_subscript',NULL,'2015051100','Starting plugin installation',NULL,'',0,1445488934),(1015,0,'atto_subscript','2015051100','2015051100','Upgrade savepoint reached',NULL,'',0,1445488934),(1016,0,'atto_subscript','2015051100','2015051100','Plugin installed',NULL,'',0,1445488935),(1017,0,'atto_superscript',NULL,'2015051100','Starting plugin installation',NULL,'',0,1445488935),(1018,0,'atto_superscript','2015051100','2015051100','Upgrade savepoint reached',NULL,'',0,1445488935),(1019,0,'atto_superscript','2015051100','2015051100','Plugin installed',NULL,'',0,1445488936),(1020,0,'atto_table',NULL,'2015051100','Starting plugin installation',NULL,'',0,1445488936),(1021,0,'atto_table','2015051100','2015051100','Upgrade savepoint reached',NULL,'',0,1445488936),(1022,0,'atto_table','2015051100','2015051100','Plugin installed',NULL,'',0,1445488936),(1023,0,'atto_title',NULL,'2015051100','Starting plugin installation',NULL,'',0,1445488936),(1024,0,'atto_title','2015051100','2015051100','Upgrade savepoint reached',NULL,'',0,1445488936),(1025,0,'atto_title','2015051100','2015051100','Plugin installed',NULL,'',0,1445488936),(1026,0,'atto_underline',NULL,'2015051100','Starting plugin installation',NULL,'',0,1445488936),(1027,0,'atto_underline','2015051100','2015051100','Upgrade savepoint reached',NULL,'',0,1445488936),(1028,0,'atto_underline','2015051100','2015051100','Plugin installed',NULL,'',0,1445488937),(1029,0,'atto_undo',NULL,'2015051100','Starting plugin installation',NULL,'',0,1445488937),(1030,0,'atto_undo','2015051100','2015051100','Upgrade savepoint reached',NULL,'',0,1445488937),(1031,0,'atto_undo','2015051100','2015051100','Plugin installed',NULL,'',0,1445488937),(1032,0,'atto_unorderedlist',NULL,'2015051100','Starting plugin installation',NULL,'',0,1445488937),(1033,0,'atto_unorderedlist','2015051100','2015051100','Upgrade savepoint reached',NULL,'',0,1445488937),(1034,0,'atto_unorderedlist','2015051100','2015051100','Plugin installed',NULL,'',0,1445488937),(1035,0,'tinymce_ctrlhelp',NULL,'2015051100','Starting plugin installation',NULL,'',0,1445488937),(1036,0,'tinymce_ctrlhelp','2015051100','2015051100','Upgrade savepoint reached',NULL,'',0,1445488937),(1037,0,'tinymce_ctrlhelp','2015051100','2015051100','Plugin installed',NULL,'',0,1445488937),(1038,0,'tinymce_managefiles',NULL,'2015051100','Starting plugin installation',NULL,'',0,1445488937),(1039,0,'tinymce_managefiles','2015051100','2015051100','Upgrade savepoint reached',NULL,'',0,1445488937),(1040,0,'tinymce_managefiles','2015051100','2015051100','Plugin installed',NULL,'',0,1445488937),(1041,0,'tinymce_moodleemoticon',NULL,'2015051100','Starting plugin installation',NULL,'',0,1445488938),(1042,0,'tinymce_moodleemoticon','2015051100','2015051100','Upgrade savepoint reached',NULL,'',0,1445488938),(1043,0,'tinymce_moodleemoticon','2015051100','2015051100','Plugin installed',NULL,'',0,1445488938),(1044,0,'tinymce_moodleimage',NULL,'2015051100','Starting plugin installation',NULL,'',0,1445488938),(1045,0,'tinymce_moodleimage','2015051100','2015051100','Upgrade savepoint reached',NULL,'',0,1445488938),(1046,0,'tinymce_moodleimage','2015051100','2015051100','Plugin installed',NULL,'',0,1445488938),(1047,0,'tinymce_moodlemedia',NULL,'2015051100','Starting plugin installation',NULL,'',0,1445488938),(1048,0,'tinymce_moodlemedia','2015051100','2015051100','Upgrade savepoint reached',NULL,'',0,1445488938),(1049,0,'tinymce_moodlemedia','2015051100','2015051100','Plugin installed',NULL,'',0,1445488938),(1050,0,'tinymce_moodlenolink',NULL,'2015051100','Starting plugin installation',NULL,'',0,1445488938),(1051,0,'tinymce_moodlenolink','2015051100','2015051100','Upgrade savepoint reached',NULL,'',0,1445488938),(1052,0,'tinymce_moodlenolink','2015051100','2015051100','Plugin installed',NULL,'',0,1445488938),(1053,0,'tinymce_pdw',NULL,'2015051100','Starting plugin installation',NULL,'',0,1445488938),(1054,0,'tinymce_pdw','2015051100','2015051100','Upgrade savepoint reached',NULL,'',0,1445488938),(1055,0,'tinymce_pdw','2015051100','2015051100','Plugin installed',NULL,'',0,1445488939),(1056,0,'tinymce_spellchecker',NULL,'2015051100','Starting plugin installation',NULL,'',0,1445488939),(1057,0,'tinymce_spellchecker','2015051100','2015051100','Upgrade savepoint reached',NULL,'',0,1445488939),(1058,0,'tinymce_spellchecker','2015051100','2015051100','Plugin installed',NULL,'',0,1445488939),(1059,0,'tinymce_wrap',NULL,'2015051100','Starting plugin installation',NULL,'',0,1445488939),(1060,0,'tinymce_wrap','2015051100','2015051100','Upgrade savepoint reached',NULL,'',0,1445488939),(1061,0,'tinymce_wrap','2015051100','2015051100','Plugin installed',NULL,'',0,1445488939),(1062,0,'logstore_database',NULL,'2015051100','Starting plugin installation',NULL,'',0,1445488939),(1063,0,'logstore_database','2015051100','2015051100','Upgrade savepoint reached',NULL,'',0,1445488939),(1064,0,'logstore_database','2015051100','2015051100','Plugin installed',NULL,'',0,1445488940),(1065,0,'logstore_legacy',NULL,'2015051101','Starting plugin installation',NULL,'',0,1445488940),(1066,0,'logstore_legacy','2015051101','2015051101','Upgrade savepoint reached',NULL,'',0,1445488941),(1067,0,'logstore_legacy','2015051101','2015051101','Plugin installed',NULL,'',0,1445488941),(1068,0,'logstore_standard',NULL,'2015051101','Starting plugin installation',NULL,'',0,1445488941),(1069,0,'logstore_standard','2015051101','2015051101','Upgrade savepoint reached',NULL,'',0,1445488941),(1070,0,'logstore_standard','2015051101','2015051101','Plugin installed',NULL,'',0,1445488941),(1071,0,'theme_essential',NULL,'2015062412','Starting plugin installation',NULL,'',2,1446685199),(1072,0,'theme_essential','2015062412','2015062412','Upgrade savepoint reached',NULL,'',2,1446685199),(1073,0,'theme_essential','2015062412','2015062412','Plugin installed',NULL,'',2,1446685199),(1074,0,'theme_bcu',NULL,'2015070100','Starting plugin installation',NULL,'',2,1446686002),(1075,0,'theme_bcu','2015070100','2015070100','Upgrade savepoint reached',NULL,'',2,1446686002),(1076,0,'theme_bcu','2015070100','2015070100','Plugin installed',NULL,'',2,1446686002),(1077,0,'theme_eguru',NULL,'2015100900','Starting plugin installation',NULL,'',2,1446686907),(1078,0,'theme_eguru','2015100900','2015100900','Upgrade savepoint reached',NULL,'',2,1446686907),(1079,0,'theme_eguru','2015100900','2015100900','Plugin installed',NULL,'',2,1446686907),(1080,0,'format_onetopic',NULL,'2015051700','Starting plugin installation',NULL,'',2,1446688966),(1081,0,'format_onetopic','2015051700','2015051700','Upgrade savepoint reached',NULL,'',2,1446688967),(1082,0,'format_onetopic','2015051700','2015051700','Plugin installed',NULL,'',2,1446688967),(1083,0,'format_mindmap',NULL,'2015070900','Starting plugin installation',NULL,'',2,1446700103),(1084,0,'format_mindmap','2015070900','2015070900','Upgrade savepoint reached',NULL,'',2,1446700103),(1085,0,'format_mindmap','2015070900','2015070900','Plugin installed',NULL,'',2,1446700103),(1086,0,'theme_joomdlebs',NULL,'2015072516','Starting plugin installation',NULL,'',2,1446700104),(1087,0,'theme_joomdlebs','2015072516','2015072516','Upgrade savepoint reached',NULL,'',2,1446700104),(1088,0,'theme_joomdlebs','2015072516','2015072516','Plugin installed',NULL,'',2,1446700104),(1089,0,'theme_klass',NULL,'2015070600','Starting plugin installation',NULL,'',2,1446701622),(1090,0,'theme_klass','2015070600','2015070600','Upgrade savepoint reached',NULL,'',2,1446701622),(1091,0,'theme_klass','2015070600','2015070600','Plugin installed',NULL,'',2,1446701622),(1092,0,'mod_socialwiki',NULL,'2015101500','Starting plugin installation',NULL,'',2,1446703150),(1093,0,'mod_socialwiki','2015101500','2015101500','Upgrade savepoint reached',NULL,'',2,1446703151),(1094,0,'mod_socialwiki','2015101500','2015101500','Plugin installed',NULL,'',2,1446703153),(1095,0,'enrol_attributes',NULL,'2015101300','Starting plugin installation',NULL,'',2,1446703153),(1096,0,'enrol_attributes','2015101300','2015101300','Upgrade savepoint reached',NULL,'',2,1446703153),(1097,0,'enrol_attributes','2015101300','2015101300','Plugin installed',NULL,'',2,1446703154),(1098,0,'format_socialwall',NULL,'2015101500','Starting plugin installation',NULL,'',2,1446703154),(1099,0,'format_socialwall','2015101500','2015101500','Upgrade savepoint reached',NULL,'',2,1446703154),(1100,0,'format_socialwall','2015101500','2015101500','Plugin installed',NULL,'',2,1446703157),(1101,0,'atto_wordimport',NULL,'2015101501','Starting plugin installation',NULL,'',2,1446703158),(1102,0,'atto_wordimport','2015101501','2015101501','Upgrade savepoint reached',NULL,'',2,1446703158),(1103,0,'atto_wordimport','2015101501','2015101501','Plugin installed',NULL,'',2,1446703158),(1104,0,'block_my_grades',NULL,'2015041400','Starting plugin installation',NULL,'',2,1447987621),(1105,0,'block_my_grades','2015041400','2015041400','Upgrade savepoint reached',NULL,'',2,1447987621),(1106,0,'block_my_grades','2015041400','2015041400','Plugin installed',NULL,'',2,1447987622),(1107,0,'block_grade_me',NULL,'2015060401','Starting plugin installation',NULL,'',2,1447990174),(1108,0,'block_grade_me','2015060401','2015060401','Upgrade savepoint reached',NULL,'',2,1447990174),(1109,0,'block_grade_me','2015060401','2015060401','Plugin installed',NULL,'',2,1447990174),(1110,0,'block_searchcourses',NULL,'2014122600','Starting plugin installation',NULL,'',2,1447992932),(1111,0,'block_searchcourses','2014122600','2014122600','Upgrade savepoint reached',NULL,'',2,1447992932),(1112,0,'block_searchcourses','2014122600','2014122600','Plugin installed',NULL,'',2,1447992933),(1113,0,'mod_certificate',NULL,'2015083100','Starting plugin installation',NULL,'',2,1447993577),(1114,0,'mod_certificate','2015083100','2015083100','Upgrade savepoint reached',NULL,'',2,1447993577),(1115,0,'mod_certificate','2015083100','2015083100','Plugin installed',NULL,'',2,1447993578),(1116,0,'block_report_certificates',NULL,'2015071500','Starting plugin installation',NULL,'',2,1447993578),(1117,0,'block_report_certificates','2015071500','2015071500','Upgrade savepoint reached',NULL,'',2,1447993578),(1118,0,'block_report_certificates','2015071500','2015071500','Plugin installed',NULL,'',2,1447993578),(1119,0,'mod_checklist',NULL,'2015110800','Starting plugin installation',NULL,'',2,1447993769),(1120,0,'mod_checklist','2015110800','2015110800','Upgrade savepoint reached',NULL,'',2,1447993770),(1121,0,'mod_checklist','2015110800','2015110800','Plugin installed',NULL,'',2,1447993771),(1122,0,'block_checklist',NULL,'2015102300','Starting plugin installation',NULL,'',2,1447993771),(1123,0,'block_checklist','2015102300','2015102300','Upgrade savepoint reached',NULL,'',2,1447993771),(1124,0,'block_checklist','2015102300','2015102300','Plugin installed',NULL,'',2,1447993771),(1125,0,'block_massaction',NULL,'2015032600','Starting plugin installation',NULL,'',2,1447993852),(1126,0,'block_massaction','2015032600','2015032600','Upgrade savepoint reached',NULL,'',2,1447993852),(1127,0,'block_massaction','2015032600','2015032600','Plugin installed',NULL,'',2,1447993852),(1128,0,'block_messageteacher',NULL,'2014082000','Starting plugin installation',NULL,'',2,1447993967),(1129,0,'block_messageteacher','2014082000','2014082000','Upgrade savepoint reached',NULL,'',2,1447993967),(1130,0,'block_messageteacher','2014082000','2014082000','Plugin installed',NULL,'',2,1447993967),(1131,0,'block_learning_plan',NULL,'2014082003','Starting plugin installation',NULL,'',2,1447994324),(1132,0,'block_learning_plan','2014082003','2014082003','Upgrade savepoint reached',NULL,'',2,1447994325),(1133,0,'block_learning_plan','2014082003','2014082003','Plugin installed',NULL,'',2,1447994326),(1134,0,'filter_tabs',NULL,'2015051102','Starting plugin installation',NULL,'',2,1448322318),(1135,0,'filter_tabs','2015051102','2015051102','Upgrade savepoint reached',NULL,'',2,1448322318),(1136,0,'filter_tabs','2015051102','2015051102','Plugin installed',NULL,'',2,1448322318),(1137,0,'filter_collapsible',NULL,'2015010801','Starting plugin installation',NULL,'',2,1448323228),(1138,0,'filter_collapsible','2015010801','2015010801','Upgrade savepoint reached',NULL,'',2,1448323228),(1139,0,'filter_collapsible','2015010801','2015010801','Plugin installed',NULL,'',2,1448323228),(1140,0,'filter_fontawesome',NULL,'2015073100','Starting plugin installation',NULL,'',2,1448325802),(1141,0,'filter_fontawesome','2015073100','2015073100','Upgrade savepoint reached',NULL,'',2,1448325802),(1142,0,'filter_fontawesome','2015073100','2015073100','Plugin installed',NULL,'',2,1448325802),(1143,0,'availability_coursecompleted',NULL,'2015120100','Starting plugin installation',NULL,'',2,1448327084),(1144,0,'availability_coursecompleted','2015120100','2015120100','Upgrade savepoint reached',NULL,'',2,1448327084),(1145,0,'availability_coursecompleted','2015120100','2015120100','Plugin installed',NULL,'',2,1448327085),(1146,0,'report_myfeedback',NULL,'2015090401','Starting plugin installation',NULL,'',2,1448327841),(1147,0,'report_myfeedback','2015090401','2015090401','Upgrade savepoint reached',NULL,'',2,1448327841),(1148,0,'report_myfeedback','2015090401','2015090401','Plugin installed',NULL,'',2,1448327841),(1149,0,'profilefield_certificateswall',NULL,'2012052400','Starting plugin installation',NULL,'',2,1448331214),(1150,0,'profilefield_certificateswall','2012052400','2012052400','Upgrade savepoint reached',NULL,'',2,1448331214),(1151,0,'profilefield_certificateswall','2012052400','2012052400','Plugin installed',NULL,'',2,1448331215),(1152,0,'block_login_info',NULL,'2015052500','Starting plugin installation',NULL,'',2,1448331759),(1153,0,'block_login_info','2015052500','2015052500','Upgrade savepoint reached',NULL,'',2,1448331760),(1154,0,'block_login_info','2015052500','2015052500','Plugin installed',NULL,'',2,1448331760),(1155,0,'filter_generico',NULL,'2015091701','Starting plugin installation',NULL,'',2,1448331898),(1156,0,'filter_generico','2015091701','2015091701','Upgrade savepoint reached',NULL,'',2,1448331898),(1157,0,'filter_generico','2015091701','2015091701','Plugin installed',NULL,'',2,1448331898),(1158,0,'block_course_status_tracker',NULL,'2015020201','Starting plugin installation',NULL,'',2,1448332214),(1159,0,'block_course_status_tracker','2015020201','2015020201','Upgrade savepoint reached',NULL,'',2,1448332214),(1160,0,'block_course_status_tracker','2015020201','2015020201','Plugin installed',NULL,'',2,1448332214),(1161,0,'block_analytics_graphs',NULL,'2015092901','Starting plugin installation',NULL,'',2,1448332351),(1162,0,'block_analytics_graphs','2015092901','2015092901','Upgrade savepoint reached',NULL,'',2,1448332351),(1163,0,'block_analytics_graphs','2015092901','2015092901','Plugin installed',NULL,'',2,1448332352),(1164,0,'block_metalink',NULL,'2014080617','Starting plugin installation',NULL,'',2,1448332480),(1165,0,'block_metalink','2014080617','2014080617','Upgrade savepoint reached',NULL,'',2,1448332480),(1166,0,'block_metalink','2014080617','2014080617','Plugin installed',NULL,'',2,1448332480),(1167,0,'block_dashboard',NULL,'2013042501','Starting plugin installation',NULL,'',2,1448333457),(1168,0,'block_dashboard','2013042501','2013042501','Upgrade savepoint reached',NULL,'',2,1448333458),(1169,0,'block_dashboard','2013042501','2013042501','Plugin installed',NULL,'',2,1448333458),(1170,0,'tool_sync',NULL,'2015070400','Starting plugin installation',NULL,'',2,1448333553),(1171,0,'tool_sync','2015070400','2015070400','Upgrade savepoint reached',NULL,'',2,1448333553),(1172,0,'tool_sync','2015070400','2015070400','Plugin installed',NULL,'',2,1448333554),(1173,0,'enrol_metabulk',NULL,'2015082100','Starting plugin installation',NULL,'',2,1448334158),(1174,0,'enrol_metabulk','2015082100','2015082100','Upgrade savepoint reached',NULL,'',2,1448334158),(1175,0,'enrol_metabulk','2015082100','2015082100','Plugin installed',NULL,'',2,1448334158),(1176,0,'tool_uploadcoursecategory',NULL,'2011091700','Starting plugin installation',NULL,'',2,1448339170),(1177,0,'tool_uploadcoursecategory','2011091700','2011091700','Upgrade savepoint reached',NULL,'',2,1448339170),(1178,0,'tool_uploadcoursecategory','2011091700','2011091700','Plugin installed',NULL,'',2,1448339170);

--
-- Table structure for table `mdl_url`
--

CREATE TABLE `mdl_url` (
  `id` bigint(10) NOT NULL AUTO_INCREMENT,
  `course` bigint(10) NOT NULL DEFAULT '0',
  `name` varchar(255) NOT NULL DEFAULT '',
  `intro` longtext,
  `introformat` smallint(4) NOT NULL DEFAULT '0',
  `externalurl` longtext NOT NULL,
  `display` smallint(4) NOT NULL DEFAULT '0',
  `displayoptions` longtext,
  `parameters` longtext,
  `timemodified` bigint(10) NOT NULL DEFAULT '0',
  PRIMARY KEY (`id`),
  KEY `mdl_url_cou_ix` (`course`)
) ENGINE=InnoDB DEFAULT CHARSET=utf8 COMMENT='each record is one url resource';

--
-- Dumping data for table `mdl_url`
--


--
-- Table structure for table `mdl_user`
--

CREATE TABLE `mdl_user` (
  `id` bigint(10) NOT NULL AUTO_INCREMENT,
  `auth` varchar(20) NOT NULL DEFAULT 'manual',
  `confirmed` tinyint(1) NOT NULL DEFAULT '0',
  `policyagreed` tinyint(1) NOT NULL DEFAULT '0',
  `deleted` tinyint(1) NOT NULL DEFAULT '0',
  `suspended` tinyint(1) NOT NULL DEFAULT '0',
  `mnethostid` bigint(10) NOT NULL DEFAULT '0',
  `username` varchar(100) NOT NULL DEFAULT '',
  `password` varchar(255) NOT NULL DEFAULT '',
  `idnumber` varchar(255) NOT NULL DEFAULT '',
  `firstname` varchar(100) NOT NULL DEFAULT '',
  `lastname` varchar(100) NOT NULL DEFAULT '',
  `email` varchar(100) NOT NULL DEFAULT '',
  `emailstop` tinyint(1) NOT NULL DEFAULT '0',
  `icq` varchar(15) NOT NULL DEFAULT '',
  `skype` varchar(50) NOT NULL DEFAULT '',
  `yahoo` varchar(50) NOT NULL DEFAULT '',
  `aim` varchar(50) NOT NULL DEFAULT '',
  `msn` varchar(50) NOT NULL DEFAULT '',
  `phone1` varchar(20) NOT NULL DEFAULT '',
  `phone2` varchar(20) NOT NULL DEFAULT '',
  `institution` varchar(255) NOT NULL DEFAULT '',
  `department` varchar(255) NOT NULL DEFAULT '',
  `address` varchar(255) NOT NULL DEFAULT '',
  `city` varchar(120) NOT NULL DEFAULT '',
  `country` varchar(2) NOT NULL DEFAULT '',
  `lang` varchar(30) NOT NULL DEFAULT 'en',
  `calendartype` varchar(30) NOT NULL DEFAULT 'gregorian',
  `theme` varchar(50) NOT NULL DEFAULT '',
  `timezone` varchar(100) NOT NULL DEFAULT '99',
  `firstaccess` bigint(10) NOT NULL DEFAULT '0',
  `lastaccess` bigint(10) NOT NULL DEFAULT '0',
  `lastlogin` bigint(10) NOT NULL DEFAULT '0',
  `currentlogin` bigint(10) NOT NULL DEFAULT '0',
  `lastip` varchar(45) NOT NULL DEFAULT '',
  `secret` varchar(15) NOT NULL DEFAULT '',
  `picture` bigint(10) NOT NULL DEFAULT '0',
  `url` varchar(255) NOT NULL DEFAULT '',
  `description` longtext,
  `descriptionformat` tinyint(2) NOT NULL DEFAULT '1',
  `mailformat` tinyint(1) NOT NULL DEFAULT '1',
  `maildigest` tinyint(1) NOT NULL DEFAULT '0',
  `maildisplay` tinyint(2) NOT NULL DEFAULT '2',
  `autosubscribe` tinyint(1) NOT NULL DEFAULT '1',
  `trackforums` tinyint(1) NOT NULL DEFAULT '0',
  `timecreated` bigint(10) NOT NULL DEFAULT '0',
  `timemodified` bigint(10) NOT NULL DEFAULT '0',
  `trustbitmask` bigint(10) NOT NULL DEFAULT '0',
  `imagealt` varchar(255) DEFAULT NULL,
  `lastnamephonetic` varchar(255) DEFAULT NULL,
  `firstnamephonetic` varchar(255) DEFAULT NULL,
  `middlename` varchar(255) DEFAULT NULL,
  `alternatename` varchar(255) DEFAULT NULL,
  PRIMARY KEY (`id`),
  UNIQUE KEY `mdl_user_mneuse_uix` (`mnethostid`,`username`),
  KEY `mdl_user_del_ix` (`deleted`),
  KEY `mdl_user_con_ix` (`confirmed`),
  KEY `mdl_user_fir_ix` (`firstname`),
  KEY `mdl_user_las_ix` (`lastname`),
  KEY `mdl_user_cit_ix` (`city`),
  KEY `mdl_user_cou_ix` (`country`),
  KEY `mdl_user_las2_ix` (`lastaccess`),
  KEY `mdl_user_ema_ix` (`email`),
  KEY `mdl_user_aut_ix` (`auth`),
  KEY `mdl_user_idn_ix` (`idnumber`),
  KEY `mdl_user_fir2_ix` (`firstnamephonetic`),
  KEY `mdl_user_las3_ix` (`lastnamephonetic`),
  KEY `mdl_user_mid_ix` (`middlename`),
  KEY `mdl_user_alt_ix` (`alternatename`)
) ENGINE=InnoDB AUTO_INCREMENT=11 DEFAULT CHARSET=utf8 COMMENT='One record for each person';

--
-- Dumping data for table `mdl_user`
--

INSERT INTO `mdl_user` VALUES (1,'manual',1,0,0,0,1,'guest','$2y$10$8QOptMxJ8w.G3J4SGkzMGO3Tij8ke6HE.aseLIMNlSNaNzcDTJf9i','','Guest user',' ','root@localhost',0,'','','','','','','','','','','','','en','gregorian','','99',0,0,0,0,'','',0,'','This user is a special user that allows read-only access to some courses.',1,1,0,2,1,0,0,1445488655,0,NULL,NULL,NULL,NULL,NULL),(2,'manual',1,0,0,0,1,'mattgleeson','$2y$10$XA7CWWlASBQ0J5Vs6djOUOYUDyief/cN85/7TRQKLD/ePBbm4vzAG','','Matt','Gleeson','cstc@cstc.org.au',0,'','','','','','','','','','','Springfield','AU','en','gregorian','','Australia/Brisbane',1445489407,1449708625,1449502822,1449708557,'120.146.47.56','',0,'','',1,1,0,1,1,0,0,1446690117,0,'','','','',''),(3,'manual',1,0,0,0,1,'student1','$2y$10$bOOfhwTZ4JIYaDTMHwQRsO0V5GA8c4Eo97YTm6K8VKW0iJ0YLchsa','','Stu','Dent One','matt.m.gleeson+s1@gmail.com',0,'','','','','','','','','','','Springfield','AU','en','gregorian','','Australia/Brisbane',1446682363,1446699345,1446693373,1446699345,'118.102.105.70','',0,'','',1,1,0,1,1,0,1446682025,1446682025,0,'','','','',''),(4,'manual',1,0,1,0,1,'sean.mcgrath@cstc.org.au.1447304866','$2y$10$0YS1EnfNLEp0k0RfE01kw.8OxJUUXE5ycAIgm/Tnd0F3aVwWsI8ai','','Sean','McGrath','2feb266540c3346da46fa28de0963f3b',0,'','','','','','','','','','','','','en','gregorian','','99',0,0,0,0,'','',0,'','',1,1,0,2,1,0,1447304758,1447304866,0,'','','','',''),(5,'manual',1,0,0,0,1,'smcgrath','$2y$10$n1Pl4cII3SmPJtL1aQqYL.24KzbOWRS5bUSjOINxPmZ/5MLavPtai','','Sean','McGrath','Sean.McGrath@cstc.org.au',0,'','','','','','','','','','','','','en','gregorian','','99',1447373198,1449626196,1449010650,1449626196,'118.102.105.70','',0,'','',1,1,0,2,1,0,1447304908,1447304908,0,'','','','',''),(6,'manual',1,0,0,0,1,'amitchell','$2y$10$dRfy0SokTXw4l0k0T0Zy1.oMts6Wq7sZApWLjsPugSxftIQLAMp8i','','Annelise','Mitchell','Annelise.Mitchell@cstc.org.au',0,'','','','','','','','','','','','','en','gregorian','','99',1447889946,1449101504,1448606362,1449101107,'118.102.105.70','',0,'','',1,1,0,2,1,0,1447304943,1447304943,0,'','','','',''),(7,'manual',1,0,0,0,1,'student2','$2y$10$qDT8W.6rW29PF8td8p6L/OiqAgvU/3R8DosQIQok7J/O54ZETAtUe','','student','two','Sean.McGrath+1@cstc.org.au',0,'','','','','','','','','','','','','en','gregorian','','99',0,0,0,0,'','',0,'','',1,1,0,2,1,0,1448330670,1448330670,0,'','','','',''),(8,'manual',1,0,0,0,1,'vsimcoe','$2y$10$lelu4SOGnk6p7fKdTLIRMe8Hu4B0BFR8RHMkCKEYUorkzj1.Xv/ey','','Virginia','Simcoe','Virginia.Simcoe@cstc.org.au',0,'','','','','','','','','','','','AU','en','gregorian','','99',1448594644,1448595142,1448594644,1448595080,'118.102.105.70','',0,'','',1,1,0,2,1,0,1448591126,1448591126,0,'','','','',''),(9,'manual',1,0,0,0,1,'testing','$2y$10$BIjlk3Qkq/VApIGqAsk3JuX5pkmW/FSPgsNQrQQ4R5RrzmurNrl5m','','testing','testing','matt.m.gleeson+testing@gmail.com',0,'','','','','','','','','','','','','en','gregorian','','99',0,0,0,0,'','',0,'','',1,1,0,2,1,0,1448591253,1448591253,0,'','','','',''),(10,'manual',1,0,0,0,1,'jcurro','$2y$10$NHyAWLm7Tfll5YGXvTwYJeBBVai7./.6HN9KoFroRFFgyLghb6gDW','','Jonathan','Curro','Jonathan.Curro@cstc.org.au',0,'','','','','','','','','','','','','en','gregorian','','99',1449104022,1449104195,1449104149,1449104195,'118.102.105.70','',0,'','',1,1,0,2,1,0,1449088517,1449088517,0,'','','','','');

--
-- Table structure for table `mdl_user_devices`
--

CREATE TABLE `mdl_user_devices` (
  `id` bigint(10) NOT NULL AUTO_INCREMENT,
  `userid` bigint(10) NOT NULL DEFAULT '0',
  `appid` varchar(128) NOT NULL DEFAULT '',
  `name` varchar(32) NOT NULL DEFAULT '',
  `model` varchar(32) NOT NULL DEFAULT '',
  `platform` varchar(32) NOT NULL DEFAULT '',
  `version` varchar(32) NOT NULL DEFAULT '',
  `pushid` varchar(255) NOT NULL DEFAULT '',
  `uuid` varchar(255) NOT NULL DEFAULT '',
  `timecreated` bigint(10) NOT NULL,
  `timemodified` bigint(10) NOT NULL,
  PRIMARY KEY (`id`),
  UNIQUE KEY `mdl_userdevi_pususe_uix` (`pushid`,`userid`),
  KEY `mdl_userdevi_uuiuse_ix` (`uuid`,`userid`),
  KEY `mdl_userdevi_use_ix` (`userid`)
) ENGINE=InnoDB DEFAULT CHARSET=utf8 COMMENT='This table stores user''s mobile devices information in order';

--
-- Dumping data for table `mdl_user_devices`
--


--
-- Table structure for table `mdl_user_enrolments`
--

CREATE TABLE `mdl_user_enrolments` (
  `id` bigint(10) NOT NULL AUTO_INCREMENT,
  `status` bigint(10) NOT NULL DEFAULT '0',
  `enrolid` bigint(10) NOT NULL,
  `userid` bigint(10) NOT NULL,
  `timestart` bigint(10) NOT NULL DEFAULT '0',
  `timeend` bigint(10) NOT NULL DEFAULT '2147483647',
  `modifierid` bigint(10) NOT NULL DEFAULT '0',
  `timecreated` bigint(10) NOT NULL DEFAULT '0',
  `timemodified` bigint(10) NOT NULL DEFAULT '0',
  PRIMARY KEY (`id`),
  UNIQUE KEY `mdl_userenro_enruse_uix` (`enrolid`,`userid`),
  KEY `mdl_userenro_enr_ix` (`enrolid`),
  KEY `mdl_userenro_use_ix` (`userid`),
  KEY `mdl_userenro_mod_ix` (`modifierid`)
) ENGINE=InnoDB AUTO_INCREMENT=6 DEFAULT CHARSET=utf8 COMMENT='Users participating in courses (aka enrolled users) - everyb';

--
-- Dumping data for table `mdl_user_enrolments`
--

INSERT INTO `mdl_user_enrolments` VALUES (1,0,187,2,1448287200,0,2,1448336004,1448336004),(2,0,187,5,1448287200,0,2,1448336006,1448336006),(3,0,187,6,1448287200,0,2,1448336006,1448336006),(4,0,187,7,1448287200,0,2,1448336008,1448336008),(5,0,187,3,1448287200,0,2,1448336009,1448336009);

--
-- Table structure for table `mdl_user_info_category`
--

CREATE TABLE `mdl_user_info_category` (
  `id` bigint(10) NOT NULL AUTO_INCREMENT,
  `name` varchar(255) NOT NULL DEFAULT '',
  `sortorder` bigint(10) NOT NULL DEFAULT '0',
  PRIMARY KEY (`id`)
) ENGINE=InnoDB DEFAULT CHARSET=utf8 COMMENT='Customisable fields categories';

--
-- Dumping data for table `mdl_user_info_category`
--


--
-- Table structure for table `mdl_user_info_data`
--

CREATE TABLE `mdl_user_info_data` (
  `id` bigint(10) NOT NULL AUTO_INCREMENT,
  `userid` bigint(10) NOT NULL DEFAULT '0',
  `fieldid` bigint(10) NOT NULL DEFAULT '0',
  `data` longtext NOT NULL,
  `dataformat` tinyint(2) NOT NULL DEFAULT '0',
  PRIMARY KEY (`id`),
  UNIQUE KEY `mdl_userinfodata_usefie_uix` (`userid`,`fieldid`)
) ENGINE=InnoDB DEFAULT CHARSET=utf8 COMMENT='Data for the customisable user fields';

--
-- Dumping data for table `mdl_user_info_data`
--


--
-- Table structure for table `mdl_user_info_field`
--

CREATE TABLE `mdl_user_info_field` (
  `id` bigint(10) NOT NULL AUTO_INCREMENT,
  `shortname` varchar(255) NOT NULL DEFAULT 'shortname',
  `name` longtext NOT NULL,
  `datatype` varchar(255) NOT NULL DEFAULT '',
  `description` longtext,
  `descriptionformat` tinyint(2) NOT NULL DEFAULT '0',
  `categoryid` bigint(10) NOT NULL DEFAULT '0',
  `sortorder` bigint(10) NOT NULL DEFAULT '0',
  `required` tinyint(2) NOT NULL DEFAULT '0',
  `locked` tinyint(2) NOT NULL DEFAULT '0',
  `visible` smallint(4) NOT NULL DEFAULT '0',
  `forceunique` tinyint(2) NOT NULL DEFAULT '0',
  `signup` tinyint(2) NOT NULL DEFAULT '0',
  `defaultdata` longtext,
  `defaultdataformat` tinyint(2) NOT NULL DEFAULT '0',
  `param1` longtext,
  `param2` longtext,
  `param3` longtext,
  `param4` longtext,
  `param5` longtext,
  PRIMARY KEY (`id`)
) ENGINE=InnoDB DEFAULT CHARSET=utf8 COMMENT='Customisable user profile fields';

--
-- Dumping data for table `mdl_user_info_field`
--


--
-- Table structure for table `mdl_user_lastaccess`
--

CREATE TABLE `mdl_user_lastaccess` (
  `id` bigint(10) NOT NULL AUTO_INCREMENT,
  `userid` bigint(10) NOT NULL DEFAULT '0',
  `courseid` bigint(10) NOT NULL DEFAULT '0',
  `timeaccess` bigint(10) NOT NULL DEFAULT '0',
  PRIMARY KEY (`id`),
  UNIQUE KEY `mdl_userlast_usecou_uix` (`userid`,`courseid`),
  KEY `mdl_userlast_use_ix` (`userid`),
  KEY `mdl_userlast_cou_ix` (`courseid`)
) ENGINE=InnoDB AUTO_INCREMENT=18 DEFAULT CHARSET=utf8 COMMENT='To keep track of course page access times, used in online pa';

--
-- Dumping data for table `mdl_user_lastaccess`
--

INSERT INTO `mdl_user_lastaccess` VALUES (1,2,53,1446094343),(2,2,18,1447282767),(3,2,34,1447286170),(4,2,64,1448504461),(5,2,156,1448345280),(6,6,17,1449101385),(7,6,64,1448502675),(8,6,19,1448606383),(9,5,64,1448845501),(10,5,32,1448845575),(11,5,65,1448846207),(12,5,67,1448846222),(13,5,78,1448857375),(14,6,36,1449101148),(15,6,15,1449101164),(16,6,3,1449101175),(17,6,16,1449101525);

--
-- Table structure for table `mdl_user_password_history`
--

CREATE TABLE `mdl_user_password_history` (
  `id` bigint(10) NOT NULL AUTO_INCREMENT,
  `userid` bigint(10) NOT NULL,
  `hash` varchar(255) NOT NULL DEFAULT '',
  `timecreated` bigint(10) NOT NULL,
  PRIMARY KEY (`id`),
  KEY `mdl_userpasshist_use_ix` (`userid`)
) ENGINE=InnoDB DEFAULT CHARSET=utf8 COMMENT='A rotating log of hashes of previously used passwords for ea';

--
-- Dumping data for table `mdl_user_password_history`
--


--
-- Table structure for table `mdl_user_password_resets`
--

CREATE TABLE `mdl_user_password_resets` (
  `id` bigint(10) NOT NULL AUTO_INCREMENT,
  `userid` bigint(10) NOT NULL,
  `timerequested` bigint(10) NOT NULL,
  `timererequested` bigint(10) NOT NULL DEFAULT '0',
  `token` varchar(32) NOT NULL DEFAULT '',
  PRIMARY KEY (`id`),
  KEY `mdl_userpassrese_use_ix` (`userid`)
) ENGINE=InnoDB DEFAULT CHARSET=utf8 COMMENT='table tracking password reset confirmation tokens';

--
-- Dumping data for table `mdl_user_password_resets`
--


--
-- Table structure for table `mdl_user_preferences`
--

CREATE TABLE `mdl_user_preferences` (
  `id` bigint(10) NOT NULL AUTO_INCREMENT,
  `userid` bigint(10) NOT NULL DEFAULT '0',
  `name` varchar(255) NOT NULL DEFAULT '',
  `value` varchar(1333) NOT NULL DEFAULT '',
  PRIMARY KEY (`id`),
  UNIQUE KEY `mdl_userpref_usenam_uix` (`userid`,`name`)
) ENGINE=InnoDB AUTO_INCREMENT=49 DEFAULT CHARSET=utf8 COMMENT='Allows modules to store arbitrary user preferences';

--
-- Dumping data for table `mdl_user_preferences`
--

INSERT INTO `mdl_user_preferences` VALUES (1,2,'auth_manual_passwordupdatetime','1446690117'),(2,2,'email_bounce_count','0'),(3,2,'email_send_count','9'),(4,2,'filepicker_recentrepository','4'),(5,2,'filepicker_recentlicense','allrightsreserved'),(6,2,'admin_bookmarks','tooluploadcourse'),(7,3,'auth_forcepasswordchange','0'),(8,3,'email_bounce_count','1'),(9,3,'email_send_count','1'),(10,2,'login_failed_count_since_success','2'),(15,5,'email_bounce_count','1'),(16,5,'email_send_count','10'),(18,6,'email_bounce_count','1'),(19,6,'email_send_count','10'),(20,5,'auth_manual_passwordupdatetime','1447373304'),(21,2,'userselector_preserveselected','0'),(22,2,'userselector_autoselectunique','0'),(23,2,'userselector_searchanywhere','0'),(24,6,'auth_manual_passwordupdatetime','1447889993'),(25,7,'auth_forcepasswordchange','1'),(26,7,'email_bounce_count','1'),(27,7,'email_send_count','2'),(28,6,'login_failed_count_since_success','1'),(30,8,'email_bounce_count','1'),(31,8,'email_send_count','2'),(32,9,'auth_forcepasswordchange','1'),(33,9,'email_bounce_count','1'),(34,9,'email_send_count','2'),(35,8,'auth_manual_passwordupdatetime','1448594745'),(36,5,'login_failed_count_since_success','1'),(37,5,'block285hidden','1'),(38,5,'docked_block_instance_4','0'),(39,5,'docked_block_instance_285','0'),(40,5,'docked_block_instance_290','0'),(41,5,'docked_block_instance_292','0'),(42,5,'docked_block_instance_282','0'),(43,5,'docked_block_instance_287','0'),(45,10,'email_bounce_count','1'),(46,10,'email_send_count','5'),(47,10,'auth_manual_passwordupdatetime','1449104034'),(48,10,'login_failed_count_since_success','1');

--
-- Table structure for table `mdl_user_private_key`
--

CREATE TABLE `mdl_user_private_key` (
  `id` bigint(10) NOT NULL AUTO_INCREMENT,
  `script` varchar(128) NOT NULL DEFAULT '',
  `value` varchar(128) NOT NULL DEFAULT '',
  `userid` bigint(10) NOT NULL,
  `instance` bigint(10) DEFAULT NULL,
  `iprestriction` varchar(255) DEFAULT NULL,
  `validuntil` bigint(10) DEFAULT NULL,
  `timecreated` bigint(10) DEFAULT NULL,
  PRIMARY KEY (`id`),
  KEY `mdl_userprivkey_scrval_ix` (`script`,`value`),
  KEY `mdl_userprivkey_use_ix` (`userid`)
) ENGINE=InnoDB DEFAULT CHARSET=utf8 COMMENT='access keys used in cookieless scripts - rss, etc.';

--
-- Dumping data for table `mdl_user_private_key`
--


--
-- Table structure for table `mdl_webdav_locks`
--

CREATE TABLE `mdl_webdav_locks` (
  `id` bigint(10) NOT NULL AUTO_INCREMENT,
  `token` varchar(255) NOT NULL DEFAULT '',
  `path` varchar(255) NOT NULL DEFAULT '',
  `expiry` bigint(10) NOT NULL DEFAULT '0',
  `userid` bigint(10) NOT NULL DEFAULT '0',
  `recursive` tinyint(1) NOT NULL DEFAULT '0',
  `exclusivelock` tinyint(1) NOT NULL DEFAULT '0',
  `created` bigint(10) NOT NULL DEFAULT '0',
  `modified` bigint(10) NOT NULL DEFAULT '0',
  `owner` varchar(255) DEFAULT NULL,
  PRIMARY KEY (`id`),
  UNIQUE KEY `mdl_webdlock_tok_uix` (`token`),
  KEY `mdl_webdlock_pat_ix` (`path`),
  KEY `mdl_webdlock_exp_ix` (`expiry`)
) ENGINE=InnoDB DEFAULT CHARSET=utf8 COMMENT='Resource locks for WebDAV users';

--
-- Dumping data for table `mdl_webdav_locks`
--


--
-- Table structure for table `mdl_wiki`
--

CREATE TABLE `mdl_wiki` (
  `id` bigint(10) NOT NULL AUTO_INCREMENT,
  `course` bigint(10) NOT NULL DEFAULT '0',
  `name` varchar(255) NOT NULL DEFAULT 'Wiki',
  `intro` longtext,
  `introformat` smallint(4) NOT NULL DEFAULT '0',
  `timecreated` bigint(10) NOT NULL DEFAULT '0',
  `timemodified` bigint(10) NOT NULL DEFAULT '0',
  `firstpagetitle` varchar(255) NOT NULL DEFAULT 'First Page',
  `wikimode` varchar(20) NOT NULL DEFAULT 'collaborative',
  `defaultformat` varchar(20) NOT NULL DEFAULT 'creole',
  `forceformat` tinyint(1) NOT NULL DEFAULT '1',
  `editbegin` bigint(10) NOT NULL DEFAULT '0',
  `editend` bigint(10) DEFAULT '0',
  PRIMARY KEY (`id`),
  KEY `mdl_wiki_cou_ix` (`course`)
) ENGINE=InnoDB DEFAULT CHARSET=utf8 COMMENT='Stores Wiki activity configuration';

--
-- Dumping data for table `mdl_wiki`
--


--
-- Table structure for table `mdl_wiki_links`
--

CREATE TABLE `mdl_wiki_links` (
  `id` bigint(10) NOT NULL AUTO_INCREMENT,
  `subwikiid` bigint(10) NOT NULL DEFAULT '0',
  `frompageid` bigint(10) NOT NULL DEFAULT '0',
  `topageid` bigint(10) NOT NULL DEFAULT '0',
  `tomissingpage` varchar(255) DEFAULT NULL,
  PRIMARY KEY (`id`),
  KEY `mdl_wikilink_fro_ix` (`frompageid`),
  KEY `mdl_wikilink_sub_ix` (`subwikiid`)
) ENGINE=InnoDB DEFAULT CHARSET=utf8 COMMENT='Page wiki links';

--
-- Dumping data for table `mdl_wiki_links`
--


--
-- Table structure for table `mdl_wiki_locks`
--

CREATE TABLE `mdl_wiki_locks` (
  `id` bigint(10) NOT NULL AUTO_INCREMENT,
  `pageid` bigint(10) NOT NULL DEFAULT '0',
  `sectionname` varchar(255) DEFAULT NULL,
  `userid` bigint(10) NOT NULL DEFAULT '0',
  `lockedat` bigint(10) NOT NULL DEFAULT '0',
  PRIMARY KEY (`id`)
) ENGINE=InnoDB DEFAULT CHARSET=utf8 COMMENT='Manages page locks';

--
-- Dumping data for table `mdl_wiki_locks`
--


--
-- Table structure for table `mdl_wiki_pages`
--

CREATE TABLE `mdl_wiki_pages` (
  `id` bigint(10) NOT NULL AUTO_INCREMENT,
  `subwikiid` bigint(10) NOT NULL DEFAULT '0',
  `title` varchar(255) NOT NULL DEFAULT 'title',
  `cachedcontent` longtext NOT NULL,
  `timecreated` bigint(10) NOT NULL DEFAULT '0',
  `timemodified` bigint(10) NOT NULL DEFAULT '0',
  `timerendered` bigint(10) NOT NULL DEFAULT '0',
  `userid` bigint(10) NOT NULL DEFAULT '0',
  `pageviews` bigint(10) NOT NULL DEFAULT '0',
  `readonly` tinyint(1) NOT NULL DEFAULT '0',
  PRIMARY KEY (`id`),
  UNIQUE KEY `mdl_wikipage_subtituse_uix` (`subwikiid`,`title`,`userid`),
  KEY `mdl_wikipage_sub_ix` (`subwikiid`)
) ENGINE=InnoDB DEFAULT CHARSET=utf8 COMMENT='Stores wiki pages';

--
-- Dumping data for table `mdl_wiki_pages`
--


--
-- Table structure for table `mdl_wiki_subwikis`
--

CREATE TABLE `mdl_wiki_subwikis` (
  `id` bigint(10) NOT NULL AUTO_INCREMENT,
  `wikiid` bigint(10) NOT NULL DEFAULT '0',
  `groupid` bigint(10) NOT NULL DEFAULT '0',
  `userid` bigint(10) NOT NULL DEFAULT '0',
  PRIMARY KEY (`id`),
  UNIQUE KEY `mdl_wikisubw_wikgrouse_uix` (`wikiid`,`groupid`,`userid`),
  KEY `mdl_wikisubw_wik_ix` (`wikiid`)
) ENGINE=InnoDB DEFAULT CHARSET=utf8 COMMENT='Stores subwiki instances';

--
-- Dumping data for table `mdl_wiki_subwikis`
--


--
-- Table structure for table `mdl_wiki_synonyms`
--

CREATE TABLE `mdl_wiki_synonyms` (
  `id` bigint(10) NOT NULL AUTO_INCREMENT,
  `subwikiid` bigint(10) NOT NULL DEFAULT '0',
  `pageid` bigint(10) NOT NULL DEFAULT '0',
  `pagesynonym` varchar(255) NOT NULL DEFAULT 'Pagesynonym',
  PRIMARY KEY (`id`),
  UNIQUE KEY `mdl_wikisyno_pagpag_uix` (`pageid`,`pagesynonym`)
) ENGINE=InnoDB DEFAULT CHARSET=utf8 COMMENT='Stores wiki pages synonyms';

--
-- Dumping data for table `mdl_wiki_synonyms`
--


--
-- Table structure for table `mdl_wiki_versions`
--

CREATE TABLE `mdl_wiki_versions` (
  `id` bigint(10) NOT NULL AUTO_INCREMENT,
  `pageid` bigint(10) NOT NULL DEFAULT '0',
  `content` longtext NOT NULL,
  `contentformat` varchar(20) NOT NULL DEFAULT 'creole',
  `version` mediumint(5) NOT NULL DEFAULT '0',
  `timecreated` bigint(10) NOT NULL DEFAULT '0',
  `userid` bigint(10) NOT NULL DEFAULT '0',
  PRIMARY KEY (`id`),
  KEY `mdl_wikivers_pag_ix` (`pageid`)
) ENGINE=InnoDB DEFAULT CHARSET=utf8 COMMENT='Stores wiki page history';

--
-- Dumping data for table `mdl_wiki_versions`
--


--
-- Table structure for table `mdl_workshop`
--

CREATE TABLE `mdl_workshop` (
  `id` bigint(10) NOT NULL AUTO_INCREMENT,
  `course` bigint(10) NOT NULL,
  `name` varchar(255) NOT NULL DEFAULT '',
  `intro` longtext,
  `introformat` smallint(3) NOT NULL DEFAULT '0',
  `instructauthors` longtext,
  `instructauthorsformat` smallint(3) NOT NULL DEFAULT '0',
  `instructreviewers` longtext,
  `instructreviewersformat` smallint(3) NOT NULL DEFAULT '0',
  `timemodified` bigint(10) NOT NULL,
  `phase` smallint(3) DEFAULT '0',
  `useexamples` tinyint(2) DEFAULT '0',
  `usepeerassessment` tinyint(2) DEFAULT '0',
  `useselfassessment` tinyint(2) DEFAULT '0',
  `grade` decimal(10,5) DEFAULT '80.00000',
  `gradinggrade` decimal(10,5) DEFAULT '20.00000',
  `strategy` varchar(30) NOT NULL DEFAULT '',
  `evaluation` varchar(30) NOT NULL DEFAULT '',
  `gradedecimals` smallint(3) DEFAULT '0',
  `nattachments` smallint(3) DEFAULT '0',
  `latesubmissions` tinyint(2) DEFAULT '0',
  `maxbytes` bigint(10) DEFAULT '100000',
  `examplesmode` smallint(3) DEFAULT '0',
  `submissionstart` bigint(10) DEFAULT '0',
  `submissionend` bigint(10) DEFAULT '0',
  `assessmentstart` bigint(10) DEFAULT '0',
  `assessmentend` bigint(10) DEFAULT '0',
  `phaseswitchassessment` tinyint(2) NOT NULL DEFAULT '0',
  `conclusion` longtext,
  `conclusionformat` smallint(3) NOT NULL DEFAULT '1',
  `overallfeedbackmode` smallint(3) DEFAULT '1',
  `overallfeedbackfiles` smallint(3) DEFAULT '0',
  `overallfeedbackmaxbytes` bigint(10) DEFAULT '100000',
  PRIMARY KEY (`id`),
  KEY `mdl_work_cou_ix` (`course`)
) ENGINE=InnoDB DEFAULT CHARSET=utf8 COMMENT='This table keeps information about the module instances and ';

--
-- Dumping data for table `mdl_workshop`
--


--
-- Table structure for table `mdl_workshop_aggregations`
--

CREATE TABLE `mdl_workshop_aggregations` (
  `id` bigint(10) NOT NULL AUTO_INCREMENT,
  `workshopid` bigint(10) NOT NULL,
  `userid` bigint(10) NOT NULL,
  `gradinggrade` decimal(10,5) DEFAULT NULL,
  `timegraded` bigint(10) DEFAULT NULL,
  PRIMARY KEY (`id`),
  UNIQUE KEY `mdl_workaggr_woruse_uix` (`workshopid`,`userid`),
  KEY `mdl_workaggr_wor_ix` (`workshopid`),
  KEY `mdl_workaggr_use_ix` (`userid`)
) ENGINE=InnoDB DEFAULT CHARSET=utf8 COMMENT='Aggregated grades for assessment are stored here. The aggreg';

--
-- Dumping data for table `mdl_workshop_aggregations`
--


--
-- Table structure for table `mdl_workshop_assessments`
--

CREATE TABLE `mdl_workshop_assessments` (
  `id` bigint(10) NOT NULL AUTO_INCREMENT,
  `submissionid` bigint(10) NOT NULL,
  `reviewerid` bigint(10) NOT NULL,
  `weight` bigint(10) NOT NULL DEFAULT '1',
  `timecreated` bigint(10) DEFAULT '0',
  `timemodified` bigint(10) DEFAULT '0',
  `grade` decimal(10,5) DEFAULT NULL,
  `gradinggrade` decimal(10,5) DEFAULT NULL,
  `gradinggradeover` decimal(10,5) DEFAULT NULL,
  `gradinggradeoverby` bigint(10) DEFAULT NULL,
  `feedbackauthor` longtext,
  `feedbackauthorformat` smallint(3) DEFAULT '0',
  `feedbackauthorattachment` smallint(3) DEFAULT '0',
  `feedbackreviewer` longtext,
  `feedbackreviewerformat` smallint(3) DEFAULT '0',
  PRIMARY KEY (`id`),
  KEY `mdl_workasse_sub_ix` (`submissionid`),
  KEY `mdl_workasse_gra_ix` (`gradinggradeoverby`),
  KEY `mdl_workasse_rev_ix` (`reviewerid`)
) ENGINE=InnoDB DEFAULT CHARSET=utf8 COMMENT='Info about the made assessment and automatically calculated ';

--
-- Dumping data for table `mdl_workshop_assessments`
--


--
-- Table structure for table `mdl_workshop_assessments_old`
--

CREATE TABLE `mdl_workshop_assessments_old` (
  `id` bigint(10) NOT NULL AUTO_INCREMENT,
  `workshopid` bigint(10) NOT NULL DEFAULT '0',
  `submissionid` bigint(10) NOT NULL DEFAULT '0',
  `userid` bigint(10) NOT NULL DEFAULT '0',
  `timecreated` bigint(10) NOT NULL DEFAULT '0',
  `timegraded` bigint(10) NOT NULL DEFAULT '0',
  `timeagreed` bigint(10) NOT NULL DEFAULT '0',
  `grade` double NOT NULL DEFAULT '0',
  `gradinggrade` smallint(3) NOT NULL DEFAULT '0',
  `teachergraded` smallint(3) NOT NULL DEFAULT '0',
  `mailed` smallint(3) NOT NULL DEFAULT '0',
  `resubmission` smallint(3) NOT NULL DEFAULT '0',
  `donotuse` smallint(3) NOT NULL DEFAULT '0',
  `generalcomment` longtext,
  `teachercomment` longtext,
  `newplugin` varchar(28) DEFAULT NULL,
  `newid` bigint(10) DEFAULT NULL,
  PRIMARY KEY (`id`),
  KEY `mdl_workasseold_use_ix` (`userid`),
  KEY `mdl_workasseold_mai_ix` (`mailed`),
  KEY `mdl_workasseold_wor_ix` (`workshopid`),
  KEY `mdl_workasseold_sub_ix` (`submissionid`)
) ENGINE=InnoDB DEFAULT CHARSET=utf8 COMMENT='Legacy workshop_assessments table to be dropped later in Moo';

--
-- Dumping data for table `mdl_workshop_assessments_old`
--


--
-- Table structure for table `mdl_workshop_comments_old`
--

CREATE TABLE `mdl_workshop_comments_old` (
  `id` bigint(10) NOT NULL AUTO_INCREMENT,
  `workshopid` bigint(10) NOT NULL DEFAULT '0',
  `assessmentid` bigint(10) NOT NULL DEFAULT '0',
  `userid` bigint(10) NOT NULL DEFAULT '0',
  `timecreated` bigint(10) NOT NULL DEFAULT '0',
  `mailed` tinyint(2) NOT NULL DEFAULT '0',
  `comments` longtext NOT NULL,
  `newplugin` varchar(28) DEFAULT NULL,
  `newid` bigint(10) DEFAULT NULL,
  PRIMARY KEY (`id`),
  KEY `mdl_workcommold_use_ix` (`userid`),
  KEY `mdl_workcommold_mai_ix` (`mailed`),
  KEY `mdl_workcommold_wor_ix` (`workshopid`),
  KEY `mdl_workcommold_ass_ix` (`assessmentid`)
) ENGINE=InnoDB DEFAULT CHARSET=utf8 COMMENT='Legacy workshop_comments table to be dropped later in Moodle';

--
-- Dumping data for table `mdl_workshop_comments_old`
--


--
-- Table structure for table `mdl_workshop_elements_old`
--

CREATE TABLE `mdl_workshop_elements_old` (
  `id` bigint(10) NOT NULL AUTO_INCREMENT,
  `workshopid` bigint(10) NOT NULL DEFAULT '0',
  `elementno` smallint(3) NOT NULL DEFAULT '0',
  `description` longtext NOT NULL,
  `scale` smallint(3) NOT NULL DEFAULT '0',
  `maxscore` smallint(3) NOT NULL DEFAULT '1',
  `weight` smallint(3) NOT NULL DEFAULT '11',
  `stddev` double NOT NULL DEFAULT '0',
  `totalassessments` bigint(10) NOT NULL DEFAULT '0',
  `newplugin` varchar(28) DEFAULT NULL,
  `newid` bigint(10) DEFAULT NULL,
  PRIMARY KEY (`id`),
  KEY `mdl_workelemold_wor_ix` (`workshopid`)
) ENGINE=InnoDB DEFAULT CHARSET=utf8 COMMENT='Legacy workshop_elements table to be dropped later in Moodle';

--
-- Dumping data for table `mdl_workshop_elements_old`
--


--
-- Table structure for table `mdl_workshop_grades`
--

CREATE TABLE `mdl_workshop_grades` (
  `id` bigint(10) NOT NULL AUTO_INCREMENT,
  `assessmentid` bigint(10) NOT NULL,
  `strategy` varchar(30) NOT NULL DEFAULT '',
  `dimensionid` bigint(10) NOT NULL,
  `grade` decimal(10,5) NOT NULL,
  `peercomment` longtext,
  `peercommentformat` smallint(3) DEFAULT '0',
  PRIMARY KEY (`id`),
  UNIQUE KEY `mdl_workgrad_assstrdim_uix` (`assessmentid`,`strategy`,`dimensionid`),
  KEY `mdl_workgrad_ass_ix` (`assessmentid`)
) ENGINE=InnoDB DEFAULT CHARSET=utf8 COMMENT='How the reviewers filled-up the grading forms, given grades ';

--
-- Dumping data for table `mdl_workshop_grades`
--


--
-- Table structure for table `mdl_workshop_grades_old`
--

CREATE TABLE `mdl_workshop_grades_old` (
  `id` bigint(10) NOT NULL AUTO_INCREMENT,
  `workshopid` bigint(10) NOT NULL DEFAULT '0',
  `assessmentid` bigint(10) NOT NULL DEFAULT '0',
  `elementno` bigint(10) NOT NULL DEFAULT '0',
  `feedback` longtext NOT NULL,
  `grade` smallint(3) NOT NULL DEFAULT '0',
  `newplugin` varchar(28) DEFAULT NULL,
  `newid` bigint(10) DEFAULT NULL,
  PRIMARY KEY (`id`),
  KEY `mdl_workgradold_wor_ix` (`workshopid`),
  KEY `mdl_workgradold_ass_ix` (`assessmentid`)
) ENGINE=InnoDB DEFAULT CHARSET=utf8 COMMENT='Legacy workshop_grades table to be dropped later in Moodle 2';

--
-- Dumping data for table `mdl_workshop_grades_old`
--


--
-- Table structure for table `mdl_workshop_old`
--

CREATE TABLE `mdl_workshop_old` (
  `id` bigint(10) NOT NULL AUTO_INCREMENT,
  `course` bigint(10) NOT NULL DEFAULT '0',
  `name` varchar(255) NOT NULL DEFAULT '',
  `description` longtext NOT NULL,
  `wtype` smallint(3) NOT NULL DEFAULT '0',
  `nelements` smallint(3) NOT NULL DEFAULT '1',
  `nattachments` smallint(3) NOT NULL DEFAULT '0',
  `phase` tinyint(2) NOT NULL DEFAULT '0',
  `format` tinyint(2) NOT NULL DEFAULT '0',
  `gradingstrategy` tinyint(2) NOT NULL DEFAULT '1',
  `resubmit` tinyint(2) NOT NULL DEFAULT '0',
  `agreeassessments` tinyint(2) NOT NULL DEFAULT '0',
  `hidegrades` tinyint(2) NOT NULL DEFAULT '0',
  `anonymous` tinyint(2) NOT NULL DEFAULT '0',
  `includeself` tinyint(2) NOT NULL DEFAULT '0',
  `maxbytes` bigint(10) NOT NULL DEFAULT '100000',
  `submissionstart` bigint(10) NOT NULL DEFAULT '0',
  `assessmentstart` bigint(10) NOT NULL DEFAULT '0',
  `submissionend` bigint(10) NOT NULL DEFAULT '0',
  `assessmentend` bigint(10) NOT NULL DEFAULT '0',
  `releasegrades` bigint(10) NOT NULL DEFAULT '0',
  `grade` smallint(3) NOT NULL DEFAULT '0',
  `gradinggrade` smallint(3) NOT NULL DEFAULT '0',
  `ntassessments` smallint(3) NOT NULL DEFAULT '0',
  `assessmentcomps` smallint(3) NOT NULL DEFAULT '2',
  `nsassessments` smallint(3) NOT NULL DEFAULT '0',
  `overallocation` smallint(3) NOT NULL DEFAULT '0',
  `timemodified` bigint(10) NOT NULL DEFAULT '0',
  `teacherweight` smallint(3) NOT NULL DEFAULT '1',
  `showleaguetable` smallint(3) NOT NULL DEFAULT '0',
  `usepassword` smallint(3) NOT NULL DEFAULT '0',
  `password` varchar(32) NOT NULL DEFAULT '',
  `newplugin` varchar(28) DEFAULT NULL,
  `newid` bigint(10) DEFAULT NULL,
  PRIMARY KEY (`id`),
  KEY `mdl_workold_cou_ix` (`course`)
) ENGINE=InnoDB DEFAULT CHARSET=utf8 COMMENT='Legacy workshop table to be dropped later in Moodle 2.x';

--
-- Dumping data for table `mdl_workshop_old`
--


--
-- Table structure for table `mdl_workshop_rubrics_old`
--

CREATE TABLE `mdl_workshop_rubrics_old` (
  `id` bigint(10) NOT NULL AUTO_INCREMENT,
  `workshopid` bigint(10) NOT NULL DEFAULT '0',
  `elementno` bigint(10) NOT NULL DEFAULT '0',
  `rubricno` smallint(3) NOT NULL DEFAULT '0',
  `description` longtext NOT NULL,
  `newplugin` varchar(28) DEFAULT NULL,
  `newid` bigint(10) DEFAULT NULL,
  PRIMARY KEY (`id`),
  KEY `mdl_workrubrold_wor_ix` (`workshopid`)
) ENGINE=InnoDB DEFAULT CHARSET=utf8 COMMENT='Legacy workshop_rubrics table to be dropped later in Moodle ';

--
-- Dumping data for table `mdl_workshop_rubrics_old`
--


--
-- Table structure for table `mdl_workshop_stockcomments_old`
--

CREATE TABLE `mdl_workshop_stockcomments_old` (
  `id` bigint(10) NOT NULL AUTO_INCREMENT,
  `workshopid` bigint(10) NOT NULL DEFAULT '0',
  `elementno` bigint(10) NOT NULL DEFAULT '0',
  `comments` longtext NOT NULL,
  `newplugin` varchar(28) DEFAULT NULL,
  `newid` bigint(10) DEFAULT NULL,
  PRIMARY KEY (`id`),
  KEY `mdl_workstocold_wor_ix` (`workshopid`)
) ENGINE=InnoDB DEFAULT CHARSET=utf8 COMMENT='Legacy workshop_stockcomments table to be dropped later in M';

--
-- Dumping data for table `mdl_workshop_stockcomments_old`
--


--
-- Table structure for table `mdl_workshop_submissions`
--

CREATE TABLE `mdl_workshop_submissions` (
  `id` bigint(10) NOT NULL AUTO_INCREMENT,
  `workshopid` bigint(10) NOT NULL,
  `example` tinyint(2) DEFAULT '0',
  `authorid` bigint(10) NOT NULL,
  `timecreated` bigint(10) NOT NULL,
  `timemodified` bigint(10) NOT NULL,
  `title` varchar(255) NOT NULL DEFAULT '',
  `content` longtext,
  `contentformat` smallint(3) NOT NULL DEFAULT '0',
  `contenttrust` smallint(3) NOT NULL DEFAULT '0',
  `attachment` tinyint(2) DEFAULT '0',
  `grade` decimal(10,5) DEFAULT NULL,
  `gradeover` decimal(10,5) DEFAULT NULL,
  `gradeoverby` bigint(10) DEFAULT NULL,
  `feedbackauthor` longtext,
  `feedbackauthorformat` smallint(3) DEFAULT '0',
  `timegraded` bigint(10) DEFAULT NULL,
  `published` tinyint(2) DEFAULT '0',
  `late` tinyint(2) NOT NULL DEFAULT '0',
  PRIMARY KEY (`id`),
  KEY `mdl_worksubm_wor_ix` (`workshopid`),
  KEY `mdl_worksubm_gra_ix` (`gradeoverby`),
  KEY `mdl_worksubm_aut_ix` (`authorid`)
) ENGINE=InnoDB DEFAULT CHARSET=utf8 COMMENT='Info about the submission and the aggregation of the grade f';

--
-- Dumping data for table `mdl_workshop_submissions`
--


--
-- Table structure for table `mdl_workshop_submissions_old`
--

CREATE TABLE `mdl_workshop_submissions_old` (
  `id` bigint(10) NOT NULL AUTO_INCREMENT,
  `workshopid` bigint(10) NOT NULL DEFAULT '0',
  `userid` bigint(10) NOT NULL DEFAULT '0',
  `title` varchar(100) NOT NULL DEFAULT '',
  `timecreated` bigint(10) NOT NULL DEFAULT '0',
  `mailed` tinyint(2) NOT NULL DEFAULT '0',
  `description` longtext NOT NULL,
  `gradinggrade` smallint(3) NOT NULL DEFAULT '0',
  `finalgrade` smallint(3) NOT NULL DEFAULT '0',
  `late` smallint(3) NOT NULL DEFAULT '0',
  `nassessments` bigint(10) NOT NULL DEFAULT '0',
  `newplugin` varchar(28) DEFAULT NULL,
  `newid` bigint(10) DEFAULT NULL,
  PRIMARY KEY (`id`),
  KEY `mdl_worksubmold_use_ix` (`userid`),
  KEY `mdl_worksubmold_mai_ix` (`mailed`),
  KEY `mdl_worksubmold_wor_ix` (`workshopid`)
) ENGINE=InnoDB DEFAULT CHARSET=utf8 COMMENT='Legacy workshop_submissions table to be dropped later in Moo';

--
-- Dumping data for table `mdl_workshop_submissions_old`
--


--
-- Table structure for table `mdl_workshopallocation_scheduled`
--

CREATE TABLE `mdl_workshopallocation_scheduled` (
  `id` bigint(10) NOT NULL AUTO_INCREMENT,
  `workshopid` bigint(10) NOT NULL,
  `enabled` tinyint(2) NOT NULL DEFAULT '0',
  `submissionend` bigint(10) NOT NULL,
  `timeallocated` bigint(10) DEFAULT NULL,
  `settings` longtext,
  `resultstatus` bigint(10) DEFAULT NULL,
  `resultmessage` varchar(1333) DEFAULT NULL,
  `resultlog` longtext,
  PRIMARY KEY (`id`),
  UNIQUE KEY `mdl_worksche_wor_uix` (`workshopid`)
) ENGINE=InnoDB DEFAULT CHARSET=utf8 COMMENT='Stores the allocation settings for the scheduled allocator';

--
-- Dumping data for table `mdl_workshopallocation_scheduled`
--


--
-- Table structure for table `mdl_workshopeval_best_settings`
--

CREATE TABLE `mdl_workshopeval_best_settings` (
  `id` bigint(10) NOT NULL AUTO_INCREMENT,
  `workshopid` bigint(10) NOT NULL,
  `comparison` smallint(3) DEFAULT '5',
  PRIMARY KEY (`id`),
  UNIQUE KEY `mdl_workbestsett_wor_uix` (`workshopid`)
) ENGINE=InnoDB DEFAULT CHARSET=utf8 COMMENT='Settings for the grading evaluation subplugin Comparison wit';

--
-- Dumping data for table `mdl_workshopeval_best_settings`
--


--
-- Table structure for table `mdl_workshopform_accumulative`
--

CREATE TABLE `mdl_workshopform_accumulative` (
  `id` bigint(10) NOT NULL AUTO_INCREMENT,
  `workshopid` bigint(10) NOT NULL,
  `sort` bigint(10) DEFAULT '0',
  `description` longtext,
  `descriptionformat` smallint(3) DEFAULT '0',
  `grade` bigint(10) NOT NULL,
  `weight` mediumint(5) DEFAULT '1',
  PRIMARY KEY (`id`),
  KEY `mdl_workaccu_wor_ix` (`workshopid`)
) ENGINE=InnoDB DEFAULT CHARSET=utf8 COMMENT='The assessment dimensions definitions of Accumulative gradin';

--
-- Dumping data for table `mdl_workshopform_accumulative`
--


--
-- Table structure for table `mdl_workshopform_comments`
--

CREATE TABLE `mdl_workshopform_comments` (
  `id` bigint(10) NOT NULL AUTO_INCREMENT,
  `workshopid` bigint(10) NOT NULL,
  `sort` bigint(10) DEFAULT '0',
  `description` longtext,
  `descriptionformat` smallint(3) DEFAULT '0',
  PRIMARY KEY (`id`),
  KEY `mdl_workcomm_wor_ix` (`workshopid`)
) ENGINE=InnoDB DEFAULT CHARSET=utf8 COMMENT='The assessment dimensions definitions of Comments strategy f';

--
-- Dumping data for table `mdl_workshopform_comments`
--


--
-- Table structure for table `mdl_workshopform_numerrors`
--

CREATE TABLE `mdl_workshopform_numerrors` (
  `id` bigint(10) NOT NULL AUTO_INCREMENT,
  `workshopid` bigint(10) NOT NULL,
  `sort` bigint(10) DEFAULT '0',
  `description` longtext,
  `descriptionformat` smallint(3) DEFAULT '0',
  `descriptiontrust` bigint(10) DEFAULT NULL,
  `grade0` varchar(50) DEFAULT NULL,
  `grade1` varchar(50) DEFAULT NULL,
  `weight` mediumint(5) DEFAULT '1',
  PRIMARY KEY (`id`),
  KEY `mdl_worknume_wor_ix` (`workshopid`)
) ENGINE=InnoDB DEFAULT CHARSET=utf8 COMMENT='The assessment dimensions definitions of Number of errors gr';

--
-- Dumping data for table `mdl_workshopform_numerrors`
--


--
-- Table structure for table `mdl_workshopform_numerrors_map`
--

CREATE TABLE `mdl_workshopform_numerrors_map` (
  `id` bigint(10) NOT NULL AUTO_INCREMENT,
  `workshopid` bigint(10) NOT NULL,
  `nonegative` bigint(10) NOT NULL,
  `grade` decimal(10,5) NOT NULL,
  PRIMARY KEY (`id`),
  UNIQUE KEY `mdl_worknumemap_wornon_uix` (`workshopid`,`nonegative`),
  KEY `mdl_worknumemap_wor_ix` (`workshopid`)
) ENGINE=InnoDB DEFAULT CHARSET=utf8 COMMENT='This maps the number of errors to a percentual grade for sub';

--
-- Dumping data for table `mdl_workshopform_numerrors_map`
--


--
-- Table structure for table `mdl_workshopform_rubric`
--

CREATE TABLE `mdl_workshopform_rubric` (
  `id` bigint(10) NOT NULL AUTO_INCREMENT,
  `workshopid` bigint(10) NOT NULL,
  `sort` bigint(10) DEFAULT '0',
  `description` longtext,
  `descriptionformat` smallint(3) DEFAULT '0',
  PRIMARY KEY (`id`),
  KEY `mdl_workrubr_wor_ix` (`workshopid`)
) ENGINE=InnoDB DEFAULT CHARSET=utf8 COMMENT='The assessment dimensions definitions of Rubric grading stra';

--
-- Dumping data for table `mdl_workshopform_rubric`
--


--
-- Table structure for table `mdl_workshopform_rubric_config`
--

CREATE TABLE `mdl_workshopform_rubric_config` (
  `id` bigint(10) NOT NULL AUTO_INCREMENT,
  `workshopid` bigint(10) NOT NULL,
  `layout` varchar(30) DEFAULT 'list',
  PRIMARY KEY (`id`),
  UNIQUE KEY `mdl_workrubrconf_wor_uix` (`workshopid`)
) ENGINE=InnoDB DEFAULT CHARSET=utf8 COMMENT='Configuration table for the Rubric grading strategy';

--
-- Dumping data for table `mdl_workshopform_rubric_config`
--


--
-- Table structure for table `mdl_workshopform_rubric_levels`
--

CREATE TABLE `mdl_workshopform_rubric_levels` (
  `id` bigint(10) NOT NULL AUTO_INCREMENT,
  `dimensionid` bigint(10) NOT NULL,
  `grade` decimal(10,5) NOT NULL,
  `definition` longtext,
  `definitionformat` smallint(3) DEFAULT '0',
  PRIMARY KEY (`id`),
  KEY `mdl_workrubrleve_dim_ix` (`dimensionid`)
) ENGINE=InnoDB DEFAULT CHARSET=utf8 COMMENT='The definition of rubric rating scales';

--
-- Dumping data for table `mdl_workshopform_rubric_levels`
--



